54.37.254.218 - - [11/Oct/2025:21:07:53 +0300] "GET /greatest-you-online-casino-bonuses-casino-extra-codes-2025/feed/ HTTP/1.1" 200 1502 "-" "Mozilla/5.0 (compatible; MJ12bot/v1.4.8; http://mj12bot.com/)"
54.37.254.218 - - [11/Oct/2025:21:07:53 +0300] "GET /greatest-you-online-casino-bonuses-casino-extra-codes-2025/feed/ HTTP/1.1" 200 1502 "-" "Mozilla/5.0 (compatible; MJ12bot/v1.4.8; http://mj12bot.com/)"
51.195.215.113 - - [11/Oct/2025:21:07:56 +0300] "GET /136315925 HTTP/2.0" 404 55501 "-" "Mozilla/5.0 (compatible; AhrefsBot/7.0; +http://ahrefs.com/robot/)"
54.37.254.218 - - [11/Oct/2025:21:07:56 +0300] "GET /harrahs-local-casino-remark-%E0%B8%84%E0%B8%B3%E0%B9%81%E0%B8%99%E0%B8%B0%E0%B8%99%E0%B8%B3%E0%B8%84%E0%B8%B2%E0%B8%AA%E0%B8%B4%E0%B9%82%E0%B8%99%E0%B8%AD%E0%B8%AD%E0%B8%99%E0%B9%84%E0%B8%A5/feed/ HTTP/1.1" 200 1804 "-" "Mozilla/5.0 (compatible; MJ12bot/v1.4.8; http://mj12bot.com/)"
54.37.254.218 - - [11/Oct/2025:21:07:56 +0300] "GET /harrahs-local-casino-remark-%E0%B8%84%E0%B8%B3%E0%B9%81%E0%B8%99%E0%B8%B0%E0%B8%99%E0%B8%B3%E0%B8%84%E0%B8%B2%E0%B8%AA%E0%B8%B4%E0%B9%82%E0%B8%99%E0%B8%AD%E0%B8%AD%E0%B8%99%E0%B9%84%E0%B8%A5/feed/ HTTP/1.1" 200 1804 "-" "Mozilla/5.0 (compatible; MJ12bot/v1.4.8; http://mj12bot.com/)"
54.37.254.218 - - [11/Oct/2025:21:07:59 +0300] "GET /how-to-withdraw-money-from-1xbet-can-get-2025/ HTTP/1.1" 200 64300 "-" "Mozilla/5.0 (compatible; MJ12bot/v1.4.8; http://mj12bot.com/)"
54.37.254.218 - - [11/Oct/2025:21:08:00 +0300] "GET /how-to-withdraw-money-from-1xbet-can-get-2025/ HTTP/1.1" 200 64300 "-" "Mozilla/5.0 (compatible; MJ12bot/v1.4.8; http://mj12bot.com/)"
66.249.65.100 - - [11/Oct/2025:21:07:58 +0300] "GET /?389956471 HTTP/1.1" 200 200512 "-" "Mozilla/5.0 (Linux; Android 6.0.1; Nexus 5X Build/MMB29P) AppleWebKit/537.36 (KHTML, like Gecko) Chrome/140.0.7339.207 Mobile Safari/537.36 (compatible; Googlebot/2.1; +http://www.google.com/bot.html)"
54.37.254.218 - - [11/Oct/2025:21:08:01 +0300] "GET /igra-klub-loterei-vdobavok-igornyy-dom-onlayn-v-kazakhstane/ HTTP/1.1" 200 67734 "-" "Mozilla/5.0 (compatible; MJ12bot/v1.4.8; http://mj12bot.com/)"
54.37.254.218 - - [11/Oct/2025:21:08:02 +0300] "GET /igra-klub-loterei-vdobavok-igornyy-dom-onlayn-v-kazakhstane/ HTTP/1.1" 200 67734 "-" "Mozilla/5.0 (compatible; MJ12bot/v1.4.8; http://mj12bot.com/)"
51.195.183.109 - - [11/Oct/2025:21:08:03 +0300] "GET /136167093 HTTP/2.0" 404 55501 "-" "Mozilla/5.0 (compatible; AhrefsBot/7.0; +http://ahrefs.com/robot/)"
54.37.254.218 - - [11/Oct/2025:21:08:04 +0300] "GET /igra-klub-ofitsialnyy-sayt-lotoclub-verbnoe-vdobavok-fiksatsiya/feed/ HTTP/1.1" 200 1555 "-" "Mozilla/5.0 (compatible; MJ12bot/v1.4.8; http://mj12bot.com/)"
54.37.254.218 - - [11/Oct/2025:21:08:05 +0300] "GET /igra-klub-ofitsialnyy-sayt-lotoclub-verbnoe-vdobavok-fiksatsiya/feed/ HTTP/1.1" 200 1555 "-" "Mozilla/5.0 (compatible; MJ12bot/v1.4.8; http://mj12bot.com/)"
54.37.254.218 - - [11/Oct/2025:21:08:07 +0300] "GET /igra-klub-vkhod-vozmite-dolzhnostnoy-sayt-lotoclub/ HTTP/1.1" 200 65270 "-" "Mozilla/5.0 (compatible; MJ12bot/v1.4.8; http://mj12bot.com/)"
54.37.254.218 - - [11/Oct/2025:21:08:08 +0300] "GET /igra-klub-vkhod-vozmite-dolzhnostnoy-sayt-lotoclub/ HTTP/1.1" 200 65270 "-" "Mozilla/5.0 (compatible; MJ12bot/v1.4.8; http://mj12bot.com/)"
54.37.254.218 - - [11/Oct/2025:21:08:10 +0300] "GET /internet-casino-real-cash-guide-greatest-apps-and-you-may-legal-says-within-the-2025/feed/ HTTP/1.1" 200 1572 "-" "Mozilla/5.0 (compatible; MJ12bot/v1.4.8; http://mj12bot.com/)"
54.37.254.218 - - [11/Oct/2025:21:08:11 +0300] "GET /internet-casino-real-cash-guide-greatest-apps-and-you-may-legal-says-within-the-2025/feed/ HTTP/1.1" 200 1572 "-" "Mozilla/5.0 (compatible; MJ12bot/v1.4.8; http://mj12bot.com/)"
54.37.254.218 - - [11/Oct/2025:21:08:14 +0300] "GET /istoriya-bakkara-1x-betua-com/ HTTP/1.1" 200 68864 "-" "Mozilla/5.0 (compatible; MJ12bot/v1.4.8; http://mj12bot.com/)"
54.37.254.218 - - [11/Oct/2025:21:08:14 +0300] "GET /istoriya-bakkara-1x-betua-com/ HTTP/1.1" 200 68864 "-" "Mozilla/5.0 (compatible; MJ12bot/v1.4.8; http://mj12bot.com/)"
51.195.244.8 - - [11/Oct/2025:21:08:15 +0300] "GET /135628127 HTTP/2.0" 404 55501 "-" "Mozilla/5.0 (compatible; AhrefsBot/7.0; +http://ahrefs.com/robot/)"
54.37.254.218 - - [11/Oct/2025:21:08:16 +0300] "GET /jackpot-urban-area-ontario-canada-official-online-casino-gaming/ HTTP/1.1" 200 65011 "-" "Mozilla/5.0 (compatible; MJ12bot/v1.4.8; http://mj12bot.com/)"
54.37.254.218 - - [11/Oct/2025:21:08:16 +0300] "GET /jackpot-urban-area-ontario-canada-official-online-casino-gaming/ HTTP/1.1" 200 65011 "-" "Mozilla/5.0 (compatible; MJ12bot/v1.4.8; http://mj12bot.com/)"
54.37.254.218 - - [11/Oct/2025:21:08:18 +0300] "GET /juwa-777-on-the-web-apk-v1-0-66-letoltes-android-es-apple-ios-rendszerre/feed/ HTTP/1.1" 200 1538 "-" "Mozilla/5.0 (compatible; MJ12bot/v1.4.8; http://mj12bot.com/)"
54.37.254.218 - - [11/Oct/2025:21:08:18 +0300] "GET /juwa-777-on-the-web-apk-v1-0-66-letoltes-android-es-apple-ios-rendszerre/feed/ HTTP/1.1" 200 1538 "-" "Mozilla/5.0 (compatible; MJ12bot/v1.4.8; http://mj12bot.com/)"
54.37.254.218 - - [11/Oct/2025:21:08:21 +0300] "GET /kasina-so-skutocnym-prijmom-v-spojenom-kralovstve-adresar-vsetkych-online-kasin-v-roku-2025/ HTTP/1.1" 200 65969 "-" "Mozilla/5.0 (compatible; MJ12bot/v1.4.8; http://mj12bot.com/)"
54.37.254.218 - - [11/Oct/2025:21:08:21 +0300] "GET /kasina-so-skutocnym-prijmom-v-spojenom-kralovstve-adresar-vsetkych-online-kasin-v-roku-2025/ HTTP/1.1" 200 65969 "-" "Mozilla/5.0 (compatible; MJ12bot/v1.4.8; http://mj12bot.com/)"
54.37.254.218 - - [11/Oct/2025:21:08:23 +0300] "GET /legjobb-casino-slot-gepek-a-15-eves-tapasztalatom-alapjan/feed/ HTTP/1.1" 200 1503 "-" "Mozilla/5.0 (compatible; MJ12bot/v1.4.8; http://mj12bot.com/)"
54.37.254.218 - - [11/Oct/2025:21:08:24 +0300] "GET /legjobb-casino-slot-gepek-a-15-eves-tapasztalatom-alapjan/feed/ HTTP/1.1" 200 1503 "-" "Mozilla/5.0 (compatible; MJ12bot/v1.4.8; http://mj12bot.com/)"
54.37.254.218 - - [11/Oct/2025:21:08:26 +0300] "GET /lepsia-online-hra-vo-velkej-britanii-a-tiez-poskytuje/feed/ HTTP/1.1" 200 1482 "-" "Mozilla/5.0 (compatible; MJ12bot/v1.4.8; http://mj12bot.com/)"
54.37.254.218 - - [11/Oct/2025:21:08:27 +0300] "GET /lepsia-online-hra-vo-velkej-britanii-a-tiez-poskytuje/feed/ HTTP/1.1" 200 1482 "-" "Mozilla/5.0 (compatible; MJ12bot/v1.4.8; http://mj12bot.com/)"
54.37.254.218 - - [11/Oct/2025:21:08:29 +0300] "GET /litsenzirovannaya-bukmekerskaya-aviakompaniya-1xbet-vo-kazakhstane/feed/ HTTP/1.1" 200 1565 "-" "Mozilla/5.0 (compatible; MJ12bot/v1.4.8; http://mj12bot.com/)"
54.37.254.218 - - [11/Oct/2025:21:08:30 +0300] "GET /litsenzirovannaya-bukmekerskaya-aviakompaniya-1xbet-vo-kazakhstane/feed/ HTTP/1.1" 200 1565 "-" "Mozilla/5.0 (compatible; MJ12bot/v1.4.8; http://mj12bot.com/)"
198.244.183.161 - - [11/Oct/2025:21:08:32 +0300] "GET /13203843 HTTP/2.0" 404 55501 "-" "Mozilla/5.0 (compatible; AhrefsBot/7.0; +http://ahrefs.com/robot/)"
66.249.65.100 - - [11/Oct/2025:21:08:31 +0300] "GET /3657831 HTTP/1.1" 200 204983 "-" "Mozilla/5.0 (Linux; Android 6.0.1; Nexus 5X Build/MMB29P) AppleWebKit/537.36 (KHTML, like Gecko) Chrome/140.0.7339.207 Mobile Safari/537.36 (compatible; Googlebot/2.1; +http://www.google.com/bot.html)"
54.37.254.218 - - [11/Oct/2025:21:08:32 +0300] "GET /live-local-casino-on-line-british-websites-finest-real-time-broker-casinos/feed/ HTTP/1.1" 200 1541 "-" "Mozilla/5.0 (compatible; MJ12bot/v1.4.8; http://mj12bot.com/)"
54.37.254.218 - - [11/Oct/2025:21:08:33 +0300] "GET /live-local-casino-on-line-british-websites-finest-real-time-broker-casinos/feed/ HTTP/1.1" 200 1541 "-" "Mozilla/5.0 (compatible; MJ12bot/v1.4.8; http://mj12bot.com/)"
54.37.254.218 - - [11/Oct/2025:21:08:35 +0300] "GET /lotereya-dialogovyy-fiksatsiya-a-eshche-verbnoe-v-lotoclub/ HTTP/1.1" 200 65879 "-" "Mozilla/5.0 (compatible; MJ12bot/v1.4.8; http://mj12bot.com/)"
54.37.254.218 - - [11/Oct/2025:21:08:36 +0300] "GET /lotereya-dialogovyy-fiksatsiya-a-eshche-verbnoe-v-lotoclub/ HTTP/1.1" 200 65879 "-" "Mozilla/5.0 (compatible; MJ12bot/v1.4.8; http://mj12bot.com/)"
54.37.254.218 - - [11/Oct/2025:21:08:37 +0300] "GET /loto-aeroklub-loterei-vdobavok-kazino-onlaynovyy-vo-strane-kazakhstane/ HTTP/1.1" 200 68966 "-" "Mozilla/5.0 (compatible; MJ12bot/v1.4.8; http://mj12bot.com/)"
54.37.254.218 - - [11/Oct/2025:21:08:38 +0300] "GET /loto-aeroklub-loterei-vdobavok-kazino-onlaynovyy-vo-strane-kazakhstane/ HTTP/1.1" 200 68966 "-" "Mozilla/5.0 (compatible; MJ12bot/v1.4.8; http://mj12bot.com/)"
54.37.254.218 - - [11/Oct/2025:21:08:40 +0300] "GET /loto-aeroklub-nevrednye-sluchaynye-igry-v-strane-kazakhstane/ HTTP/1.1" 200 65395 "-" "Mozilla/5.0 (compatible; MJ12bot/v1.4.8; http://mj12bot.com/)"
54.37.254.218 - - [11/Oct/2025:21:08:40 +0300] "GET /loto-aeroklub-nevrednye-sluchaynye-igry-v-strane-kazakhstane/ HTTP/1.1" 200 65395 "-" "Mozilla/5.0 (compatible; MJ12bot/v1.4.8; http://mj12bot.com/)"
54.37.254.218 - - [11/Oct/2025:21:08:42 +0300] "GET /loto-aeroklub-skachat-skachayte-podvizhnoe-dopolnenie-loto-club/ HTTP/1.1" 200 63939 "-" "Mozilla/5.0 (compatible; MJ12bot/v1.4.8; http://mj12bot.com/)"
54.37.254.218 - - [11/Oct/2025:21:08:42 +0300] "GET /loto-aeroklub-skachat-skachayte-podvizhnoe-dopolnenie-loto-club/ HTTP/1.1" 200 63939 "-" "Mozilla/5.0 (compatible; MJ12bot/v1.4.8; http://mj12bot.com/)"
54.37.254.218 - - [11/Oct/2025:21:08:44 +0300] "GET /loto-aeroklub-vernyy-sayt-v-vidakh-azartnykh-igr-vo-strane-kazakhstane/ HTTP/1.1" 200 66011 "-" "Mozilla/5.0 (compatible; MJ12bot/v1.4.8; http://mj12bot.com/)"
54.37.254.218 - - [11/Oct/2025:21:08:45 +0300] "GET /loto-aeroklub-vernyy-sayt-v-vidakh-azartnykh-igr-vo-strane-kazakhstane/ HTTP/1.1" 200 66011 "-" "Mozilla/5.0 (compatible; MJ12bot/v1.4.8; http://mj12bot.com/)"
54.37.254.218 - - [11/Oct/2025:21:08:46 +0300] "GET /loto-aeroklub-vzaimovygodnye-stavki-i-shirokaya-tkan-v-kazino-kazakhstana/ HTTP/1.1" 200 69610 "-" "Mozilla/5.0 (compatible; MJ12bot/v1.4.8; http://mj12bot.com/)"
54.37.254.218 - - [11/Oct/2025:21:08:47 +0300] "GET /loto-aeroklub-vzaimovygodnye-stavki-i-shirokaya-tkan-v-kazino-kazakhstana/ HTTP/1.1" 200 69610 "-" "Mozilla/5.0 (compatible; MJ12bot/v1.4.8; http://mj12bot.com/)"
51.195.244.239 - - [11/Oct/2025:21:08:49 +0300] "GET /130348752 HTTP/2.0" 404 55501 "-" "Mozilla/5.0 (compatible; AhrefsBot/7.0; +http://ahrefs.com/robot/)"
54.37.254.218 - - [11/Oct/2025:21:08:49 +0300] "GET /loto-aeroklub-zakachat-addenda-loto-club-kz-zakachat-onlaynovyy/feed/ HTTP/1.1" 200 1553 "-" "Mozilla/5.0 (compatible; MJ12bot/v1.4.8; http://mj12bot.com/)"
54.37.254.218 - - [11/Oct/2025:21:08:50 +0300] "GET /loto-aeroklub-zakachat-addenda-loto-club-kz-zakachat-onlaynovyy/feed/ HTTP/1.1" 200 1553 "-" "Mozilla/5.0 (compatible; MJ12bot/v1.4.8; http://mj12bot.com/)"
54.37.254.218 - - [11/Oct/2025:21:08:52 +0300] "GET /loto-aviaclub-lotoclub-resmi-veb-zhurnaly/feed/ HTTP/1.1" 200 1456 "-" "Mozilla/5.0 (compatible; MJ12bot/v1.4.8; http://mj12bot.com/)"
54.37.254.218 - - [11/Oct/2025:21:08:52 +0300] "GET /loto-aviaclub-lotoclub-resmi-veb-zhurnaly/feed/ HTTP/1.1" 200 1456 "-" "Mozilla/5.0 (compatible; MJ12bot/v1.4.8; http://mj12bot.com/)"
54.37.254.218 - - [11/Oct/2025:21:08:55 +0300] "GET /loto-club-dolzhnostnoy-sayt-igra-kluba-vo-kazakhstane/ HTTP/1.1" 200 69456 "-" "Mozilla/5.0 (compatible; MJ12bot/v1.4.8; http://mj12bot.com/)"
54.37.254.218 - - [11/Oct/2025:21:08:56 +0300] "GET /loto-club-dolzhnostnoy-sayt-igra-kluba-vo-kazakhstane/ HTTP/1.1" 200 69456 "-" "Mozilla/5.0 (compatible; MJ12bot/v1.4.8; http://mj12bot.com/)"
54.37.254.218 - - [11/Oct/2025:21:08:57 +0300] "GET /loto-club-dolzhnostnoy-sayt-interaktivnyy-loto-igraysya-besplatno-vo-aviaklub-loto/ HTTP/1.1" 200 66482 "-" "Mozilla/5.0 (compatible; MJ12bot/v1.4.8; http://mj12bot.com/)"
54.37.254.218 - - [11/Oct/2025:21:08:58 +0300] "GET /loto-club-dolzhnostnoy-sayt-interaktivnyy-loto-igraysya-besplatno-vo-aviaklub-loto/ HTTP/1.1" 200 66482 "-" "Mozilla/5.0 (compatible; MJ12bot/v1.4.8; http://mj12bot.com/)"
54.37.254.218 - - [11/Oct/2025:21:09:00 +0300] "GET /loto-club-io-batsat-onlayn-v-loto-aeroklub-keno-measuring-and-control-mac/ HTTP/1.1" 200 68157 "-" "Mozilla/5.0 (compatible; MJ12bot/v1.4.8; http://mj12bot.com/)"
54.37.254.218 - - [11/Oct/2025:21:09:01 +0300] "GET /loto-club-io-batsat-onlayn-v-loto-aeroklub-keno-measuring-and-control-mac/ HTTP/1.1" 200 68157 "-" "Mozilla/5.0 (compatible; MJ12bot/v1.4.8; http://mj12bot.com/)"
54.37.254.218 - - [11/Oct/2025:21:09:02 +0300] "GET /loto-club-ofitsialnyy-sayt-dialogovyy-loto-igray-besplatno-vo-klub-igra/ HTTP/1.1" 200 67908 "-" "Mozilla/5.0 (compatible; MJ12bot/v1.4.8; http://mj12bot.com/)"
54.37.254.218 - - [11/Oct/2025:21:09:03 +0300] "GET /loto-club-ofitsialnyy-sayt-dialogovyy-loto-igray-besplatno-vo-klub-igra/ HTTP/1.1" 200 67908 "-" "Mozilla/5.0 (compatible; MJ12bot/v1.4.8; http://mj12bot.com/)"
54.37.254.218 - - [11/Oct/2025:21:09:04 +0300] "GET /loto-club-vo-gorod-loto-klub-adres-telefon-otzvuki/ HTTP/1.1" 200 62678 "-" "Mozilla/5.0 (compatible; MJ12bot/v1.4.8; http://mj12bot.com/)"
54.37.254.218 - - [11/Oct/2025:21:09:05 +0300] "GET /loto-club-vo-gorod-loto-klub-adres-telefon-otzvuki/ HTTP/1.1" 200 62659 "-" "Mozilla/5.0 (compatible; MJ12bot/v1.4.8; http://mj12bot.com/)"
57.141.6.57 - - [11/Oct/2025:21:09:07 +0300] "GET /36937392 HTTP/2.0" 404 55504 "-" "meta-externalagent/1.1 (+https://developers.facebook.com/docs/sharing/webmasters/crawler)"
54.37.254.218 - - [11/Oct/2025:21:09:07 +0300] "GET /loto-klub-kazakhstan-verbnoe-poluchite-i-raspishites-ofitsialnyy-zhurnal/ HTTP/1.1" 200 74800 "-" "Mozilla/5.0 (compatible; MJ12bot/v1.4.8; http://mj12bot.com/)"
54.37.254.218 - - [11/Oct/2025:21:09:07 +0300] "GET /loto-klub-kazakhstan-verbnoe-poluchite-i-raspishites-ofitsialnyy-zhurnal/ HTTP/1.1" 200 71497 "-" "Mozilla/5.0 (compatible; MJ12bot/v1.4.8; http://mj12bot.com/)"
51.195.183.157 - - [11/Oct/2025:21:09:07 +0300] "GET /12989483 HTTP/2.0" 404 55501 "-" "Mozilla/5.0 (compatible; AhrefsBot/7.0; +http://ahrefs.com/robot/)"
54.37.254.218 - - [11/Oct/2025:21:09:10 +0300] "GET /loto-klub-loterei-vdobavok-kazino-interaktivnyy-vo-kazakhstane/ HTTP/1.1" 200 70760 "-" "Mozilla/5.0 (compatible; MJ12bot/v1.4.8; http://mj12bot.com/)"
54.37.254.218 - - [11/Oct/2025:21:09:10 +0300] "GET /loto-klub-loterei-vdobavok-kazino-interaktivnyy-vo-kazakhstane/ HTTP/1.1" 200 67457 "-" "Mozilla/5.0 (compatible; MJ12bot/v1.4.8; http://mj12bot.com/)"
45.85.163.223 - - [11/Oct/2025:21:09:11 +0300] "GET /wp-admin HTTP/1.1" 301 448 "-" "Mozilla/5.0 (Windows NT 10.0; Win64; x64) AppleWebKit/537.36 (KHTML, like Gecko) Chrome/115.0.0.0 Safari/537.36 Edg/115.0.1901.203"
45.85.162.229 - - [11/Oct/2025:21:09:11 +0300] "GET /wp-admin HTTP/1.1" 301 448 "-" "Mozilla/5.0 (Windows NT 10.0; Win64; x64) AppleWebKit/537.36 (KHTML, like Gecko) Chrome/115.0.0.0 Safari/537.36 Edg/115.0.1901.203"
45.85.162.229 - - [11/Oct/2025:21:09:11 +0300] "GET /wp-admin HTTP/1.1" 301 3748 "-" "Mozilla/5.0 (Windows NT 10.0; Win64; x64) AppleWebKit/537.36 (KHTML, like Gecko) Chrome/115.0.0.0 Safari/537.36 Edg/115.0.1901.203"
45.85.163.223 - - [11/Oct/2025:21:09:11 +0300] "GET /wp-admin HTTP/1.1" 301 3748 "-" "Mozilla/5.0 (Windows NT 10.0; Win64; x64) AppleWebKit/537.36 (KHTML, like Gecko) Chrome/115.0.0.0 Safari/537.36 Edg/115.0.1901.203"
45.85.163.223 - - [11/Oct/2025:21:09:12 +0300] "GET /wp-admin/ HTTP/1.1" 302 630 "-" "Mozilla/5.0 (Windows NT 10.0; Win64; x64) AppleWebKit/537.36 (KHTML, like Gecko) Chrome/115.0.0.0 Safari/537.36 Edg/115.0.1901.203"
45.85.162.229 - - [11/Oct/2025:21:09:11 +0300] "GET /wp-admin/ HTTP/1.1" 302 630 "-" "Mozilla/5.0 (Windows NT 10.0; Win64; x64) AppleWebKit/537.36 (KHTML, like Gecko) Chrome/115.0.0.0 Safari/537.36 Edg/115.0.1901.203"
54.37.254.218 - - [11/Oct/2025:21:09:12 +0300] "GET /lotoclub-almaty-ofitsialnyy-zhurnal-verbnoe-v-mir-fortuny-a-eshche-vyigryshey/ HTTP/1.1" 200 71151 "-" "Mozilla/5.0 (compatible; MJ12bot/v1.4.8; http://mj12bot.com/)"
54.37.254.218 - - [11/Oct/2025:21:09:12 +0300] "GET /lotoclub-almaty-ofitsialnyy-zhurnal-verbnoe-v-mir-fortuny-a-eshche-vyigryshey/ HTTP/1.1" 200 74454 "-" "Mozilla/5.0 (compatible; MJ12bot/v1.4.8; http://mj12bot.com/)"
45.85.162.229 - - [11/Oct/2025:21:09:12 +0300] "GET /wp-login.php?redirect_to=https%3A%2F%2Fnuofama.com%2Fwp-admin%2F&reauth=1 HTTP/1.1" 200 13448 "-" "Mozilla/5.0 (Windows NT 10.0; Win64; x64) AppleWebKit/537.36 (KHTML, like Gecko) Chrome/115.0.0.0 Safari/537.36 Edg/115.0.1901.203"
45.85.163.223 - - [11/Oct/2025:21:09:12 +0300] "GET /wp-login.php?redirect_to=https%3A%2F%2Fnuofama.com%2Fwp-admin%2F&reauth=1 HTTP/1.1" 200 13448 "-" "Mozilla/5.0 (Windows NT 10.0; Win64; x64) AppleWebKit/537.36 (KHTML, like Gecko) Chrome/115.0.0.0 Safari/537.36 Edg/115.0.1901.203"
45.85.163.223 - - [11/Oct/2025:21:09:13 +0300] "POST /wp-login.php HTTP/1.1" 200 11925 "https://nuofama.com/wp-login.php" "Mozilla/5.0 (Windows NT 10.0; Win64; x64) AppleWebKit/537.36 (KHTML, like Gecko) Chrome/115.0.0.0 Safari/537.36 Edg/115.0.1901.203"
45.85.162.229 - - [11/Oct/2025:21:09:13 +0300] "POST /wp-login.php HTTP/1.1" 200 11925 "https://nuofama.com/wp-login.php" "Mozilla/5.0 (Windows NT 10.0; Win64; x64) AppleWebKit/537.36 (KHTML, like Gecko) Chrome/115.0.0.0 Safari/537.36 Edg/115.0.1901.203"
54.37.254.218 - - [11/Oct/2025:21:09:14 +0300] "GET /luchnik-melbet-oformlenie-vdobavok-vkhod-vo-igornyy-dom-v-vidakh-stavok/feed/ HTTP/1.1" 200 1581 "-" "Mozilla/5.0 (compatible; MJ12bot/v1.4.8; http://mj12bot.com/)"
54.37.254.218 - - [11/Oct/2025:21:09:15 +0300] "GET /luchnik-melbet-oformlenie-vdobavok-vkhod-vo-igornyy-dom-v-vidakh-stavok/feed/ HTTP/1.1" 200 4884 "-" "Mozilla/5.0 (compatible; MJ12bot/v1.4.8; http://mj12bot.com/)"
54.37.254.218 - - [11/Oct/2025:21:09:17 +0300] "GET /mejores-casinos-en-internet-joviales-dinero-positivo-sobre-chile-del-2025/feed/ HTTP/1.1" 200 1538 "-" "Mozilla/5.0 (compatible; MJ12bot/v1.4.8; http://mj12bot.com/)"
54.37.254.218 - - [11/Oct/2025:21:09:18 +0300] "GET /mejores-casinos-en-internet-joviales-dinero-positivo-sobre-chile-del-2025/feed/ HTTP/1.1" 200 4841 "-" "Mozilla/5.0 (compatible; MJ12bot/v1.4.8; http://mj12bot.com/)"
51.195.183.138 - - [11/Oct/2025:21:09:20 +0300] "GET /129781870 HTTP/2.0" 404 55501 "-" "Mozilla/5.0 (compatible; AhrefsBot/7.0; +http://ahrefs.com/robot/)"
54.37.254.218 - - [11/Oct/2025:21:09:20 +0300] "GET /melbet-promokod-2025-voznagrazhdenie-vplot-do-25000-po-chasti-promokodu-melbet-na-dannyy-moment/feed/ HTTP/1.1" 200 1669 "-" "Mozilla/5.0 (compatible; MJ12bot/v1.4.8; http://mj12bot.com/)"
54.37.254.218 - - [11/Oct/2025:21:09:21 +0300] "GET /melbet-promokod-2025-voznagrazhdenie-vplot-do-25000-po-chasti-promokodu-melbet-na-dannyy-moment/feed/ HTTP/1.1" 200 4972 "-" "Mozilla/5.0 (compatible; MJ12bot/v1.4.8; http://mj12bot.com/)"
54.37.254.218 - - [11/Oct/2025:21:09:23 +0300] "GET /melbet-zerkalo-vdobavok-ofitsialnyy-veb-zhurnal-melbet-prazdnik-i-fiksatsiya/feed/ HTTP/1.1" 200 1602 "-" "Mozilla/5.0 (compatible; MJ12bot/v1.4.8; http://mj12bot.com/)"
54.37.254.218 - - [11/Oct/2025:21:09:24 +0300] "GET /melbet-zerkalo-vdobavok-ofitsialnyy-veb-zhurnal-melbet-prazdnik-i-fiksatsiya/feed/ HTTP/1.1" 200 4905 "-" "Mozilla/5.0 (compatible; MJ12bot/v1.4.8; http://mj12bot.com/)"
54.37.254.218 - - [11/Oct/2025:21:09:26 +0300] "GET /michigan-i-webes-kaszinok-a-legjobb-mi-helyi-kaszinoalkalmazasok-es-weboldalak-2025-ben/feed/ HTTP/1.1" 200 1584 "-" "Mozilla/5.0 (compatible; MJ12bot/v1.4.8; http://mj12bot.com/)"
54.37.254.218 - - [11/Oct/2025:21:09:27 +0300] "GET /michigan-i-webes-kaszinok-a-legjobb-mi-helyi-kaszinoalkalmazasok-es-weboldalak-2025-ben/feed/ HTTP/1.1" 200 4887 "-" "Mozilla/5.0 (compatible; MJ12bot/v1.4.8; http://mj12bot.com/)"
54.37.254.218 - - [11/Oct/2025:21:09:29 +0300] "GET /michigan-online-kaszinok-konyve-2025-a-legjobb-michigani-szerencsejatek-vallalkozasok-weboldalai/ HTTP/1.1" 200 68012 "-" "Mozilla/5.0 (compatible; MJ12bot/v1.4.8; http://mj12bot.com/)"
54.37.254.218 - - [11/Oct/2025:21:09:30 +0300] "GET /michigan-online-kaszinok-konyve-2025-a-legjobb-michigani-szerencsejatek-vallalkozasok-weboldalai/ HTTP/1.1" 200 71315 "-" "Mozilla/5.0 (compatible; MJ12bot/v1.4.8; http://mj12bot.com/)"
57.141.6.37 - - [11/Oct/2025:21:09:30 +0300] "GET /53901818 HTTP/2.0" 404 55504 "-" "meta-externalagent/1.1 (+https://developers.facebook.com/docs/sharing/webmasters/crawler)"
54.37.254.218 - - [11/Oct/2025:21:09:31 +0300] "GET /miestne-kasinove-stranky-najlepsie-britske-kasina-na-internete-hodnotene-v-roku-2025-the-fresh-herald/ HTTP/1.1" 200 68838 "-" "Mozilla/5.0 (compatible; MJ12bot/v1.4.8; http://mj12bot.com/)"
54.37.254.218 - - [11/Oct/2025:21:09:32 +0300] "GET /miestne-kasinove-stranky-najlepsie-britske-kasina-na-internete-hodnotene-v-roku-2025-the-fresh-herald/ HTTP/1.1" 200 72141 "-" "Mozilla/5.0 (compatible; MJ12bot/v1.4.8; http://mj12bot.com/)"
54.37.254.218 - - [11/Oct/2025:21:09:33 +0300] "GET /migliori-casa-da-gioco-online-italiani-aams-tabella-completa-nel-2025/feed/ HTTP/1.1" 200 1526 "-" "Mozilla/5.0 (compatible; MJ12bot/v1.4.8; http://mj12bot.com/)"
54.37.254.218 - - [11/Oct/2025:21:09:35 +0300] "GET /migliori-casa-da-gioco-online-italiani-aams-tabella-completa-nel-2025/feed/ HTTP/1.1" 200 4829 "-" "Mozilla/5.0 (compatible; MJ12bot/v1.4.8; http://mj12bot.com/)"
198.244.226.98 - - [11/Oct/2025:21:09:37 +0300] "GET /129536794 HTTP/2.0" 404 55501 "-" "Mozilla/5.0 (compatible; AhrefsBot/7.0; +http://ahrefs.com/robot/)"
54.37.254.218 - - [11/Oct/2025:21:09:36 +0300] "GET /mobilna-igralnica-100-dodatna-do-sto/feed/ HTTP/1.1" 200 1431 "-" "Mozilla/5.0 (compatible; MJ12bot/v1.4.8; http://mj12bot.com/)"
54.37.254.218 - - [11/Oct/2025:21:09:38 +0300] "GET /mobilna-igralnica-100-dodatna-do-sto/feed/ HTTP/1.1" 200 4734 "-" "Mozilla/5.0 (compatible; MJ12bot/v1.4.8; http://mj12bot.com/)"
54.37.254.218 - - [11/Oct/2025:21:09:39 +0300] "GET /mostbet-bukmekerskaia-kontora-i-kazino-rabochee-zerkalo-mostbet/ HTTP/1.1" 200 99049 "-" "Mozilla/5.0 (compatible; MJ12bot/v1.4.8; http://mj12bot.com/)"
54.37.254.218 - - [11/Oct/2025:21:09:41 +0300] "GET /mostbet-bukmekerskaia-kontora-i-kazino-rabochee-zerkalo-mostbet/ HTTP/1.1" 200 102352 "-" "Mozilla/5.0 (compatible; MJ12bot/v1.4.8; http://mj12bot.com/)"
54.37.254.218 - - [11/Oct/2025:21:09:42 +0300] "GET /mostbet-ofitsialnyi-sait-bonus-do-140-000-tenge-250fs/ HTTP/1.1" 200 100487 "-" "Mozilla/5.0 (compatible; MJ12bot/v1.4.8; http://mj12bot.com/)"
54.37.254.218 - - [11/Oct/2025:21:09:44 +0300] "GET /mostbet-ofitsialnyi-sait-bonus-do-140-000-tenge-250fs/ HTTP/1.1" 200 103790 "-" "Mozilla/5.0 (compatible; MJ12bot/v1.4.8; http://mj12bot.com/)"
54.37.254.218 - - [11/Oct/2025:21:09:45 +0300] "GET /mostbet-sanal-oyun-kazanci/feed/ HTTP/1.1" 200 1400 "-" "Mozilla/5.0 (compatible; MJ12bot/v1.4.8; http://mj12bot.com/)"
54.37.254.218 - - [11/Oct/2025:21:09:47 +0300] "GET /mostbet-sanal-oyun-kazanci/feed/ HTTP/1.1" 200 4703 "-" "Mozilla/5.0 (compatible; MJ12bot/v1.4.8; http://mj12bot.com/)"
54.37.254.218 - - [11/Oct/2025:21:09:48 +0300] "GET /na-spletnih-podjetjih-za-igre-na-sreco-blackjack-in-obvescenih-spletnih-mest-blackjack-v-okviru-leta-2025/feed/ HTTP/1.1" 200 1637 "-" "Mozilla/5.0 (compatible; MJ12bot/v1.4.8; http://mj12bot.com/)"
54.37.254.218 - - [11/Oct/2025:21:09:51 +0300] "GET /na-spletnih-podjetjih-za-igre-na-sreco-blackjack-in-obvescenih-spletnih-mest-blackjack-v-okviru-leta-2025/feed/ HTTP/1.1" 200 4940 "-" "Mozilla/5.0 (compatible; MJ12bot/v1.4.8; http://mj12bot.com/)"
54.37.254.218 - - [11/Oct/2025:21:09:51 +0300] "GET /najboljsa-lokalna-igralnica-dodatna-prodaja-boljse-ponudbe-v-veliki-britaniji-za-2025/feed/ HTTP/1.1" 200 1576 "-" "Mozilla/5.0 (compatible; MJ12bot/v1.4.8; http://mj12bot.com/)"
54.37.254.218 - - [11/Oct/2025:21:09:54 +0300] "GET /najboljsa-lokalna-igralnica-dodatna-prodaja-boljse-ponudbe-v-veliki-britaniji-za-2025/feed/ HTTP/1.1" 200 4879 "-" "Mozilla/5.0 (compatible; MJ12bot/v1.4.8; http://mj12bot.com/)"
54.37.254.218 - - [11/Oct/2025:21:09:54 +0300] "GET /wetten-online-bonus-ohne-einzahlung/feed/ HTTP/1.1" 200 1426 "-" "Mozilla/5.0 (compatible; MJ12bot/v1.4.8; http://mj12bot.com/)"
198.244.240.147 - - [11/Oct/2025:21:09:57 +0300] "GET /128769137 HTTP/2.0" 404 55501 "-" "Mozilla/5.0 (compatible; AhrefsBot/7.0; +http://ahrefs.com/robot/)"
54.37.254.218 - - [11/Oct/2025:21:09:57 +0300] "GET /wetten-online-bonus-ohne-einzahlung/feed/ HTTP/1.1" 200 4729 "-" "Mozilla/5.0 (compatible; MJ12bot/v1.4.8; http://mj12bot.com/)"
51.195.244.14 - - [11/Oct/2025:21:10:16 +0300] "GET /128668955 HTTP/2.0" 404 55519 "-" "Mozilla/5.0 (compatible; AhrefsBot/7.0; +http://ahrefs.com/robot/)"
198.244.240.73 - - [11/Oct/2025:21:10:30 +0300] "GET /128243865 HTTP/2.0" 404 55501 "-" "Mozilla/5.0 (compatible; AhrefsBot/7.0; +http://ahrefs.com/robot/)"
51.195.215.39 - - [11/Oct/2025:21:10:37 +0300] "GET /128137671 HTTP/2.0" 404 55501 "-" "Mozilla/5.0 (compatible; AhrefsBot/7.0; +http://ahrefs.com/robot/)"
51.89.129.138 - - [11/Oct/2025:21:10:54 +0300] "GET /127994666 HTTP/2.0" 404 55501 "-" "Mozilla/5.0 (compatible; AhrefsBot/7.0; +http://ahrefs.com/robot/)"
198.244.242.54 - - [11/Oct/2025:21:11:05 +0300] "GET /126973155 HTTP/2.0" 404 55501 "-" "Mozilla/5.0 (compatible; AhrefsBot/7.0; +http://ahrefs.com/robot/)"
54.38.147.113 - - [11/Oct/2025:21:11:11 +0300] "GET /125520118 HTTP/2.0" 404 55501 "-" "Mozilla/5.0 (compatible; AhrefsBot/7.0; +http://ahrefs.com/robot/)"
66.249.65.100 - - [11/Oct/2025:21:11:12 +0300] "GET /?6918877 HTTP/1.1" 200 202798 "-" "Mozilla/5.0 (Linux; Android 6.0.1; Nexus 5X Build/MMB29P) AppleWebKit/537.36 (KHTML, like Gecko) Chrome/140.0.7339.207 Mobile Safari/537.36 (compatible; Googlebot/2.1; +http://www.google.com/bot.html)"
198.244.226.149 - - [11/Oct/2025:21:11:19 +0300] "GET /124110177 HTTP/2.0" 404 55501 "-" "Mozilla/5.0 (compatible; AhrefsBot/7.0; +http://ahrefs.com/robot/)"
198.244.240.244 - - [11/Oct/2025:21:11:27 +0300] "GET /124059912 HTTP/2.0" 404 55501 "-" "Mozilla/5.0 (compatible; AhrefsBot/7.0; +http://ahrefs.com/robot/)"
198.244.240.194 - - [11/Oct/2025:21:11:32 +0300] "GET /10330334 HTTP/2.0" 404 55501 "-" "Mozilla/5.0 (compatible; AhrefsBot/7.0; +http://ahrefs.com/robot/)"
66.249.78.5 - - [11/Oct/2025:21:11:35 +0300] "GET /834901095 HTTP/1.1" 200 201499 "-" "Mozilla/5.0 (Linux; Android 6.0.1; Nexus 5X Build/MMB29P) AppleWebKit/537.36 (KHTML, like Gecko) Chrome/140.0.7339.207 Mobile Safari/537.36 (compatible; Googlebot/2.1; +http://www.google.com/bot.html)"
198.244.242.19 - - [11/Oct/2025:21:11:39 +0300] "GET /10251161 HTTP/2.0" 404 55501 "-" "Mozilla/5.0 (compatible; AhrefsBot/7.0; +http://ahrefs.com/robot/)"
51.89.129.227 - - [11/Oct/2025:21:11:46 +0300] "GET /10211671 HTTP/2.0" 404 55501 "-" "Mozilla/5.0 (compatible; AhrefsBot/7.0; +http://ahrefs.com/robot/)"
198.244.168.243 - - [11/Oct/2025:21:11:54 +0300] "GET /10191301 HTTP/2.0" 404 55501 "-" "Mozilla/5.0 (compatible; AhrefsBot/7.0; +http://ahrefs.com/robot/)"
66.249.65.100 - - [11/Oct/2025:21:11:58 +0300] "GET /?391927034 HTTP/1.1" 200 201387 "-" "Mozilla/5.0 (Linux; Android 6.0.1; Nexus 5X Build/MMB29P) AppleWebKit/537.36 (KHTML, like Gecko) Chrome/140.0.7339.207 Mobile Safari/537.36 (compatible; Googlebot/2.1; +http://www.google.com/bot.html)"
51.195.244.93 - - [11/Oct/2025:21:11:59 +0300] "GET /10121946 HTTP/2.0" 404 55501 "-" "Mozilla/5.0 (compatible; AhrefsBot/7.0; +http://ahrefs.com/robot/)"
51.89.129.192 - - [11/Oct/2025:21:12:10 +0300] "GET /10120680 HTTP/2.0" 404 55501 "-" "Mozilla/5.0 (compatible; AhrefsBot/7.0; +http://ahrefs.com/robot/)"
51.195.215.101 - - [11/Oct/2025:21:12:15 +0300] "GET /10112100 HTTP/2.0" 404 55501 "-" "Mozilla/5.0 (compatible; AhrefsBot/7.0; +http://ahrefs.com/robot/)"
51.89.129.157 - - [11/Oct/2025:21:12:19 +0300] "GET /10003225 HTTP/2.0" 404 55501 "-" "Mozilla/5.0 (compatible; AhrefsBot/7.0; +http://ahrefs.com/robot/)"
66.249.65.100 - - [11/Oct/2025:21:12:29 +0300] "GET /?126021414 HTTP/1.1" 200 193729 "-" "Mozilla/5.0 (Linux; Android 6.0.1; Nexus 5X Build/MMB29P) AppleWebKit/537.36 (KHTML, like Gecko) Chrome/140.0.7339.207 Mobile Safari/537.36 (compatible; Googlebot/2.1; +http://www.google.com/bot.html)"
66.249.78.6 - - [11/Oct/2025:21:14:34 +0300] "GET /?892662977 HTTP/1.1" 200 198506 "-" "Mozilla/5.0 (Linux; Android 6.0.1; Nexus 5X Build/MMB29P) AppleWebKit/537.36 (KHTML, like Gecko) Chrome/140.0.7339.207 Mobile Safari/537.36 (compatible; Googlebot/2.1; +http://www.google.com/bot.html)"
66.249.78.6 - - [11/Oct/2025:21:14:38 +0300] "GET /92727607 HTTP/1.1" 200 195731 "-" "Mozilla/5.0 (Linux; Android 6.0.1; Nexus 5X Build/MMB29P) AppleWebKit/537.36 (KHTML, like Gecko) Chrome/140.0.7339.207 Mobile Safari/537.36 (compatible; Googlebot/2.1; +http://www.google.com/bot.html)"
66.249.65.101 - - [11/Oct/2025:21:14:38 +0300] "GET /?7732441 HTTP/1.1" 200 200599 "-" "Mozilla/5.0 (Linux; Android 6.0.1; Nexus 5X Build/MMB29P) AppleWebKit/537.36 (KHTML, like Gecko) Chrome/140.0.7339.207 Mobile Safari/537.36 (compatible; Googlebot/2.1; +http://www.google.com/bot.html)"
66.249.78.5 - - [11/Oct/2025:21:14:41 +0300] "GET /content.php?8584798 HTTP/1.1" 200 199854 "-" "Mozilla/5.0 (Linux; Android 6.0.1; Nexus 5X Build/MMB29P) AppleWebKit/537.36 (KHTML, like Gecko) Chrome/140.0.7339.207 Mobile Safari/537.36 (compatible; Googlebot/2.1; +http://www.google.com/bot.html)"
66.249.65.102 - - [11/Oct/2025:21:15:41 +0300] "GET /46409403 HTTP/1.1" 200 195193 "-" "Mozilla/5.0 (Linux; Android 6.0.1; Nexus 5X Build/MMB29P) AppleWebKit/537.36 (KHTML, like Gecko) Chrome/140.0.7339.207 Mobile Safari/537.36 (compatible; Googlebot/2.1; +http://www.google.com/bot.html)"
91.219.60.79 - - [11/Oct/2025:21:16:29 +0300] "POST /wp-cron.php?doing_wp_cron=1760206589.8572111129760742187500 HTTP/1.1" 200 3414 "-" "WordPress/6.8.3; https://nuofama.com"
57.141.6.3 - - [11/Oct/2025:21:16:29 +0300] "GET /93143517 HTTP/2.0" 404 55504 "-" "meta-externalagent/1.1 (+https://developers.facebook.com/docs/sharing/webmasters/crawler)"
66.249.65.100 - - [11/Oct/2025:21:17:09 +0300] "GET /?9650329 HTTP/1.1" 200 195377 "-" "Mozilla/5.0 (Linux; Android 6.0.1; Nexus 5X Build/MMB29P) AppleWebKit/537.36 (KHTML, like Gecko) Chrome/140.0.7339.207 Mobile Safari/537.36 (compatible; Googlebot/2.1; +http://www.google.com/bot.html)"
66.249.78.5 - - [11/Oct/2025:21:17:17 +0300] "GET /?385006940 HTTP/1.1" 200 200211 "-" "Mozilla/5.0 (Linux; Android 6.0.1; Nexus 5X Build/MMB29P) AppleWebKit/537.36 (KHTML, like Gecko) Chrome/140.0.7339.207 Mobile Safari/537.36 (compatible; Googlebot/2.1; +http://www.google.com/bot.html)"
66.249.65.100 - - [11/Oct/2025:21:17:44 +0300] "GET /419186019 HTTP/1.1" 200 198879 "-" "Mozilla/5.0 (Linux; Android 6.0.1; Nexus 5X Build/MMB29P) AppleWebKit/537.36 (KHTML, like Gecko) Chrome/140.0.7339.207 Mobile Safari/537.36 (compatible; Googlebot/2.1; +http://www.google.com/bot.html)"
66.249.65.100 - - [11/Oct/2025:21:18:47 +0300] "GET /842331068 HTTP/1.1" 200 194527 "-" "Mozilla/5.0 (Linux; Android 6.0.1; Nexus 5X Build/MMB29P) AppleWebKit/537.36 (KHTML, like Gecko) Chrome/140.0.7339.207 Mobile Safari/537.36 (compatible; Googlebot/2.1; +http://www.google.com/bot.html)"
66.249.65.102 - - [11/Oct/2025:21:19:26 +0300] "GET /?30243311 HTTP/1.1" 200 202859 "-" "Mozilla/5.0 (Linux; Android 6.0.1; Nexus 5X Build/MMB29P) AppleWebKit/537.36 (KHTML, like Gecko) Chrome/140.0.7339.207 Mobile Safari/537.36 (compatible; Googlebot/2.1; +http://www.google.com/bot.html)"
66.249.78.7 - - [11/Oct/2025:21:19:29 +0300] "GET /?43445073 HTTP/1.1" 200 201506 "-" "Mozilla/5.0 (Linux; Android 6.0.1; Nexus 5X Build/MMB29P) AppleWebKit/537.36 (KHTML, like Gecko) Chrome/140.0.7339.207 Mobile Safari/537.36 (compatible; Googlebot/2.1; +http://www.google.com/bot.html)"
66.249.65.101 - - [11/Oct/2025:21:19:51 +0300] "GET /491972724 HTTP/1.1" 200 199154 "-" "Mozilla/5.0 (Linux; Android 6.0.1; Nexus 5X Build/MMB29P) AppleWebKit/537.36 (KHTML, like Gecko) Chrome/140.0.7339.207 Mobile Safari/537.36 (compatible; Googlebot/2.1; +http://www.google.com/bot.html)"
66.249.65.100 - - [11/Oct/2025:21:20:00 +0300] "GET /?7156104 HTTP/1.1" 200 201796 "-" "Mozilla/5.0 (Linux; Android 6.0.1; Nexus 5X Build/MMB29P) AppleWebKit/537.36 (KHTML, like Gecko) Chrome/140.0.7339.207 Mobile Safari/537.36 (compatible; Googlebot/2.1; +http://www.google.com/bot.html)"
66.249.78.5 - - [11/Oct/2025:21:20:23 +0300] "GET /?3130560 HTTP/1.1" 200 195914 "-" "Mozilla/5.0 (Linux; Android 6.0.1; Nexus 5X Build/MMB29P) AppleWebKit/537.36 (KHTML, like Gecko) Chrome/140.0.7339.207 Mobile Safari/537.36 (compatible; Googlebot/2.1; +http://www.google.com/bot.html)"
66.249.78.5 - - [11/Oct/2025:21:20:29 +0300] "GET /?69024877 HTTP/1.1" 200 194412 "-" "Mozilla/5.0 (Linux; Android 6.0.1; Nexus 5X Build/MMB29P) AppleWebKit/537.36 (KHTML, like Gecko) Chrome/140.0.7339.207 Mobile Safari/537.36 (compatible; Googlebot/2.1; +http://www.google.com/bot.html)"
207.244.118.222 - - [11/Oct/2025:21:21:04 +0300] "GET /wetten-statistik-fussball/ HTTP/1.1" 200 66671 "https://nuofama.com/" "Mozilla/5.0 (Windows NT 10.0; Win64; x64; rv:114.0) Gecko/20100101 Firefox/114.0"
207.244.118.222 - - [11/Oct/2025:21:21:35 +0300] "GET /wp-login.php?action=register HTTP/1.1" 302 3920 "https://nuofama.com/wetten-statistik-fussball/" "Mozilla/5.0 (Windows NT 6.3; Win64; x64) AppleWebKit/537.36 (KHTML, like Gecko) Chrome/103.0.0.0 Safari/537.36"
207.244.118.222 - - [11/Oct/2025:21:21:43 +0300] "GET /wp-login.php?registration=disabled HTTP/1.1" 200 14637 "https://nuofama.com/wp-login.php?action=register" "Mozilla/5.0 (Windows NT 6.3; Win64; x64) AppleWebKit/537.36 (KHTML, like Gecko) Chrome/103.0.0.0 Safari/537.36"
66.249.65.102 - - [11/Oct/2025:21:21:54 +0300] "GET /32345873 HTTP/1.1" 200 193463 "-" "Mozilla/5.0 (Linux; Android 6.0.1; Nexus 5X Build/MMB29P) AppleWebKit/537.36 (KHTML, like Gecko) Chrome/140.0.7339.207 Mobile Safari/537.36 (compatible; Googlebot/2.1; +http://www.google.com/bot.html)"
66.249.65.102 - - [11/Oct/2025:21:21:57 +0300] "GET /?419961906 HTTP/1.1" 200 193855 "-" "Mozilla/5.0 (Linux; Android 6.0.1; Nexus 5X Build/MMB29P) AppleWebKit/537.36 (KHTML, like Gecko) Chrome/140.0.7339.207 Mobile Safari/537.36 (compatible; Googlebot/2.1; +http://www.google.com/bot.html)"
66.249.65.100 - - [11/Oct/2025:21:22:06 +0300] "GET /?740010161 HTTP/1.1" 200 194674 "-" "Mozilla/5.0 (Linux; Android 6.0.1; Nexus 5X Build/MMB29P) AppleWebKit/537.36 (KHTML, like Gecko) Chrome/140.0.7339.207 Mobile Safari/537.36 (compatible; Googlebot/2.1; +http://www.google.com/bot.html)"
57.141.6.2 - - [11/Oct/2025:21:22:54 +0300] "GET /oficialnyj-sajt-v-kazahstane-olimp-casino-11065/feed/ HTTP/2.0" 200 1276 "-" "meta-externalagent/1.1 (+https://developers.facebook.com/docs/sharing/webmasters/crawler)"
57.141.6.49 - - [11/Oct/2025:21:22:56 +0300] "GET /wp-json/wp/v2/posts/5810 HTTP/2.0" 200 12243 "-" "meta-externalagent/1.1 (+https://developers.facebook.com/docs/sharing/webmasters/crawler)"
66.249.78.5 - - [11/Oct/2025:21:22:57 +0300] "GET /9883837 HTTP/1.1" 200 202804 "-" "Mozilla/5.0 (Linux; Android 6.0.1; Nexus 5X Build/MMB29P) AppleWebKit/537.36 (KHTML, like Gecko) Chrome/140.0.7339.207 Mobile Safari/537.36 (compatible; Googlebot/2.1; +http://www.google.com/bot.html)"
66.249.65.100 - - [11/Oct/2025:21:25:29 +0300] "GET /?29492368 HTTP/1.1" 200 198538 "-" "Mozilla/5.0 (Linux; Android 6.0.1; Nexus 5X Build/MMB29P) AppleWebKit/537.36 (KHTML, like Gecko) Chrome/140.0.7339.207 Mobile Safari/537.36 (compatible; Googlebot/2.1; +http://www.google.com/bot.html)"
66.249.65.101 - - [11/Oct/2025:21:26:09 +0300] "GET /?3106483 HTTP/1.1" 200 196800 "-" "Mozilla/5.0 (Linux; Android 6.0.1; Nexus 5X Build/MMB29P) AppleWebKit/537.36 (KHTML, like Gecko) Chrome/140.0.7339.207 Mobile Safari/537.36 (compatible; Googlebot/2.1; +http://www.google.com/bot.html)"
66.249.78.6 - - [11/Oct/2025:21:26:27 +0300] "GET /?7315181 HTTP/1.1" 200 198217 "-" "Mozilla/5.0 (Linux; Android 6.0.1; Nexus 5X Build/MMB29P) AppleWebKit/537.36 (KHTML, like Gecko) Chrome/140.0.7339.207 Mobile Safari/537.36 (compatible; Googlebot/2.1; +http://www.google.com/bot.html)"
66.249.65.100 - - [11/Oct/2025:21:28:12 +0300] "GET /?75660231 HTTP/1.1" 200 201524 "-" "Mozilla/5.0 (Linux; Android 6.0.1; Nexus 5X Build/MMB29P) AppleWebKit/537.36 (KHTML, like Gecko) Chrome/140.0.7339.207 Mobile Safari/537.36 (compatible; Googlebot/2.1; +http://www.google.com/bot.html)"
162.212.152.67 - - [11/Oct/2025:21:28:19 +0300] "GET /total-casino-demo-jak-gra/ HTTP/1.1" 200 66448 "-" "Mozilla/5.0 (X11; Linux i686) AppleWebKit/537.36 (KHTML, like Gecko) Chrome/114.0.0.0 Safari/537.36 Vivaldi/5.3.2679.68"
134.56.78.3 - - [11/Oct/2025:21:28:46 +0300] "GET /wetten-prognosen/ HTTP/1.1" 200 66948 "https://nuofama.com/" "Mozilla/5.0 (Macintosh; Intel Mac OS X 12_5) AppleWebKit/537.36 (KHTML, like Gecko) Chrome/114.0.0.0 YaBrowser/22.7.0 Yowser/2.5 Safari/537.36"
134.56.78.3 - - [11/Oct/2025:21:28:48 +0300] "POST /wp-comments-post.php HTTP/1.1" 302 4178 "https://nuofama.com/wetten-prognosen/" "Mozilla/5.0 (Macintosh; Intel Mac OS X 12_5) AppleWebKit/537.36 (KHTML, like Gecko) Chrome/114.0.0.0 YaBrowser/22.7.0 Yowser/2.5 Safari/537.36"
134.56.78.3 - - [11/Oct/2025:21:28:49 +0300] "GET /wetten-prognosen/?unapproved=547&moderation-hash=c5e0adc157df1a5763992be750e88141 HTTP/1.1" 200 68751 "https://nuofama.com/wp-comments-post.php" "Mozilla/5.0 (Macintosh; Intel Mac OS X 12_5) AppleWebKit/537.36 (KHTML, like Gecko) Chrome/114.0.0.0 YaBrowser/22.7.0 Yowser/2.5 Safari/537.36"
134.56.78.3 - - [11/Oct/2025:21:28:52 +0300] "GET /wetten-prognosen/ HTTP/1.1" 200 66948 "-" "Mozilla/5.0 (Macintosh; Intel Mac OS X 12_5) AppleWebKit/537.36 (KHTML, like Gecko) Chrome/114.0.0.0 YaBrowser/22.7.0 Yowser/2.5 Safari/537.36"
57.141.6.76 - - [11/Oct/2025:21:29:13 +0300] "GET /82205445 HTTP/2.0" 404 55504 "-" "meta-externalagent/1.1 (+https://developers.facebook.com/docs/sharing/webmasters/crawler)"
66.249.65.100 - - [11/Oct/2025:21:30:08 +0300] "GET /35417979 HTTP/1.1" 200 195960 "-" "Mozilla/5.0 (Linux; Android 6.0.1; Nexus 5X Build/MMB29P) AppleWebKit/537.36 (KHTML, like Gecko) Chrome/140.0.7339.207 Mobile Safari/537.36 (compatible; Googlebot/2.1; +http://www.google.com/bot.html)"
104.194.132.199 - - [11/Oct/2025:21:30:27 +0300] "GET /wetten-regulare-spielzeit/ HTTP/1.1" 200 66273 "-" "Mozilla/5.0 (X11; Linux i686) AppleWebKit/537.36 (KHTML, like Gecko) Chrome/114.0.0.0 Safari/537.36 Vivaldi/5.3.2679.68"
104.194.153.224 - - [11/Oct/2025:21:31:55 +0300] "GET /vilka-slotmaskiner-erbjuder-bonus-utan-insattning/ HTTP/1.1" 200 68127 "https://nuofama.com/" "Mozilla/5.0 (Windows NT 10.0; Win64; x64) AppleWebKit/537.36 (KHTML, like Gecko) Chrome/114.0.0.0 Safari/537.36 OPR/89.0.4447.51"
104.194.153.224 - - [11/Oct/2025:21:31:58 +0300] "POST /wp-comments-post.php HTTP/1.1" 302 4211 "https://nuofama.com/vilka-slotmaskiner-erbjuder-bonus-utan-insattning/" "Mozilla/5.0 (Windows NT 10.0; Win64; x64) AppleWebKit/537.36 (KHTML, like Gecko) Chrome/114.0.0.0 Safari/537.36 OPR/89.0.4447.51"
104.194.153.224 - - [11/Oct/2025:21:31:59 +0300] "GET /vilka-slotmaskiner-erbjuder-bonus-utan-insattning/?unapproved=548&moderation-hash=4123a2f7f0d1f1648faa075879b0d69f HTTP/1.1" 200 69913 "https://nuofama.com/wp-comments-post.php" "Mozilla/5.0 (Windows NT 10.0; Win64; x64) AppleWebKit/537.36 (KHTML, like Gecko) Chrome/114.0.0.0 Safari/537.36 OPR/89.0.4447.51"
104.194.153.224 - - [11/Oct/2025:21:32:02 +0300] "GET /vilka-slotmaskiner-erbjuder-bonus-utan-insattning/ HTTP/1.1" 200 68127 "-" "Mozilla/5.0 (Windows NT 10.0; Win64; x64) AppleWebKit/537.36 (KHTML, like Gecko) Chrome/114.0.0.0 Safari/537.36 OPR/89.0.4447.51"
66.249.78.7 - - [11/Oct/2025:21:32:10 +0300] "GET /?31508508 HTTP/1.1" 200 203023 "-" "Mozilla/5.0 (Linux; Android 6.0.1; Nexus 5X Build/MMB29P) AppleWebKit/537.36 (KHTML, like Gecko) Chrome/140.0.7339.207 Mobile Safari/537.36 (compatible; Googlebot/2.1; +http://www.google.com/bot.html)"
66.249.78.6 - - [11/Oct/2025:21:32:18 +0300] "GET /?3612763 HTTP/1.1" 200 193325 "-" "Mozilla/5.0 (Linux; Android 6.0.1; Nexus 5X Build/MMB29P) AppleWebKit/537.36 (KHTML, like Gecko) Chrome/140.0.7339.207 Mobile Safari/537.36 (compatible; Googlebot/2.1; +http://www.google.com/bot.html)"
66.249.65.101 - - [11/Oct/2025:21:32:18 +0300] "GET /2366833 HTTP/1.1" 200 200748 "-" "Mozilla/5.0 (Linux; Android 6.0.1; Nexus 5X Build/MMB29P) AppleWebKit/537.36 (KHTML, like Gecko) Chrome/140.0.7339.207 Mobile Safari/537.36 (compatible; Googlebot/2.1; +http://www.google.com/bot.html)"
66.249.78.5 - - [11/Oct/2025:21:32:21 +0300] "GET /?3214590 HTTP/1.1" 200 194277 "-" "Mozilla/5.0 (Linux; Android 6.0.1; Nexus 5X Build/MMB29P) AppleWebKit/537.36 (KHTML, like Gecko) Chrome/140.0.7339.207 Mobile Safari/537.36 (compatible; Googlebot/2.1; +http://www.google.com/bot.html)"
57.141.6.35 - - [11/Oct/2025:21:32:28 +0300] "GET /wp-json/wp/v2/posts/2993 HTTP/2.0" 200 13017 "-" "meta-externalagent/1.1 (+https://developers.facebook.com/docs/sharing/webmasters/crawler)"
104.194.153.224 - - [11/Oct/2025:21:32:33 +0300] "GET /vilka-slotmaskiner-erbjuder-bonus-utan-insattning/ HTTP/1.1" 200 68127 "-" "Mozilla/5.0 (X11; Linux i686) AppleWebKit/537.36 (KHTML, like Gecko) Chrome/114.0.0.0 Safari/537.36 Vivaldi/5.3.2679.68"
66.249.65.100 - - [11/Oct/2025:21:32:47 +0300] "GET /?349041454 HTTP/1.1" 200 200020 "-" "Mozilla/5.0 (Linux; Android 6.0.1; Nexus 5X Build/MMB29P) AppleWebKit/537.36 (KHTML, like Gecko) Chrome/140.0.7339.207 Mobile Safari/537.36 (compatible; Googlebot/2.1; +http://www.google.com/bot.html)"
66.249.65.102 - - [11/Oct/2025:21:33:06 +0300] "GET /?7273628 HTTP/1.1" 200 197639 "-" "Mozilla/5.0 (Linux; Android 6.0.1; Nexus 5X Build/MMB29P) AppleWebKit/537.36 (KHTML, like Gecko) Chrome/140.0.7339.207 Mobile Safari/537.36 (compatible; Googlebot/2.1; +http://www.google.com/bot.html)"
66.249.78.6 - - [11/Oct/2025:21:33:09 +0300] "GET /?693369213 HTTP/1.1" 200 194457 "-" "Mozilla/5.0 (Linux; Android 6.0.1; Nexus 5X Build/MMB29P) AppleWebKit/537.36 (KHTML, like Gecko) Chrome/140.0.7339.207 Mobile Safari/537.36 (compatible; Googlebot/2.1; +http://www.google.com/bot.html)"
66.249.65.100 - - [11/Oct/2025:21:33:11 +0300] "GET /4208939 HTTP/1.1" 200 197306 "-" "Mozilla/5.0 (Linux; Android 6.0.1; Nexus 5X Build/MMB29P) AppleWebKit/537.36 (KHTML, like Gecko) Chrome/140.0.7339.207 Mobile Safari/537.36 (compatible; Googlebot/2.1; +http://www.google.com/bot.html)"
66.249.78.5 - - [11/Oct/2025:21:34:15 +0300] "GET /480298443 HTTP/1.1" 200 198758 "-" "Mozilla/5.0 (Linux; Android 6.0.1; Nexus 5X Build/MMB29P) AppleWebKit/537.36 (KHTML, like Gecko) Chrome/140.0.7339.207 Mobile Safari/537.36 (compatible; Googlebot/2.1; +http://www.google.com/bot.html)"
66.249.65.102 - - [11/Oct/2025:21:35:10 +0300] "GET /?82488328 HTTP/1.1" 200 194843 "-" "Mozilla/5.0 (Linux; Android 6.0.1; Nexus 5X Build/MMB29P) AppleWebKit/537.36 (KHTML, like Gecko) Chrome/140.0.7339.207 Mobile Safari/537.36 (compatible; Googlebot/2.1; +http://www.google.com/bot.html)"
15.220.169.114 - - [11/Oct/2025:21:35:51 +0300] "POST /xmlrpc.php HTTP/1.1" 301 433 "-" "Mozilla/5.0 (Windows NT 10.0; Win64; x64) AppleWebKit/537.36 (KHTML, like Gecko) Chrome/120.0.0.0 Safari/537.36"
15.220.169.114 - - [11/Oct/2025:21:35:51 +0300] "POST /xmlrpc.php HTTP/1.1" 200 145050 "-" "Mozilla/5.0 (Windows NT 10.0; Win64; x64) AppleWebKit/537.36 (KHTML, like Gecko) Chrome/120.0.0.0 Safari/537.36"
15.220.169.114 - - [11/Oct/2025:21:35:52 +0300] "POST /xmlrpc.php HTTP/1.1" 301 433 "-" "Mozilla/5.0 (Windows NT 10.0; Win64; x64) AppleWebKit/537.36 (KHTML, like Gecko) Chrome/120.0.0.0 Safari/537.36"
15.220.169.114 - - [11/Oct/2025:21:35:52 +0300] "POST /xmlrpc.php HTTP/1.1" 200 3871 "-" "Mozilla/5.0 (Windows NT 10.0; Win64; x64) AppleWebKit/537.36 (KHTML, like Gecko) Chrome/120.0.0.0 Safari/537.36"
15.220.169.114 - - [11/Oct/2025:21:35:53 +0300] "POST /xmlrpc.php HTTP/1.1" 301 433 "-" "Mozilla/5.0 (Windows NT 10.0; Win64; x64) AppleWebKit/537.36 (KHTML, like Gecko) Chrome/120.0.0.0 Safari/537.36"
15.220.169.114 - - [11/Oct/2025:21:35:53 +0300] "POST /xmlrpc.php HTTP/1.1" 200 3551 "-" "Mozilla/5.0 (Windows NT 10.0; Win64; x64) AppleWebKit/537.36 (KHTML, like Gecko) Chrome/120.0.0.0 Safari/537.36"
15.220.169.114 - - [11/Oct/2025:21:35:54 +0300] "POST /xmlrpc.php HTTP/1.1" 301 433 "-" "Mozilla/5.0 (Windows NT 10.0; Win64; x64) AppleWebKit/537.36 (KHTML, like Gecko) Chrome/120.0.0.0 Safari/537.36"
91.219.60.79 - - [11/Oct/2025:21:35:55 +0300] "POST /wp-cron.php?doing_wp_cron=1760207754.9462189674377441406250 HTTP/1.1" 200 3414 "-" "WordPress/6.8.3; https://nuofama.com"
15.220.169.114 - - [11/Oct/2025:21:35:54 +0300] "POST /xmlrpc.php HTTP/1.1" 200 22781 "-" "Mozilla/5.0 (Windows NT 10.0; Win64; x64) AppleWebKit/537.36 (KHTML, like Gecko) Chrome/120.0.0.0 Safari/537.36"
51.195.215.75 - - [11/Oct/2025:21:36:13 +0300] "GET /9985072 HTTP/2.0" 404 55501 "-" "Mozilla/5.0 (compatible; AhrefsBot/7.0; +http://ahrefs.com/robot/)"
134.56.78.3 - - [11/Oct/2025:21:36:19 +0300] "GET /wetten-prognosen/ HTTP/1.1" 200 66948 "-" "Mozilla/5.0 (X11; Linux i686) AppleWebKit/537.36 (KHTML, like Gecko) Chrome/114.0.0.0 Safari/537.36 Vivaldi/5.3.2679.68"
198.244.242.95 - - [11/Oct/2025:21:36:25 +0300] "GET /9926454 HTTP/2.0" 404 55501 "-" "Mozilla/5.0 (compatible; AhrefsBot/7.0; +http://ahrefs.com/robot/)"
15.220.169.114 - - [11/Oct/2025:21:36:30 +0300] "POST /xmlrpc.php HTTP/1.1" 301 433 "-" "Mozilla/5.0 (Windows NT 10.0; Win64; x64) AppleWebKit/537.36 (KHTML, like Gecko) Chrome/79.0.3945.130 Safari/537.36"
15.220.169.114 - - [11/Oct/2025:21:36:30 +0300] "POST /xmlrpc.php HTTP/1.1" 200 145050 "-" "Mozilla/5.0 (Windows NT 10.0; Win64; x64) AppleWebKit/537.36 (KHTML, like Gecko) Chrome/79.0.3945.130 Safari/537.36"
15.220.169.114 - - [11/Oct/2025:21:36:31 +0300] "POST /xmlrpc.php HTTP/1.1" 301 433 "-" "Mozilla/5.0 (Windows NT 10.0; Win64; x64) AppleWebKit/537.36 (KHTML, like Gecko) Chrome/79.0.3945.130 Safari/537.36"
15.220.169.114 - - [11/Oct/2025:21:36:31 +0300] "POST /xmlrpc.php HTTP/1.1" 200 3871 "-" "Mozilla/5.0 (Windows NT 10.0; Win64; x64) AppleWebKit/537.36 (KHTML, like Gecko) Chrome/79.0.3945.130 Safari/537.36"
15.220.169.114 - - [11/Oct/2025:21:36:32 +0300] "POST /xmlrpc.php HTTP/1.1" 301 433 "-" "Mozilla/5.0 (Windows NT 10.0; Win64; x64) AppleWebKit/537.36 (KHTML, like Gecko) Chrome/79.0.3945.130 Safari/537.36"
15.220.169.114 - - [11/Oct/2025:21:36:32 +0300] "POST /xmlrpc.php HTTP/1.1" 200 3551 "-" "Mozilla/5.0 (Windows NT 10.0; Win64; x64) AppleWebKit/537.36 (KHTML, like Gecko) Chrome/79.0.3945.130 Safari/537.36"
15.220.169.114 - - [11/Oct/2025:21:36:33 +0300] "POST /xmlrpc.php HTTP/1.1" 301 433 "-" "Mozilla/5.0 (Windows NT 10.0; Win64; x64) AppleWebKit/537.36 (KHTML, like Gecko) Chrome/79.0.3945.130 Safari/537.36"
91.219.60.79 - - [11/Oct/2025:21:36:33 +0300] "POST /wp-cron.php?doing_wp_cron=1760207793.6852159500122070312500 HTTP/1.1" 200 3414 "-" "WordPress/6.8.3; https://nuofama.com"
15.220.169.114 - - [11/Oct/2025:21:36:33 +0300] "POST /xmlrpc.php HTTP/1.1" 200 19550 "-" "Mozilla/5.0 (Windows NT 10.0; Win64; x64) AppleWebKit/537.36 (KHTML, like Gecko) Chrome/79.0.3945.130 Safari/537.36"
198.244.183.219 - - [11/Oct/2025:21:36:34 +0300] "GET /987813860 HTTP/2.0" 404 55501 "-" "Mozilla/5.0 (compatible; AhrefsBot/7.0; +http://ahrefs.com/robot/)"
54.38.147.30 - - [11/Oct/2025:21:37:00 +0300] "GET /987243783 HTTP/2.0" 404 55501 "-" "Mozilla/5.0 (compatible; AhrefsBot/7.0; +http://ahrefs.com/robot/)"
51.195.183.18 - - [11/Oct/2025:21:37:16 +0300] "GET /986945710 HTTP/2.0" 404 55501 "-" "Mozilla/5.0 (compatible; AhrefsBot/7.0; +http://ahrefs.com/robot/)"
66.249.78.7 - - [11/Oct/2025:21:37:19 +0300] "GET /4959652 HTTP/1.1" 200 200665 "-" "Mozilla/5.0 (Linux; Android 6.0.1; Nexus 5X Build/MMB29P) AppleWebKit/537.36 (KHTML, like Gecko) Chrome/140.0.7339.207 Mobile Safari/537.36 (compatible; Googlebot/2.1; +http://www.google.com/bot.html)"
66.249.65.102 - - [11/Oct/2025:21:37:21 +0300] "GET /?93529231 HTTP/1.1" 200 197011 "-" "Mozilla/5.0 (Linux; Android 6.0.1; Nexus 5X Build/MMB29P) AppleWebKit/537.36 (KHTML, like Gecko) Chrome/140.0.7339.207 Mobile Safari/537.36 (compatible; Googlebot/2.1; +http://www.google.com/bot.html)"
66.249.65.101 - - [11/Oct/2025:21:37:28 +0300] "GET /?251980948 HTTP/1.1" 200 199087 "-" "Mozilla/5.0 (Linux; Android 6.0.1; Nexus 5X Build/MMB29P) AppleWebKit/537.36 (KHTML, like Gecko) Chrome/140.0.7339.207 Mobile Safari/537.36 (compatible; Googlebot/2.1; +http://www.google.com/bot.html)"
198.244.242.29 - - [11/Oct/2025:21:37:33 +0300] "GET /985766670 HTTP/2.0" 404 55501 "-" "Mozilla/5.0 (compatible; AhrefsBot/7.0; +http://ahrefs.com/robot/)"
51.195.215.229 - - [11/Oct/2025:21:37:45 +0300] "GET /984892541 HTTP/2.0" 404 55501 "-" "Mozilla/5.0 (compatible; AhrefsBot/7.0; +http://ahrefs.com/robot/)"
109.169.34.43 - - [11/Oct/2025:21:37:49 +0300] "POST /xmlrpc.php HTTP/1.1" 301 433 "-" "Mozilla/5.0 (Windows NT 10.0; Win64; x64) AppleWebKit/537.36 (KHTML, like Gecko) Chrome/80.0.3987.149 Safari/537.36"
109.169.34.43 - - [11/Oct/2025:21:37:50 +0300] "POST /xmlrpc.php HTTP/1.1" 200 145050 "-" "Mozilla/5.0 (Windows NT 10.0; Win64; x64) AppleWebKit/537.36 (KHTML, like Gecko) Chrome/80.0.3987.149 Safari/537.36"
109.169.34.43 - - [11/Oct/2025:21:37:51 +0300] "POST /xmlrpc.php HTTP/1.1" 301 433 "-" "Mozilla/5.0 (Windows NT 10.0; Win64; x64) AppleWebKit/537.36 (KHTML, like Gecko) Chrome/80.0.3987.149 Safari/537.36"
109.169.34.43 - - [11/Oct/2025:21:37:51 +0300] "POST /xmlrpc.php HTTP/1.1" 200 3871 "-" "Mozilla/5.0 (Windows NT 10.0; Win64; x64) AppleWebKit/537.36 (KHTML, like Gecko) Chrome/80.0.3987.149 Safari/537.36"
109.169.34.43 - - [11/Oct/2025:21:37:52 +0300] "POST /xmlrpc.php HTTP/1.1" 301 433 "-" "Mozilla/5.0 (Windows NT 10.0; Win64; x64) AppleWebKit/537.36 (KHTML, like Gecko) Chrome/80.0.3987.149 Safari/537.36"
109.169.34.43 - - [11/Oct/2025:21:37:53 +0300] "POST /xmlrpc.php HTTP/1.1" 200 3551 "-" "Mozilla/5.0 (Windows NT 10.0; Win64; x64) AppleWebKit/537.36 (KHTML, like Gecko) Chrome/80.0.3987.149 Safari/537.36"
