81.16.128.78 - - [12/Oct/2025:07:05:03 +0300] "GET /wp-content/themes/blocksy/static/bundle/comments.min.css?ver=1.8.75 HTTP/2.0" 200 4725 "https://nuofama.com/mir-uvlekatelnyh-stavok-otkryvaet-dveri-k/" "Mozilla/5.0 (Windows NT 10.0; Win64; x64) AppleWebKit/537.36 (KHTML, like Gecko) Chrome/130.0.0.0 Safari/537.36"
81.16.128.78 - - [12/Oct/2025:07:05:03 +0300] "GET /wp-content/themes/blocksy/static/bundle/main.min.css?ver=1.8.75 HTTP/2.0" 200 96223 "https://nuofama.com/mir-uvlekatelnyh-stavok-otkryvaet-dveri-k/" "Mozilla/5.0 (Windows NT 10.0; Win64; x64) AppleWebKit/537.36 (KHTML, like Gecko) Chrome/130.0.0.0 Safari/537.36"
81.16.128.78 - - [12/Oct/2025:07:05:03 +0300] "GET /wp-content/themes/blocksy/static/bundle/main.js?ver=1.8.75 HTTP/2.0" 200 33521 "https://nuofama.com/mir-uvlekatelnyh-stavok-otkryvaet-dveri-k/" "Mozilla/5.0 (Windows NT 10.0; Win64; x64) AppleWebKit/537.36 (KHTML, like Gecko) Chrome/130.0.0.0 Safari/537.36"
81.16.128.78 - - [12/Oct/2025:07:05:03 +0300] "GET /wp-includes/js/comment-reply.min.js?ver=6.8.3 HTTP/2.0" 200 3125 "https://nuofama.com/mir-uvlekatelnyh-stavok-otkryvaet-dveri-k/" "Mozilla/5.0 (Windows NT 10.0; Win64; x64) AppleWebKit/537.36 (KHTML, like Gecko) Chrome/130.0.0.0 Safari/537.36"
81.16.128.78 - - [12/Oct/2025:07:05:04 +0300] "GET /wp-content/themes/blocksy/static/bundle/142.52ae544efaeaa302199b.js HTTP/2.0" 200 5749 "https://nuofama.com/mir-uvlekatelnyh-stavok-otkryvaet-dveri-k/" "Mozilla/5.0 (Windows NT 10.0; Win64; x64) AppleWebKit/537.36 (KHTML, like Gecko) Chrome/130.0.0.0 Safari/537.36"
81.16.128.78 - - [12/Oct/2025:07:05:04 +0300] "GET /wp-content/uploads/2022/12/3434-1.svg HTTP/2.0" 200 543723 "https://nuofama.com/mir-uvlekatelnyh-stavok-otkryvaet-dveri-k/" "Mozilla/5.0 (Windows NT 10.0; Win64; x64) AppleWebKit/537.36 (KHTML, like Gecko) Chrome/130.0.0.0 Safari/537.36"
113.189.34.76 - - [12/Oct/2025:07:05:02 +0300] "GET /plinko-vi-sitter-pa-jamfort-alla-plinko-casino-i-sweden-2025/ HTTP/1.1" 200 92838 "-" "Mozilla/5.0 (Windows NT 6.3; Win64; x64) AppleWebKit/537.36 (KHTML, like Gecko) Chrome/101.0.4951.54 Safari/537.36"
81.16.128.78 - - [12/Oct/2025:07:05:05 +0300] "GET /wp-content/themes/blocksy/static/bundle/466.41c76717f9171eac501f.js HTTP/2.0" 200 896 "https://nuofama.com/mir-uvlekatelnyh-stavok-otkryvaet-dveri-k/" "Mozilla/5.0 (Windows NT 10.0; Win64; x64) AppleWebKit/537.36 (KHTML, like Gecko) Chrome/130.0.0.0 Safari/537.36"
198.244.240.155 - - [12/Oct/2025:07:05:05 +0300] "GET /291791452 HTTP/2.0" 404 55501 "-" "Mozilla/5.0 (compatible; AhrefsBot/7.0; +http://ahrefs.com/robot/)"
81.16.128.78 - - [12/Oct/2025:07:05:06 +0300] "GET /robots.txt HTTP/2.0" 200 188 "https://nuofama.com/mir-uvlekatelnyh-stavok-otkryvaet-dveri-k/" "Mozilla/5.0 (Windows NT 10.0; Win64; x64) AppleWebKit/537.36 (KHTML, like Gecko) Chrome/130.0.0.0 Safari/537.36"
51.195.183.102 - - [12/Oct/2025:07:05:24 +0300] "GET /286914719 HTTP/2.0" 404 55501 "-" "Mozilla/5.0 (compatible; AhrefsBot/7.0; +http://ahrefs.com/robot/)"
51.195.215.63 - - [12/Oct/2025:07:05:36 +0300] "GET /286806463 HTTP/2.0" 404 55501 "-" "Mozilla/5.0 (compatible; AhrefsBot/7.0; +http://ahrefs.com/robot/)"
212.30.36.173 - - [12/Oct/2025:07:05:48 +0300] "GET /wetten-online-bonus-ohne-einzahlung/ HTTP/1.1" 200 66566 "-" "Mozilla/5.0 (X11; Linux i686; rv:114.0) Gecko/20100101 Firefox/114.0"
66.249.65.101 - - [12/Oct/2025:07:05:53 +0300] "GET /moonwin-gambling-establishment-no-deposit-bonus-fifty-totally-free-spins/ HTTP/1.1" 200 205353 "-" "Mozilla/5.0 (Linux; Android 6.0.1; Nexus 5X Build/MMB29P) AppleWebKit/537.36 (KHTML, like Gecko) Chrome/140.0.7339.207 Mobile Safari/537.36 (compatible; Googlebot/2.1; +http://www.google.com/bot.html)"
66.249.65.102 - - [12/Oct/2025:07:05:54 +0300] "GET /6056660 HTTP/1.1" 200 195070 "-" "Mozilla/5.0 (Linux; Android 6.0.1; Nexus 5X Build/MMB29P) AppleWebKit/537.36 (KHTML, like Gecko) Chrome/140.0.7339.207 Mobile Safari/537.36 (compatible; Googlebot/2.1; +http://www.google.com/bot.html)"
51.89.129.175 - - [12/Oct/2025:07:06:00 +0300] "GET /283732129 HTTP/2.0" 404 55501 "-" "Mozilla/5.0 (compatible; AhrefsBot/7.0; +http://ahrefs.com/robot/)"
54.38.147.10 - - [12/Oct/2025:07:06:08 +0300] "GET /283724782 HTTP/2.0" 404 55501 "-" "Mozilla/5.0 (compatible; AhrefsBot/7.0; +http://ahrefs.com/robot/)"
66.249.65.101 - - [12/Oct/2025:07:06:07 +0300] "GET /obtain-to-possess-new-iphone-4-and-you-can-android-fresh-type-september-2025/ HTTP/1.1" 200 203710 "-" "Mozilla/5.0 (Linux; Android 6.0.1; Nexus 5X Build/MMB29P) AppleWebKit/537.36 (KHTML, like Gecko) Chrome/140.0.7339.207 Mobile Safari/537.36 (compatible; Googlebot/2.1; +http://www.google.com/bot.html)"
66.249.65.101 - - [12/Oct/2025:07:06:10 +0300] "GET /casino-games-for-real-currency-gamble-1xbet-indian-online-casino-ports/ HTTP/1.1" 200 192044 "-" "Mozilla/5.0 (Linux; Android 6.0.1; Nexus 5X Build/MMB29P) AppleWebKit/537.36 (KHTML, like Gecko) Chrome/140.0.7339.207 Mobile Safari/537.36 (compatible; Googlebot/2.1; +http://www.google.com/bot.html)"
198.244.242.13 - - [12/Oct/2025:07:06:26 +0300] "GET /28293538 HTTP/2.0" 404 55501 "-" "Mozilla/5.0 (compatible; AhrefsBot/7.0; +http://ahrefs.com/robot/)"
216.238.92.92 - - [12/Oct/2025:07:06:27 +0300] "POST /xmlrpc.php HTTP/1.1" 200 3763 "-" "Mozilla/5.0 (Windows NT 10.0; Win64; x64) AppleWebKit/537.36 (KHTML, like Gecko) Chrome/114.0.0.0 Safari/537.36"
91.219.60.79 - - [12/Oct/2025:07:06:36 +0300] "POST /wp-cron.php?doing_wp_cron=1760241996.5149741172790527343750 HTTP/1.1" 200 3414 "-" "WordPress/6.8.3; https://nuofama.com"
216.238.92.92 - - [12/Oct/2025:07:06:35 +0300] "POST /xmlrpc.php HTTP/1.1" 200 17765 "-" "Mozilla/5.0 (Windows NT 10.0; Win64; x64) AppleWebKit/537.36 (KHTML, like Gecko) Chrome/114.0.0.0 Safari/537.36"
216.238.92.92 - - [12/Oct/2025:07:06:38 +0300] "GET /wayne-uberprufen-sie-meine-quelle-book-of-ra-deluxe-gebuhrenfrei-auffuhren-uber-echtgeld-ratschlag-rooney/ HTTP/1.1" 200 71063 "-" "Mozilla/5.0 (Windows NT 10.0; rv:125.0) Gecko/20100101 Firefox/125.0"
198.244.168.88 - - [12/Oct/2025:07:06:47 +0300] "GET /2822809 HTTP/2.0" 404 55501 "-" "Mozilla/5.0 (compatible; AhrefsBot/7.0; +http://ahrefs.com/robot/)"
51.195.244.250 - - [12/Oct/2025:07:07:02 +0300] "GET /282129124 HTTP/2.0" 404 55501 "-" "Mozilla/5.0 (compatible; AhrefsBot/7.0; +http://ahrefs.com/robot/)"
43.157.172.39 - - [12/Oct/2025:07:07:10 +0300] "GET / HTTP/1.1" 301 432 "-" "Mozilla/5.0 (iPhone; CPU iPhone OS 13_2_3 like Mac OS X) AppleWebKit/605.1.15 (KHTML, like Gecko) Version/13.0.3 Mobile/15E148 Safari/604.1"
43.157.172.39 - - [12/Oct/2025:07:07:13 +0300] "GET / HTTP/1.1" 200 80490 "http://nuofama.com" "Mozilla/5.0 (iPhone; CPU iPhone OS 13_2_3 like Mac OS X) AppleWebKit/605.1.15 (KHTML, like Gecko) Version/13.0.3 Mobile/15E148 Safari/604.1"
51.89.129.110 - - [12/Oct/2025:07:07:21 +0300] "GET /281911349 HTTP/2.0" 404 55501 "-" "Mozilla/5.0 (compatible; AhrefsBot/7.0; +http://ahrefs.com/robot/)"
198.244.183.172 - - [12/Oct/2025:07:07:36 +0300] "GET /281603424 HTTP/2.0" 404 55501 "-" "Mozilla/5.0 (compatible; AhrefsBot/7.0; +http://ahrefs.com/robot/)"
51.195.215.105 - - [12/Oct/2025:07:07:44 +0300] "GET /280044071 HTTP/2.0" 404 55501 "-" "Mozilla/5.0 (compatible; AhrefsBot/7.0; +http://ahrefs.com/robot/)"
66.249.65.100 - - [12/Oct/2025:07:07:57 +0300] "GET /6478089 HTTP/1.1" 200 197887 "-" "Mozilla/5.0 (Linux; Android 6.0.1; Nexus 5X Build/MMB29P) AppleWebKit/537.36 (KHTML, like Gecko) Chrome/140.0.7339.207 Mobile Safari/537.36 (compatible; Googlebot/2.1; +http://www.google.com/bot.html)"
66.249.78.6 - - [12/Oct/2025:07:08:01 +0300] "GET /359819636 HTTP/1.1" 200 199138 "-" "Mozilla/5.0 (Linux; Android 6.0.1; Nexus 5X Build/MMB29P) AppleWebKit/537.36 (KHTML, like Gecko) Chrome/140.0.7339.207 Mobile Safari/537.36 (compatible; Googlebot/2.1; +http://www.google.com/bot.html)"
51.89.129.34 - - [12/Oct/2025:07:08:05 +0300] "GET /279192156 HTTP/2.0" 404 55501 "-" "Mozilla/5.0 (compatible; AhrefsBot/7.0; +http://ahrefs.com/robot/)"
198.244.226.116 - - [12/Oct/2025:07:08:16 +0300] "GET /27769325 HTTP/2.0" 404 55501 "-" "Mozilla/5.0 (compatible; AhrefsBot/7.0; +http://ahrefs.com/robot/)"
51.195.244.148 - - [12/Oct/2025:07:08:29 +0300] "GET /275588473 HTTP/2.0" 404 55501 "-" "Mozilla/5.0 (compatible; AhrefsBot/7.0; +http://ahrefs.com/robot/)"
198.244.168.235 - - [12/Oct/2025:07:08:48 +0300] "GET /274618804 HTTP/2.0" 404 55501 "-" "Mozilla/5.0 (compatible; AhrefsBot/7.0; +http://ahrefs.com/robot/)"
66.249.65.100 - - [12/Oct/2025:07:09:00 +0300] "GET /3535477 HTTP/1.1" 200 194421 "-" "Mozilla/5.0 (Linux; Android 6.0.1; Nexus 5X Build/MMB29P) AppleWebKit/537.36 (KHTML, like Gecko) Chrome/140.0.7339.207 Mobile Safari/537.36 (compatible; Googlebot/2.1; +http://www.google.com/bot.html)"
198.244.168.19 - - [12/Oct/2025:07:09:03 +0300] "GET /274408931 HTTP/2.0" 404 55510 "-" "Mozilla/5.0 (compatible; AhrefsBot/7.0; +http://ahrefs.com/robot/)"
51.195.244.253 - - [12/Oct/2025:07:09:14 +0300] "GET /271942633 HTTP/2.0" 404 55501 "-" "Mozilla/5.0 (compatible; AhrefsBot/7.0; +http://ahrefs.com/robot/)"
54.38.147.150 - - [12/Oct/2025:07:09:30 +0300] "GET /27112185 HTTP/2.0" 404 55501 "-" "Mozilla/5.0 (compatible; AhrefsBot/7.0; +http://ahrefs.com/robot/)"
198.244.168.254 - - [12/Oct/2025:07:09:47 +0300] "GET /270084466 HTTP/2.0" 404 55501 "-" "Mozilla/5.0 (compatible; AhrefsBot/7.0; +http://ahrefs.com/robot/)"
93.123.109.60 - - [12/Oct/2025:07:09:48 +0300] "GET / HTTP/1.1" 200 80693 "-" "Python/3.10 aiohttp/3.12.15"
139.135.241.71 - - [12/Oct/2025:07:09:49 +0300] "POST /xmlrpc.php HTTP/1.1" 200 3529 "-" "python-requests/2.28.1"
91.219.60.79 - - [12/Oct/2025:07:09:51 +0300] "POST /wp-cron.php?doing_wp_cron=1760242191.7670118808746337890625 HTTP/1.1" 200 3414 "-" "WordPress/6.8.3; https://nuofama.com"
93.123.109.60 - - [12/Oct/2025:07:09:50 +0300] "GET /_next/static/ HTTP/1.1" 404 55906 "-" "Python/3.10 aiohttp/3.12.15"
14.167.91.144 - - [12/Oct/2025:07:09:53 +0300] "GET /wp-login.php HTTP/1.1" 200 14285 "-" "python-requests/2.28.1"
14.167.91.144 - - [12/Oct/2025:07:09:54 +0300] "POST /wp-login.php HTTP/1.1" 302 1401 "-" "python-requests/2.28.1"
93.123.109.60 - - [12/Oct/2025:07:09:56 +0300] "GET /_next/data/ HTTP/1.1" 404 59205 "-" "Python/3.10 aiohttp/3.12.15"
51.195.183.64 - - [12/Oct/2025:07:09:58 +0300] "GET /2688570 HTTP/2.0" 404 55501 "-" "Mozilla/5.0 (compatible; AhrefsBot/7.0; +http://ahrefs.com/robot/)"
14.167.91.144 - - [12/Oct/2025:07:09:56 +0300] "GET /?p=22512 HTTP/1.1" 301 518 "-" "Mozilla/5.0 (Windows NT 6.3; Win64; x64) AppleWebKit/537.36 (KHTML, like Gecko) Chrome/101.0.4951.54 Safari/537.36"
93.123.109.60 - - [12/Oct/2025:07:09:58 +0300] "GET /_nuxt/ HTTP/1.1" 404 55887 "-" "Python/3.10 aiohttp/3.12.15"
93.123.109.60 - - [12/Oct/2025:07:10:00 +0300] "GET /static/ HTTP/1.1" 404 55887 "-" "Python/3.10 aiohttp/3.12.15"
14.167.91.144 - - [12/Oct/2025:07:10:00 +0300] "GET /yuksek-96-51-rtp-ile-yasal-olarak-oyna-ve-kazan/ HTTP/1.1" 200 86982 "-" "Mozilla/5.0 (Windows NT 6.3; Win64; x64) AppleWebKit/537.36 (KHTML, like Gecko) Chrome/101.0.4951.54 Safari/537.36"
93.123.109.60 - - [12/Oct/2025:07:10:02 +0300] "GET /assets/ HTTP/1.1" 404 55887 "-" "Python/3.10 aiohttp/3.12.15"
93.123.109.60 - - [12/Oct/2025:07:10:05 +0300] "GET /build/ HTTP/1.1" 404 55887 "-" "Python/3.10 aiohttp/3.12.15"
93.123.109.60 - - [12/Oct/2025:07:10:08 +0300] "GET /dist/ HTTP/1.1" 404 55887 "-" "Python/3.10 aiohttp/3.12.15"
93.123.109.60 - - [12/Oct/2025:07:10:10 +0300] "GET /public/ HTTP/1.1" 404 55887 "-" "Python/3.10 aiohttp/3.12.15"
93.123.109.60 - - [12/Oct/2025:07:10:13 +0300] "GET /public/js/ HTTP/1.1" 404 55887 "-" "Python/3.10 aiohttp/3.12.15"
93.123.109.60 - - [12/Oct/2025:07:10:15 +0300] "GET /frontend/ HTTP/1.1" 404 55887 "-" "Python/3.10 aiohttp/3.12.15"
198.244.168.117 - - [12/Oct/2025:07:10:20 +0300] "GET /268566396 HTTP/2.0" 404 55501 "-" "Mozilla/5.0 (compatible; AhrefsBot/7.0; +http://ahrefs.com/robot/)"
198.244.226.121 - - [12/Oct/2025:07:10:20 +0300] "GET /268060251 HTTP/2.0" 404 55501 "-" "Mozilla/5.0 (compatible; AhrefsBot/7.0; +http://ahrefs.com/robot/)"
93.123.109.60 - - [12/Oct/2025:07:10:21 +0300] "GET /frontend/static/ HTTP/1.1" 404 55887 "-" "Python/3.10 aiohttp/3.12.15"
93.123.109.60 - - [12/Oct/2025:07:10:24 +0300] "GET /frontend/assets/ HTTP/1.1" 404 55887 "-" "Python/3.10 aiohttp/3.12.15"
93.123.109.60 - - [12/Oct/2025:07:10:26 +0300] "GET /scripts/ HTTP/1.1" 404 55887 "-" "Python/3.10 aiohttp/3.12.15"
93.123.109.60 - - [12/Oct/2025:07:10:29 +0300] "GET /js/ HTTP/1.1" 404 55887 "-" "Python/3.10 aiohttp/3.12.15"
93.123.109.60 - - [12/Oct/2025:07:10:31 +0300] "GET /client/ HTTP/1.1" 404 55887 "-" "Python/3.10 aiohttp/3.12.15"
93.123.109.60 - - [12/Oct/2025:07:10:34 +0300] "GET /runtime/ HTTP/1.1" 404 55906 "-" "Python/3.10 aiohttp/3.12.15"
51.89.129.244 - - [12/Oct/2025:07:10:40 +0300] "GET /267710368 HTTP/2.0" 404 55501 "-" "Mozilla/5.0 (compatible; AhrefsBot/7.0; +http://ahrefs.com/robot/)"
93.123.109.60 - - [12/Oct/2025:07:10:40 +0300] "GET /chunks/ HTTP/1.1" 404 59205 "-" "Python/3.10 aiohttp/3.12.15"
93.123.109.60 - - [12/Oct/2025:07:10:42 +0300] "GET /modules/ HTTP/1.1" 404 55887 "-" "Python/3.10 aiohttp/3.12.15"
93.123.109.60 - - [12/Oct/2025:07:10:44 +0300] "GET /packs/ HTTP/1.1" 404 55887 "-" "Python/3.10 aiohttp/3.12.15"
104.194.132.199 - - [12/Oct/2025:07:10:46 +0300] "GET /wetten-regulare-spielzeit/ HTTP/1.1" 200 66273 "-" "Mozilla/5.0 (X11; Linux i686; rv:114.0) Gecko/20100101 Firefox/114.0"
93.123.109.60 - - [12/Oct/2025:07:10:47 +0300] "GET /bundle/ HTTP/1.1" 404 55887 "-" "Python/3.10 aiohttp/3.12.15"
93.123.109.60 - - [12/Oct/2025:07:10:50 +0300] "GET /spa/ HTTP/1.1" 301 459 "-" "Python/3.10 aiohttp/3.12.15"
93.123.109.60 - - [12/Oct/2025:07:10:52 +0300] "GET /spa-fluviatile-en-bassin-andre-portail-de-lesc-de-dijon-resort-restaurant-spa-splendeur/ HTTP/1.1" 200 63191 "-" "Python/3.10 aiohttp/3.12.15"
93.123.109.60 - - [12/Oct/2025:07:10:54 +0300] "GET /app/ HTTP/1.1" 301 436 "-" "Python/3.10 aiohttp/3.12.15"
93.123.109.60 - - [12/Oct/2025:07:10:56 +0300] "GET /app-arredo-coolzino-bisca-accettiamo-giocatori-ios-anche-android/ HTTP/1.1" 200 66443 "-" "Python/3.10 aiohttp/3.12.15"
93.123.109.60 - - [12/Oct/2025:07:10:58 +0300] "GET /dashboard/ HTTP/1.1" 302 432 "-" "Python/3.10 aiohttp/3.12.15"
93.123.109.60 - - [12/Oct/2025:07:11:00 +0300] "GET /wp-admin/ HTTP/1.1" 302 452 "-" "Python/3.10 aiohttp/3.12.15"
198.244.168.255 - - [12/Oct/2025:07:11:00 +0300] "GET /264651816 HTTP/2.0" 404 55501 "-" "Mozilla/5.0 (compatible; AhrefsBot/7.0; +http://ahrefs.com/robot/)"
93.123.109.60 - - [12/Oct/2025:07:11:01 +0300] "GET /wp-login.php?redirect_to=https://nuofama.com/wp-admin/&reauth=1 HTTP/1.1" 200 13270 "-" "Python/3.10 aiohttp/3.12.15"
93.123.109.60 - - [12/Oct/2025:07:11:02 +0300] "GET /.env HTTP/1.1" 301 420 "-" "Python/3.10 aiohttp/3.12.15"
198.244.183.190 - - [12/Oct/2025:07:11:03 +0300] "GET /262127080 HTTP/2.0" 404 55501 "-" "Mozilla/5.0 (compatible; AhrefsBot/7.0; +http://ahrefs.com/robot/)"
66.249.78.7 - - [12/Oct/2025:07:11:02 +0300] "GET /68103035 HTTP/1.1" 200 193306 "-" "Mozilla/5.0 (Linux; Android 6.0.1; Nexus 5X Build/MMB29P) AppleWebKit/537.36 (KHTML, like Gecko) Chrome/140.0.7339.207 Mobile Safari/537.36 (compatible; Googlebot/2.1; +http://www.google.com/bot.html)"
93.123.109.60 - - [12/Oct/2025:07:11:04 +0300] "GET /envie-de-gains-immediats-billionaire-spin-casino/ HTTP/1.1" 200 70466 "-" "Python/3.10 aiohttp/3.12.15"
93.123.109.60 - - [12/Oct/2025:07:11:05 +0300] "GET /.git/config HTTP/1.1" 404 55887 "-" "Python/3.10 aiohttp/3.12.15"
93.123.109.60 - - [12/Oct/2025:07:11:07 +0300] "GET /backend/.env HTTP/1.1" 301 420 "-" "Python/3.10 aiohttp/3.12.15"
81.16.128.78 - - [12/Oct/2025:07:11:08 +0300] "GET /sfreccia-tra-le-sfide-ardenti-e-scopri-le/ HTTP/2.0" 200 69421 "-" "Mozilla/5.0 (X11; Linux x86_64) AppleWebKit/537.36 (KHTML, like Gecko) Chrome/114.0.0.0 Safari/537.36"
93.123.109.60 - - [12/Oct/2025:07:11:09 +0300] "GET /envie-de-gains-immediats-billionaire-spin-casino/ HTTP/1.1" 200 70466 "-" "Python/3.10 aiohttp/3.12.15"
93.123.109.60 - - [12/Oct/2025:07:11:12 +0300] "GET /admin/.env HTTP/1.1" 301 420 "-" "Python/3.10 aiohttp/3.12.15"
93.123.109.60 - - [12/Oct/2025:07:11:15 +0300] "GET /envie-de-gains-immediats-billionaire-spin-casino/ HTTP/1.1" 200 70466 "-" "Python/3.10 aiohttp/3.12.15"
66.249.65.101 - - [12/Oct/2025:07:11:12 +0300] "GET /1xbet-promo-code-score-now-incentive-password-to-have-activities-and-you-may-gambling-establishment-inside-ghana/ HTTP/1.1" 200 199824 "-" "Mozilla/5.0 (Linux; Android 6.0.1; Nexus 5X Build/MMB29P) AppleWebKit/537.36 (KHTML, like Gecko) Chrome/140.0.7339.207 Mobile Safari/537.36 (compatible; Googlebot/2.1; +http://www.google.com/bot.html)"
66.249.78.5 - - [12/Oct/2025:07:11:15 +0300] "GET /1xbet-gambling-enterprise-better-slots-incentives-subscription-book-2025/ HTTP/1.1" 200 199123 "-" "Mozilla/5.0 (Linux; Android 6.0.1; Nexus 5X Build/MMB29P) AppleWebKit/537.36 (KHTML, like Gecko) Chrome/140.0.7339.207 Mobile Safari/537.36 (compatible; Googlebot/2.1; +http://www.google.com/bot.html)"
93.123.109.60 - - [12/Oct/2025:07:11:16 +0300] "GET /core/.env HTTP/1.1" 301 420 "-" "Python/3.10 aiohttp/3.12.15"
57.141.6.12 - - [12/Oct/2025:07:11:18 +0300] "GET /879683142 HTTP/2.0" 404 55504 "-" "meta-externalagent/1.1 (+https://developers.facebook.com/docs/sharing/webmasters/crawler)"
93.123.109.60 - - [12/Oct/2025:07:11:18 +0300] "GET /envie-de-gains-immediats-billionaire-spin-casino/ HTTP/1.1" 200 70466 "-" "Python/3.10 aiohttp/3.12.15"
93.123.109.60 - - [12/Oct/2025:07:11:20 +0300] "GET /.env.bak HTTP/1.1" 404 55887 "-" "Python/3.10 aiohttp/3.12.15"
51.89.129.232 - - [12/Oct/2025:07:11:22 +0300] "GET /261886011 HTTP/2.0" 404 55501 "-" "Mozilla/5.0 (compatible; AhrefsBot/7.0; +http://ahrefs.com/robot/)"
93.123.109.60 - - [12/Oct/2025:07:11:22 +0300] "GET /.git/logs/HEAD HTTP/1.1" 404 55887 "-" "Python/3.10 aiohttp/3.12.15"
93.123.109.60 - - [12/Oct/2025:07:11:28 +0300] "GET /wp-config.php HTTP/1.1" 200 186 "-" "Python/3.10 aiohttp/3.12.15"
93.123.109.60 - - [12/Oct/2025:07:11:29 +0300] "GET /.gitlab-ci.yml HTTP/1.1" 404 55887 "-" "Python/3.10 aiohttp/3.12.15"
93.123.109.60 - - [12/Oct/2025:07:11:31 +0300] "GET /config.json HTTP/1.1" 404 55887 "-" "Python/3.10 aiohttp/3.12.15"
93.123.109.60 - - [12/Oct/2025:07:11:34 +0300] "GET /config.js HTTP/1.1" 404 55887 "-" "Python/3.10 aiohttp/3.12.15"
51.195.244.223 - - [12/Oct/2025:07:11:36 +0300] "GET /2616701 HTTP/2.0" 404 55501 "-" "Mozilla/5.0 (compatible; AhrefsBot/7.0; +http://ahrefs.com/robot/)"
93.123.109.60 - - [12/Oct/2025:07:11:37 +0300] "GET /aws-config.js HTTP/1.1" 404 55887 "-" "Python/3.10 aiohttp/3.12.15"
93.123.109.60 - - [12/Oct/2025:07:11:39 +0300] "GET /aws.config.js HTTP/1.1" 404 55887 "-" "Python/3.10 aiohttp/3.12.15"
198.244.168.60 - - [12/Oct/2025:07:11:50 +0300] "GET /259448224 HTTP/2.0" 404 55501 "-" "Mozilla/5.0 (compatible; AhrefsBot/7.0; +http://ahrefs.com/robot/)"
57.141.6.65 - - [12/Oct/2025:07:11:57 +0300] "GET /?p=2851 HTTP/2.0" 301 204 "-" "meta-externalagent/1.1 (+https://developers.facebook.com/docs/sharing/webmasters/crawler)"
51.89.129.160 - - [12/Oct/2025:07:12:05 +0300] "GET /258538259 HTTP/2.0" 404 55501 "-" "Mozilla/5.0 (compatible; AhrefsBot/7.0; +http://ahrefs.com/robot/)"
66.249.65.101 - - [12/Oct/2025:07:12:05 +0300] "GET /93952060 HTTP/1.1" 200 197574 "-" "Mozilla/5.0 (Linux; Android 6.0.1; Nexus 5X Build/MMB29P) AppleWebKit/537.36 (KHTML, like Gecko) Chrome/140.0.7339.207 Mobile Safari/537.36 (compatible; Googlebot/2.1; +http://www.google.com/bot.html)"
51.195.215.166 - - [12/Oct/2025:07:12:13 +0300] "GET /2555961 HTTP/2.0" 404 55501 "-" "Mozilla/5.0 (compatible; AhrefsBot/7.0; +http://ahrefs.com/robot/)"
57.141.6.27 - - [12/Oct/2025:07:12:20 +0300] "GET /wp-json/wp/v2/posts/20056 HTTP/2.0" 200 54425 "-" "meta-externalagent/1.1 (+https://developers.facebook.com/docs/sharing/webmasters/crawler)"
198.244.242.31 - - [12/Oct/2025:07:12:33 +0300] "GET /251861432 HTTP/2.0" 404 55501 "-" "Mozilla/5.0 (compatible; AhrefsBot/7.0; +http://ahrefs.com/robot/)"
198.244.240.69 - - [12/Oct/2025:07:12:47 +0300] "GET /251693499 HTTP/2.0" 404 55501 "-" "Mozilla/5.0 (compatible; AhrefsBot/7.0; +http://ahrefs.com/robot/)"
185.232.21.34 - - [12/Oct/2025:07:13:06 +0300] "GET /wp-login.php HTTP/1.1" 301 493 "http://nuofama.com/" "Mozilla/5.0 (Windows NT 10.0; Win64; x64) AppleWebKit/537.36 (KHTML, like Gecko) Chrome/139.0.0.0 Safari/537.36"
185.232.21.34 - - [12/Oct/2025:07:13:07 +0300] "GET /wp-login.php HTTP/2.0" 200 10874 "http://nuofama.com/" "Mozilla/5.0 (Windows NT 10.0; Win64; x64) AppleWebKit/537.36 (KHTML, like Gecko) Chrome/139.0.0.0 Safari/537.36"
185.232.21.34 - - [12/Oct/2025:07:13:07 +0300] "GET /wp-includes/js/underscore.min.js?ver=1.13.7 HTTP/2.0" 200 19112 "https://nuofama.com/wp-login.php" "Mozilla/5.0 (Windows NT 10.0; Win64; x64) AppleWebKit/537.36 (KHTML, like Gecko) Chrome/139.0.0.0 Safari/537.36"
185.232.21.34 - - [12/Oct/2025:07:13:07 +0300] "GET /wp-includes/js/wp-util.min.js?ver=6.8.3 HTTP/2.0" 200 1538 "https://nuofama.com/wp-login.php" "Mozilla/5.0 (Windows NT 10.0; Win64; x64) AppleWebKit/537.36 (KHTML, like Gecko) Chrome/139.0.0.0 Safari/537.36"
185.232.21.34 - - [12/Oct/2025:07:13:07 +0300] "GET /wp-includes/js/dist/dom-ready.min.js?ver=f77871ff7694fffea381 HTTP/2.0" 200 539 "https://nuofama.com/wp-login.php" "Mozilla/5.0 (Windows NT 10.0; Win64; x64) AppleWebKit/537.36 (KHTML, like Gecko) Chrome/139.0.0.0 Safari/537.36"
185.232.21.34 - - [12/Oct/2025:07:13:07 +0300] "GET /wp-includes/js/dist/a11y.min.js?ver=3156534cc54473497e14 HTTP/2.0" 200 2448 "https://nuofama.com/wp-login.php" "Mozilla/5.0 (Windows NT 10.0; Win64; x64) AppleWebKit/537.36 (KHTML, like Gecko) Chrome/139.0.0.0 Safari/537.36"
185.232.21.34 - - [12/Oct/2025:07:13:07 +0300] "GET /wp-includes/js/dist/i18n.min.js?ver=5e580eb46a90c2b997e6 HTTP/2.0" 200 9263 "https://nuofama.com/wp-login.php" "Mozilla/5.0 (Windows NT 10.0; Win64; x64) AppleWebKit/537.36 (KHTML, like Gecko) Chrome/139.0.0.0 Safari/537.36"
185.232.21.34 - - [12/Oct/2025:07:13:07 +0300] "GET /wp-admin/js/password-strength-meter.min.js?ver=6.8.3 HTTP/2.0" 200 1205 "https://nuofama.com/wp-login.php" "Mozilla/5.0 (Windows NT 10.0; Win64; x64) AppleWebKit/537.36 (KHTML, like Gecko) Chrome/139.0.0.0 Safari/537.36"
185.232.21.34 - - [12/Oct/2025:07:13:07 +0300] "GET /wp-admin/js/user-profile.min.js?ver=6.8.3 HTTP/2.0" 200 6990 "https://nuofama.com/wp-login.php" "Mozilla/5.0 (Windows NT 10.0; Win64; x64) AppleWebKit/537.36 (KHTML, like Gecko) Chrome/139.0.0.0 Safari/537.36"
185.232.21.34 - - [12/Oct/2025:07:13:07 +0300] "GET /wp-admin/load-styles.php?c=0&dir=ltr&load%5Bchunk_0%5D=dashicons,buttons,forms,l10n,login&ver=6.8.3 HTTP/2.0" 200 103964 "https://nuofama.com/wp-login.php" "Mozilla/5.0 (Windows NT 10.0; Win64; x64) AppleWebKit/537.36 (KHTML, like Gecko) Chrome/139.0.0.0 Safari/537.36"
185.232.21.34 - - [12/Oct/2025:07:13:07 +0300] "GET /wp-admin/load-scripts.php?c=0&load%5Bchunk_0%5D=clipboard,jquery-core,jquery-migrate,zxcvbn-async,wp-hooks&ver=6.8.3 HTTP/2.0" 200 116155 "https://nuofama.com/wp-login.php" "Mozilla/5.0 (Windows NT 10.0; Win64; x64) AppleWebKit/537.36 (KHTML, like Gecko) Chrome/139.0.0.0 Safari/537.36"
185.232.21.34 - - [12/Oct/2025:07:13:07 +0300] "GET /wp-admin/images/wordpress-logo.svg?ver=20131107 HTTP/2.0" 200 1623 "https://nuofama.com/wp-admin/load-styles.php?c=0&dir=ltr&load%5Bchunk_0%5D=dashicons,buttons,forms,l10n,login&ver=6.8.3" "Mozilla/5.0 (Windows NT 10.0; Win64; x64) AppleWebKit/537.36 (KHTML, like Gecko) Chrome/139.0.0.0 Safari/537.36"
185.232.21.34 - - [12/Oct/2025:07:13:07 +0300] "GET /wp-content/uploads/2022/12/3434-1.svg HTTP/2.0" 200 542388 "https://nuofama.com/wp-login.php" "Mozilla/5.0 (Windows NT 10.0; Win64; x64) AppleWebKit/537.36 (KHTML, like Gecko) Chrome/139.0.0.0 Safari/537.36"
185.232.21.34 - - [12/Oct/2025:07:13:07 +0300] "GET /wp-includes/js/zxcvbn.min.js HTTP/2.0" 200 825570 "https://nuofama.com/wp-login.php" "Mozilla/5.0 (Windows NT 10.0; Win64; x64) AppleWebKit/537.36 (KHTML, like Gecko) Chrome/139.0.0.0 Safari/537.36"
185.232.21.34 - - [12/Oct/2025:07:13:09 +0300] "POST /wp-login.php HTTP/2.0" 302 730 "https://nuofama.com/wp-login.php" "Mozilla/5.0 (Windows NT 10.0; Win64; x64) AppleWebKit/537.36 (KHTML, like Gecko) Chrome/139.0.0.0 Safari/537.36"
66.249.65.101 - - [12/Oct/2025:07:13:08 +0300] "GET /149910525 HTTP/1.1" 200 204986 "-" "Mozilla/5.0 (Linux; Android 6.0.1; Nexus 5X Build/MMB29P) AppleWebKit/537.36 (KHTML, like Gecko) Chrome/140.0.7339.207 Mobile Safari/537.36 (compatible; Googlebot/2.1; +http://www.google.com/bot.html)"
185.232.21.34 - - [12/Oct/2025:07:13:10 +0300] "GET /wp-admin/ HTTP/2.0" 200 427336 "https://nuofama.com/wp-login.php" "Mozilla/5.0 (Windows NT 10.0; Win64; x64) AppleWebKit/537.36 (KHTML, like Gecko) Chrome/139.0.0.0 Safari/537.36"
185.232.21.34 - - [12/Oct/2025:07:13:10 +0300] "GET /wp-includes/js/thickbox/thickbox.css?ver=6.8.3 HTTP/2.0" 200 2765 "https://nuofama.com/wp-admin/" "Mozilla/5.0 (Windows NT 10.0; Win64; x64) AppleWebKit/537.36 (KHTML, like Gecko) Chrome/139.0.0.0 Safari/537.36"
185.232.21.34 - - [12/Oct/2025:07:13:10 +0300] "GET /wp-includes/js/mediaelement/wp-mediaelement.min.css?ver=6.8.3 HTTP/2.0" 200 4294 "https://nuofama.com/wp-admin/" "Mozilla/5.0 (Windows NT 10.0; Win64; x64) AppleWebKit/537.36 (KHTML, like Gecko) Chrome/139.0.0.0 Safari/537.36"
185.232.21.34 - - [12/Oct/2025:07:13:10 +0300] "GET /wp-includes/js/mediaelement/mediaelementplayer-legacy.min.css?ver=4.2.17 HTTP/2.0" 200 11411 "https://nuofama.com/wp-admin/" "Mozilla/5.0 (Windows NT 10.0; Win64; x64) AppleWebKit/537.36 (KHTML, like Gecko) Chrome/139.0.0.0 Safari/537.36"
185.232.21.34 - - [12/Oct/2025:07:13:10 +0300] "GET /wp-includes/js/imgareaselect/imgareaselect.css?ver=0.9.8 HTTP/2.0" 200 872 "https://nuofama.com/wp-admin/" "Mozilla/5.0 (Windows NT 10.0; Win64; x64) AppleWebKit/537.36 (KHTML, like Gecko) Chrome/139.0.0.0 Safari/537.36"
185.232.21.34 - - [12/Oct/2025:07:13:10 +0300] "GET /wp-content/plugins/wp-file-manager/css/fm_common.css?ver=6.8.3 HTTP/2.0" 200 388 "https://nuofama.com/wp-admin/" "Mozilla/5.0 (Windows NT 10.0; Win64; x64) AppleWebKit/537.36 (KHTML, like Gecko) Chrome/139.0.0.0 Safari/537.36"
185.232.21.34 - - [12/Oct/2025:07:13:10 +0300] "GET /wp-content/themes/blocksy/static/bundle/options.min.css?ver=1.8.75 HTTP/2.0" 200 97716 "https://nuofama.com/wp-admin/" "Mozilla/5.0 (Windows NT 10.0; Win64; x64) AppleWebKit/537.36 (KHTML, like Gecko) Chrome/139.0.0.0 Safari/537.36"
185.232.21.34 - - [12/Oct/2025:07:13:10 +0300] "GET /wp-admin/load-scripts.php?c=0&load%5Bchunk_0%5D=jquery-core,jquery-migrate,utils,wp-dom-ready,wp-hooks&ver=6.8.3 HTTP/2.0" 200 109056 "https://nuofama.com/wp-admin/" "Mozilla/5.0 (Windows NT 10.0; Win64; x64) AppleWebKit/537.36 (KHTML, like Gecko) Chrome/139.0.0.0 Safari/537.36"
185.232.21.34 - - [12/Oct/2025:07:13:10 +0300] "GET /wp-admin/load-styles.php?c=0&dir=ltr&load%5Bchunk_0%5D=dashicons,admin-bar,common,forms,admin-menu,dashboard,list-tables,edit,revisions,media,themes,about,nav-menus,wp-pointer,widgets&load%5Bchunk_1%5D=,site-icon,l10n,buttons,wp-auth-check,media-views,wp-components&ver=6.8.3 HTTP/2.0" 200 539217 "https://nuofama.com/wp-admin/" "Mozilla/5.0 (Windows NT 10.0; Win64; x64) AppleWebKit/537.36 (KHTML, like Gecko) Chrome/139.0.0.0 Safari/537.36"
185.232.21.34 - - [12/Oct/2025:07:13:10 +0300] "GET /wp-includes/js/dist/deprecated.min.js?ver=e1f84915c5e8ae38964c HTTP/2.0" 200 743 "https://nuofama.com/wp-admin/" "Mozilla/5.0 (Windows NT 10.0; Win64; x64) AppleWebKit/537.36 (KHTML, like Gecko) Chrome/139.0.0.0 Safari/537.36"
185.232.21.34 - - [12/Oct/2025:07:13:10 +0300] "GET /wp-includes/js/dist/vendor/react.min.js?ver=18.3.1.1 HTTP/2.0" 200 10690 "https://nuofama.com/wp-admin/" "Mozilla/5.0 (Windows NT 10.0; Win64; x64) AppleWebKit/537.36 (KHTML, like Gecko) Chrome/139.0.0.0 Safari/537.36"
185.232.21.34 - - [12/Oct/2025:07:13:10 +0300] "GET /wp-includes/js/plupload/plupload.min.js?ver=2.1.9 HTTP/2.0" 200 15687 "https://nuofama.com/wp-admin/" "Mozilla/5.0 (Windows NT 10.0; Win64; x64) AppleWebKit/537.36 (KHTML, like Gecko) Chrome/139.0.0.0 Safari/537.36"
185.232.21.34 - - [12/Oct/2025:07:13:10 +0300] "GET /wp-includes/js/dist/vendor/moment.min.js?ver=2.30.1 HTTP/2.0" 200 58899 "https://nuofama.com/wp-admin/" "Mozilla/5.0 (Windows NT 10.0; Win64; x64) AppleWebKit/537.36 (KHTML, like Gecko) Chrome/139.0.0.0 Safari/537.36"
185.232.21.34 - - [12/Oct/2025:07:13:10 +0300] "GET /wp-includes/js/plupload/moxie.min.js?ver=1.3.5.1 HTTP/2.0" 200 87497 "https://nuofama.com/wp-admin/" "Mozilla/5.0 (Windows NT 10.0; Win64; x64) AppleWebKit/537.36 (KHTML, like Gecko) Chrome/139.0.0.0 Safari/537.36"
185.232.21.34 - - [12/Oct/2025:07:13:10 +0300] "GET /wp-includes/js/dist/date.min.js?ver=85ff222add187a4e358f HTTP/2.0" 200 783907 "https://nuofama.com/wp-admin/" "Mozilla/5.0 (Windows NT 10.0; Win64; x64) AppleWebKit/537.36 (KHTML, like Gecko) Chrome/139.0.0.0 Safari/537.36"
185.232.21.34 - - [12/Oct/2025:07:13:10 +0300] "GET /wp-includes/js/dist/escape-html.min.js?ver=6561a406d2d232a6fbd2 HTTP/2.0" 200 1058 "https://nuofama.com/wp-admin/" "Mozilla/5.0 (Windows NT 10.0; Win64; x64) AppleWebKit/537.36 (KHTML, like Gecko) Chrome/139.0.0.0 Safari/537.36"
185.232.21.34 - - [12/Oct/2025:07:13:10 +0300] "GET /wp-includes/js/dist/element.min.js?ver=a4eeeadd23c0d7ab1d2d HTTP/2.0" 200 12027 "https://nuofama.com/wp-admin/" "Mozilla/5.0 (Windows NT 10.0; Win64; x64) AppleWebKit/537.36 (KHTML, like Gecko) Chrome/139.0.0.0 Safari/537.36"
185.232.21.34 - - [12/Oct/2025:07:13:10 +0300] "GET /wp-content/themes/blocksy/static/bundle/events.js?ver=1.8.75 HTTP/2.0" 200 1904 "https://nuofama.com/wp-admin/" "Mozilla/5.0 (Windows NT 10.0; Win64; x64) AppleWebKit/537.36 (KHTML, like Gecko) Chrome/139.0.0.0 Safari/537.36"
185.232.21.34 - - [12/Oct/2025:07:13:10 +0300] "GET /wp-includes/js/dist/vendor/wp-polyfill.min.js?ver=3.15.0 HTTP/2.0" 200 41325 "https://nuofama.com/wp-admin/" "Mozilla/5.0 (Windows NT 10.0; Win64; x64) AppleWebKit/537.36 (KHTML, like Gecko) Chrome/139.0.0.0 Safari/537.36"
185.232.21.34 - - [12/Oct/2025:07:13:10 +0300] "GET /wp-includes/js/dist/vendor/react-dom.min.js?ver=18.3.1.1 HTTP/2.0" 200 129070 "https://nuofama.com/wp-admin/" "Mozilla/5.0 (Windows NT 10.0; Win64; x64) AppleWebKit/537.36 (KHTML, like Gecko) Chrome/139.0.0.0 Safari/537.36"
185.232.21.34 - - [12/Oct/2025:07:13:10 +0300] "GET /wp-includes/js/dist/url.min.js?ver=c2964167dfe2477c14ea HTTP/2.0" 200 8604 "https://nuofama.com/wp-admin/" "Mozilla/5.0 (Windows NT 10.0; Win64; x64) AppleWebKit/537.36 (KHTML, like Gecko) Chrome/139.0.0.0 Safari/537.36"
185.232.21.34 - - [12/Oct/2025:07:13:10 +0300] "GET /wp-includes/js/dist/api-fetch.min.js?ver=3623a576c78df404ff20 HTTP/2.0" 200 5897 "https://nuofama.com/wp-admin/" "Mozilla/5.0 (Windows NT 10.0; Win64; x64) AppleWebKit/537.36 (KHTML, like Gecko) Chrome/139.0.0.0 Safari/537.36"
185.232.21.34 - - [12/Oct/2025:07:13:10 +0300] "GET /wp-includes/js/dist/blob.min.js?ver=9113eed771d446f4a556 HTTP/2.0" 200 1167 "https://nuofama.com/wp-admin/" "Mozilla/5.0 (Windows NT 10.0; Win64; x64) AppleWebKit/537.36 (KHTML, like Gecko) Chrome/139.0.0.0 Safari/537.36"
185.232.21.34 - - [12/Oct/2025:07:13:10 +0300] "GET /wp-includes/js/dist/media-utils.min.js?ver=c3dd622ad8417c2d4474 HTTP/2.0" 200 10027 "https://nuofama.com/wp-admin/" "Mozilla/5.0 (Windows NT 10.0; Win64; x64) AppleWebKit/537.36 (KHTML, like Gecko) Chrome/139.0.0.0 Safari/537.36"
185.232.21.34 - - [12/Oct/2025:07:13:10 +0300] "GET /wp-includes/js/dist/private-apis.min.js?ver=0f8478f1ba7e0eea562b HTTP/2.0" 200 2875 "https://nuofama.com/wp-admin/" "Mozilla/5.0 (Windows NT 10.0; Win64; x64) AppleWebKit/537.36 (KHTML, like Gecko) Chrome/139.0.0.0 Safari/537.36"
185.232.21.34 - - [12/Oct/2025:07:13:10 +0300] "GET /wp-includes/js/dist/vendor/react-jsx-runtime.min.js?ver=18.3.1 HTTP/2.0" 200 957 "https://nuofama.com/wp-admin/" "Mozilla/5.0 (Windows NT 10.0; Win64; x64) AppleWebKit/537.36 (KHTML, like Gecko) Chrome/139.0.0.0 Safari/537.36"
185.232.21.34 - - [12/Oct/2025:07:13:10 +0300] "GET /wp-includes/js/dist/dom.min.js?ver=80bd57c84b45cf04f4ce HTTP/2.0" 200 12607 "https://nuofama.com/wp-admin/" "Mozilla/5.0 (Windows NT 10.0; Win64; x64) AppleWebKit/537.36 (KHTML, like Gecko) Chrome/139.0.0.0 Safari/537.36"
185.232.21.34 - - [12/Oct/2025:07:13:10 +0300] "GET /wp-includes/js/dist/is-shallow-equal.min.js?ver=e0f9f1d78d83f5196979 HTTP/2.0" 200 1076 "https://nuofama.com/wp-admin/" "Mozilla/5.0 (Windows NT 10.0; Win64; x64) AppleWebKit/537.36 (KHTML, like Gecko) Chrome/139.0.0.0 Safari/537.36"
185.232.21.34 - - [12/Oct/2025:07:13:10 +0300] "GET /wp-includes/js/dist/keycodes.min.js?ver=034ff647a54b018581d3 HTTP/2.0" 200 2699 "https://nuofama.com/wp-admin/" "Mozilla/5.0 (Windows NT 10.0; Win64; x64) AppleWebKit/537.36 (KHTML, like Gecko) Chrome/139.0.0.0 Safari/537.36"
185.232.21.34 - - [12/Oct/2025:07:13:10 +0300] "GET /wp-includes/js/dist/priority-queue.min.js?ver=9c21c957c7e50ffdbf48 HTTP/2.0" 200 3435 "https://nuofama.com/wp-admin/" "Mozilla/5.0 (Windows NT 10.0; Win64; x64) AppleWebKit/537.36 (KHTML, like Gecko) Chrome/139.0.0.0 Safari/537.36"
185.232.21.34 - - [12/Oct/2025:07:13:10 +0300] "GET /wp-includes/js/dist/html-entities.min.js?ver=2cd3358363e0675638fb HTTP/2.0" 200 846 "https://nuofama.com/wp-admin/" "Mozilla/5.0 (Windows NT 10.0; Win64; x64) AppleWebKit/537.36 (KHTML, like Gecko) Chrome/139.0.0.0 Safari/537.36"
185.232.21.34 - - [12/Oct/2025:07:13:10 +0300] "GET /wp-includes/js/dist/primitives.min.js?ver=aef2543ab60c8c9bb609 HTTP/2.0" 200 1736 "https://nuofama.com/wp-admin/" "Mozilla/5.0 (Windows NT 10.0; Win64; x64) AppleWebKit/537.36 (KHTML, like Gecko) Chrome/139.0.0.0 Safari/537.36"
185.232.21.34 - - [12/Oct/2025:07:13:10 +0300] "GET /wp-includes/js/dist/compose.min.js?ver=84bcf832a5c99203f3db HTTP/2.0" 200 36931 "https://nuofama.com/wp-admin/" "Mozilla/5.0 (Windows NT 10.0; Win64; x64) AppleWebKit/537.36 (KHTML, like Gecko) Chrome/139.0.0.0 Safari/537.36"
185.232.21.34 - - [12/Oct/2025:07:13:10 +0300] "GET /wp-includes/js/dist/redux-routine.min.js?ver=8bb92d45458b29590f53 HTTP/2.0" 200 8946 "https://nuofama.com/wp-admin/" "Mozilla/5.0 (Windows NT 10.0; Win64; x64) AppleWebKit/537.36 (KHTML, like Gecko) Chrome/139.0.0.0 Safari/537.36"
185.232.21.34 - - [12/Oct/2025:07:13:10 +0300] "GET /wp-includes/js/dist/rich-text.min.js?ver=74178fc8c4d67d66f1a8 HTTP/2.0" 200 31073 "https://nuofama.com/wp-admin/" "Mozilla/5.0 (Windows NT 10.0; Win64; x64) AppleWebKit/537.36 (KHTML, like Gecko) Chrome/139.0.0.0 Safari/537.36"
185.232.21.34 - - [12/Oct/2025:07:13:10 +0300] "GET /wp-includes/js/dist/data.min.js?ver=fe6c4835cd00e12493c3 HTTP/2.0" 200 25665 "https://nuofama.com/wp-admin/" "Mozilla/5.0 (Windows NT 10.0; Win64; x64) AppleWebKit/537.36 (KHTML, like Gecko) Chrome/139.0.0.0 Safari/537.36"
185.232.21.34 - - [12/Oct/2025:07:13:10 +0300] "GET /wp-includes/js/dist/warning.min.js?ver=ed7c8b0940914f4fe44b HTTP/2.0" 200 368 "https://nuofama.com/wp-admin/" "Mozilla/5.0 (Windows NT 10.0; Win64; x64) AppleWebKit/537.36 (KHTML, like Gecko) Chrome/139.0.0.0 Safari/537.36"
185.232.21.34 - - [12/Oct/2025:07:13:10 +0300] "GET /wp-includes/css/editor.min.css?ver=6.8.3 HTTP/2.0" 200 26920 "https://nuofama.com/wp-admin/" "Mozilla/5.0 (Windows NT 10.0; Win64; x64) AppleWebKit/537.36 (KHTML, like Gecko) Chrome/139.0.0.0 Safari/537.36"
185.232.21.34 - - [12/Oct/2025:07:13:10 +0300] "GET /wp-admin/load-scripts.php?c=0&load%5Bchunk_0%5D=hoverIntent&ver=6.8.3 HTTP/2.0" 200 1556 "https://nuofama.com/wp-admin/" "Mozilla/5.0 (Windows NT 10.0; Win64; x64) AppleWebKit/537.36 (KHTML, like Gecko) Chrome/139.0.0.0 Safari/537.36"
185.232.21.34 - - [12/Oct/2025:07:13:10 +0300] "GET /wp-admin/js/common.min.js?ver=6.8.3 HTTP/2.0" 200 23767 "https://nuofama.com/wp-admin/" "Mozilla/5.0 (Windows NT 10.0; Win64; x64) AppleWebKit/537.36 (KHTML, like Gecko) Chrome/139.0.0.0 Safari/537.36"
185.232.21.34 - - [12/Oct/2025:07:13:10 +0300] "GET /wp-includes/js/hoverintent-js.min.js?ver=2.2.1 HTTP/2.0" 200 1799 "https://nuofama.com/wp-admin/" "Mozilla/5.0 (Windows NT 10.0; Win64; x64) AppleWebKit/537.36 (KHTML, like Gecko) Chrome/139.0.0.0 Safari/537.36"
185.232.21.34 - - [12/Oct/2025:07:13:10 +0300] "GET /wp-includes/js/wp-ajax-response.min.js?ver=6.8.3 HTTP/2.0" 200 2629 "https://nuofama.com/wp-admin/" "Mozilla/5.0 (Windows NT 10.0; Win64; x64) AppleWebKit/537.36 (KHTML, like Gecko) Chrome/139.0.0.0 Safari/537.36"
185.232.21.34 - - [12/Oct/2025:07:13:10 +0300] "GET /wp-admin/js/edit-comments.min.js?ver=6.8.3 HTTP/2.0" 200 15549 "https://nuofama.com/wp-admin/" "Mozilla/5.0 (Windows NT 10.0; Win64; x64) AppleWebKit/537.36 (KHTML, like Gecko) Chrome/139.0.0.0 Safari/537.36"
185.232.21.34 - - [12/Oct/2025:07:13:10 +0300] "GET /wp-includes/js/dist/components.min.js?ver=865f2ec3b5f5195705e0 HTTP/2.0" 200 719476 "https://nuofama.com/wp-admin/" "Mozilla/5.0 (Windows NT 10.0; Win64; x64) AppleWebKit/537.36 (KHTML, like Gecko) Chrome/139.0.0.0 Safari/537.36"
185.232.21.34 - - [12/Oct/2025:07:13:10 +0300] "GET /wp-includes/js/jquery/jquery.color.min.js?ver=3.0.0 HTTP/2.0" 200 6702 "https://nuofama.com/wp-admin/" "Mozilla/5.0 (Windows NT 10.0; Win64; x64) AppleWebKit/537.36 (KHTML, like Gecko) Chrome/139.0.0.0 Safari/537.36"
185.232.21.34 - - [12/Oct/2025:07:13:10 +0300] "GET /wp-includes/js/jquery/jquery.query.js?ver=2.2.3 HTTP/2.0" 200 3775 "https://nuofama.com/wp-admin/" "Mozilla/5.0 (Windows NT 10.0; Win64; x64) AppleWebKit/537.36 (KHTML, like Gecko) Chrome/139.0.0.0 Safari/537.36"
185.232.21.34 - - [12/Oct/2025:07:13:10 +0300] "GET /wp-includes/js/admin-bar.min.js?ver=6.8.3 HTTP/2.0" 200 3545 "https://nuofama.com/wp-admin/" "Mozilla/5.0 (Windows NT 10.0; Win64; x64) AppleWebKit/537.36 (KHTML, like Gecko) Chrome/139.0.0.0 Safari/537.36"
185.232.21.34 - - [12/Oct/2025:07:13:10 +0300] "GET /wp-content/themes/blocksy/static/bundle/options.js?ver=1.8.75 HTTP/2.0" 200 492874 "https://nuofama.com/wp-admin/" "Mozilla/5.0 (Windows NT 10.0; Win64; x64) AppleWebKit/537.36 (KHTML, like Gecko) Chrome/139.0.0.0 Safari/537.36"
185.232.21.34 - - [12/Oct/2025:07:13:10 +0300] "GET /wp-includes/js/jquery/ui/core.min.js?ver=1.13.3 HTTP/2.0" 200 21532 "https://nuofama.com/wp-admin/" "Mozilla/5.0 (Windows NT 10.0; Win64; x64) AppleWebKit/537.36 (KHTML, like Gecko) Chrome/139.0.0.0 Safari/537.36"
185.232.21.34 - - [12/Oct/2025:07:13:10 +0300] "GET /wp-includes/js/quicktags.min.js?ver=6.8.3 HTTP/2.0" 200 11215 "https://nuofama.com/wp-admin/" "Mozilla/5.0 (Windows NT 10.0; Win64; x64) AppleWebKit/537.36 (KHTML, like Gecko) Chrome/139.0.0.0 Safari/537.36"
185.232.21.34 - - [12/Oct/2025:07:13:10 +0300] "GET /wp-includes/js/jquery/ui/sortable.min.js?ver=1.13.3 HTTP/2.0" 200 25572 "https://nuofama.com/wp-admin/" "Mozilla/5.0 (Windows NT 10.0; Win64; x64) AppleWebKit/537.36 (KHTML, like Gecko) Chrome/139.0.0.0 Safari/537.36"
185.232.21.34 - - [12/Oct/2025:07:13:10 +0300] "GET /wp-includes/js/jquery/ui/mouse.min.js?ver=1.13.3 HTTP/2.0" 200 3487 "https://nuofama.com/wp-admin/" "Mozilla/5.0 (Windows NT 10.0; Win64; x64) AppleWebKit/537.36 (KHTML, like Gecko) Chrome/139.0.0.0 Safari/537.36"
185.232.21.34 - - [12/Oct/2025:07:13:10 +0300] "GET /wp-admin/js/postbox.min.js?ver=6.8.3 HTTP/2.0" 200 6819 "https://nuofama.com/wp-admin/" "Mozilla/5.0 (Windows NT 10.0; Win64; x64) AppleWebKit/537.36 (KHTML, like Gecko) Chrome/139.0.0.0 Safari/537.36"
185.232.21.34 - - [12/Oct/2025:07:13:10 +0300] "GET /wp-admin/js/dashboard.min.js?ver=6.8.3 HTTP/2.0" 200 8919 "https://nuofama.com/wp-admin/" "Mozilla/5.0 (Windows NT 10.0; Win64; x64) AppleWebKit/537.36 (KHTML, like Gecko) Chrome/139.0.0.0 Safari/537.36"
185.232.21.34 - - [12/Oct/2025:07:13:10 +0300] "GET /wp-includes/js/thickbox/thickbox.js?ver=3.1-20121105 HTTP/2.0" 200 13391 "https://nuofama.com/wp-admin/" "Mozilla/5.0 (Windows NT 10.0; Win64; x64) AppleWebKit/537.36 (KHTML, like Gecko) Chrome/139.0.0.0 Safari/537.36"
185.232.21.34 - - [12/Oct/2025:07:13:10 +0300] "GET /wp-includes/js/shortcode.min.js?ver=6.8.3 HTTP/2.0" 200 2702 "https://nuofama.com/wp-admin/" "Mozilla/5.0 (Windows NT 10.0; Win64; x64) AppleWebKit/537.36 (KHTML, like Gecko) Chrome/139.0.0.0 Safari/537.36"
185.232.21.34 - - [12/Oct/2025:07:13:10 +0300] "GET /wp-admin/js/svg-painter.js?ver=6.8.3 HTTP/2.0" 200 3338 "https://nuofama.com/wp-admin/" "Mozilla/5.0 (Windows NT 10.0; Win64; x64) AppleWebKit/537.36 (KHTML, like Gecko) Chrome/139.0.0.0 Safari/537.36"
185.232.21.34 - - [12/Oct/2025:07:13:10 +0300] "GET /wp-admin/js/media-upload.min.js?ver=6.8.3 HTTP/2.0" 200 1211 "https://nuofama.com/wp-admin/" "Mozilla/5.0 (Windows NT 10.0; Win64; x64) AppleWebKit/537.36 (KHTML, like Gecko) Chrome/139.0.0.0 Safari/537.36"
185.232.21.34 - - [12/Oct/2025:07:13:10 +0300] "GET /wp-includes/js/wp-lists.min.js?ver=6.8.3 HTTP/2.0" 200 7601 "https://nuofama.com/wp-admin/" "Mozilla/5.0 (Windows NT 10.0; Win64; x64) AppleWebKit/537.36 (KHTML, like Gecko) Chrome/139.0.0.0 Safari/537.36"
185.232.21.34 - - [12/Oct/2025:07:13:10 +0300] "GET /wp-includes/js/wp-auth-check.min.js?ver=6.8.3 HTTP/2.0" 200 1739 "https://nuofama.com/wp-admin/" "Mozilla/5.0 (Windows NT 10.0; Win64; x64) AppleWebKit/537.36 (KHTML, like Gecko) Chrome/139.0.0.0 Safari/537.36"
185.232.21.34 - - [12/Oct/2025:07:13:10 +0300] "GET /wp-includes/js/backbone.min.js?ver=1.6.0 HTTP/2.0" 200 24370 "https://nuofama.com/wp-admin/" "Mozilla/5.0 (Windows NT 10.0; Win64; x64) AppleWebKit/537.36 (KHTML, like Gecko) Chrome/139.0.0.0 Safari/537.36"
185.232.21.34 - - [12/Oct/2025:07:13:10 +0300] "GET /wp-includes/js/heartbeat.min.js?ver=6.8.3 HTTP/2.0" 200 6006 "https://nuofama.com/wp-admin/" "Mozilla/5.0 (Windows NT 10.0; Win64; x64) AppleWebKit/537.36 (KHTML, like Gecko) Chrome/139.0.0.0 Safari/537.36"
185.232.21.34 - - [12/Oct/2025:07:13:10 +0300] "GET /wp-includes/js/media-models.min.js?ver=6.8.3 HTTP/2.0" 200 13344 "https://nuofama.com/wp-admin/" "Mozilla/5.0 (Windows NT 10.0; Win64; x64) AppleWebKit/537.36 (KHTML, like Gecko) Chrome/139.0.0.0 Safari/537.36"
185.232.21.34 - - [12/Oct/2025:07:13:10 +0300] "GET /wp-includes/js/wp-backbone.min.js?ver=6.8.3 HTTP/2.0" 200 3120 "https://nuofama.com/wp-admin/" "Mozilla/5.0 (Windows NT 10.0; Win64; x64) AppleWebKit/537.36 (KHTML, like Gecko) Chrome/139.0.0.0 Safari/537.36"
185.232.21.34 - - [12/Oct/2025:07:13:10 +0300] "GET /wp-includes/js/plupload/wp-plupload.min.js?ver=6.8.3 HTTP/2.0" 200 6095 "https://nuofama.com/wp-admin/" "Mozilla/5.0 (Windows NT 10.0; Win64; x64) AppleWebKit/537.36 (KHTML, like Gecko) Chrome/139.0.0.0 Safari/537.36"
185.232.21.34 - - [12/Oct/2025:07:13:10 +0300] "GET /wp-includes/js/mediaelement/mediaelement-migrate.min.js?ver=6.8.3 HTTP/2.0" 200 1249 "https://nuofama.com/wp-admin/" "Mozilla/5.0 (Windows NT 10.0; Win64; x64) AppleWebKit/537.36 (KHTML, like Gecko) Chrome/139.0.0.0 Safari/537.36"
185.232.21.34 - - [12/Oct/2025:07:13:10 +0300] "GET /wp-includes/js/mediaelement/wp-mediaelement.min.js?ver=6.8.3 HTTP/2.0" 200 1165 "https://nuofama.com/wp-admin/" "Mozilla/5.0 (Windows NT 10.0; Win64; x64) AppleWebKit/537.36 (KHTML, like Gecko) Chrome/139.0.0.0 Safari/537.36"
185.232.21.34 - - [12/Oct/2025:07:13:10 +0300] "GET /wp-includes/js/api-request.min.js?ver=6.8.3 HTTP/2.0" 200 1082 "https://nuofama.com/wp-admin/" "Mozilla/5.0 (Windows NT 10.0; Win64; x64) AppleWebKit/537.36 (KHTML, like Gecko) Chrome/139.0.0.0 Safari/537.36"
185.232.21.34 - - [12/Oct/2025:07:13:10 +0300] "GET /wp-includes/js/clipboard.min.js?ver=2.0.11 HTTP/2.0" 200 9068 "https://nuofama.com/wp-admin/" "Mozilla/5.0 (Windows NT 10.0; Win64; x64) AppleWebKit/537.36 (KHTML, like Gecko) Chrome/139.0.0.0 Safari/537.36"
185.232.21.34 - - [12/Oct/2025:07:13:10 +0300] "GET /wp-includes/js/mediaelement/mediaelement-and-player.min.js?ver=4.2.17 HTTP/2.0" 200 158147 "https://nuofama.com/wp-admin/" "Mozilla/5.0 (Windows NT 10.0; Win64; x64) AppleWebKit/537.36 (KHTML, like Gecko) Chrome/139.0.0.0 Safari/537.36"
185.232.21.34 - - [12/Oct/2025:07:13:10 +0300] "GET /wp-includes/js/media-views.min.js?ver=6.8.3 HTTP/2.0" 200 110825 "https://nuofama.com/wp-admin/" "Mozilla/5.0 (Windows NT 10.0; Win64; x64) AppleWebKit/537.36 (KHTML, like Gecko) Chrome/139.0.0.0 Safari/537.36"
185.232.21.34 - - [12/Oct/2025:07:13:10 +0300] "GET /wp-includes/js/media-audiovideo.min.js?ver=6.8.3 HTTP/2.0" 200 12111 "https://nuofama.com/wp-admin/" "Mozilla/5.0 (Windows NT 10.0; Win64; x64) AppleWebKit/537.36 (KHTML, like Gecko) Chrome/139.0.0.0 Safari/537.36"
185.232.21.34 - - [12/Oct/2025:07:13:10 +0300] "GET /wp-includes/js/imgareaselect/jquery.imgareaselect.min.js?ver=6.8.3 HTTP/2.0" 200 9829 "https://nuofama.com/wp-admin/" "Mozilla/5.0 (Windows NT 10.0; Win64; x64) AppleWebKit/537.36 (KHTML, like Gecko) Chrome/139.0.0.0 Safari/537.36"
185.232.21.34 - - [12/Oct/2025:07:13:10 +0300] "GET /wp-admin/js/image-edit.min.js?ver=6.8.3 HTTP/2.0" 200 15574 "https://nuofama.com/wp-admin/" "Mozilla/5.0 (Windows NT 10.0; Win64; x64) AppleWebKit/537.36 (KHTML, like Gecko) Chrome/139.0.0.0 Safari/537.36"
185.232.21.34 - - [12/Oct/2025:07:13:10 +0300] "GET /wp-includes/js/mce-view.min.js?ver=6.8.3 HTTP/2.0" 200 9851 "https://nuofama.com/wp-admin/" "Mozilla/5.0 (Windows NT 10.0; Win64; x64) AppleWebKit/537.36 (KHTML, like Gecko) Chrome/139.0.0.0 Safari/537.36"
185.232.21.34 - - [12/Oct/2025:07:13:10 +0300] "GET /wp-includes/js/media-editor.min.js?ver=6.8.3 HTTP/2.0" 200 10945 "https://nuofama.com/wp-admin/" "Mozilla/5.0 (Windows NT 10.0; Win64; x64) AppleWebKit/537.36 (KHTML, like Gecko) Chrome/139.0.0.0 Safari/537.36"
185.232.21.34 - - [12/Oct/2025:07:13:10 +0300] "GET /wp-includes/js/wplink.min.js?ver=6.8.3 HTTP/2.0" 200 11377 "https://nuofama.com/wp-admin/" "Mozilla/5.0 (Windows NT 10.0; Win64; x64) AppleWebKit/537.36 (KHTML, like Gecko) Chrome/139.0.0.0 Safari/537.36"
185.232.21.34 - - [12/Oct/2025:07:13:10 +0300] "GET /wp-includes/js/jquery/ui/autocomplete.min.js?ver=1.13.3 HTTP/2.0" 200 8595 "https://nuofama.com/wp-admin/" "Mozilla/5.0 (Windows NT 10.0; Win64; x64) AppleWebKit/537.36 (KHTML, like Gecko) Chrome/139.0.0.0 Safari/537.36"
185.232.21.34 - - [12/Oct/2025:07:13:10 +0300] "GET /wp-includes/js/jquery/ui/menu.min.js?ver=1.13.3 HTTP/2.0" 200 10259 "https://nuofama.com/wp-admin/" "Mozilla/5.0 (Windows NT 10.0; Win64; x64) AppleWebKit/537.36 (KHTML, like Gecko) Chrome/139.0.0.0 Safari/537.36"
185.232.21.34 - - [12/Oct/2025:07:13:11 +0300] "GET /wp-includes/js/wp-emoji-release.min.js?ver=6.8.3 HTTP/2.0" 200 19342 "https://nuofama.com/wp-admin/" "Mozilla/5.0 (Windows NT 10.0; Win64; x64) AppleWebKit/537.36 (KHTML, like Gecko) Chrome/139.0.0.0 Safari/537.36"
185.232.21.34 - - [12/Oct/2025:07:13:11 +0300] "GET /wp-includes/js/thickbox/loadingAnimation.gif HTTP/2.0" 200 15328 "https://nuofama.com/wp-admin/" "Mozilla/5.0 (Windows NT 10.0; Win64; x64) AppleWebKit/537.36 (KHTML, like Gecko) Chrome/139.0.0.0 Safari/537.36"
185.232.21.34 - - [12/Oct/2025:07:13:11 +0300] "GET /wp-content/uploads/2022/12/3434-1.svg HTTP/2.0" 200 540214 "https://nuofama.com/wp-admin/" "Mozilla/5.0 (Windows NT 10.0; Win64; x64) AppleWebKit/537.36 (KHTML, like Gecko) Chrome/139.0.0.0 Safari/537.36"
51.195.183.188 - - [12/Oct/2025:07:13:10 +0300] "GET /250090889 HTTP/2.0" 404 55501 "-" "Mozilla/5.0 (compatible; AhrefsBot/7.0; +http://ahrefs.com/robot/)"
185.232.21.34 - - [12/Oct/2025:07:13:11 +0300] "GET /wp-admin/admin-ajax.php?action=wp-compression-test&test=1&_ajax_nonce=d2591c3ab0&1760242391035 HTTP/2.0" 200 298 "https://nuofama.com/wp-admin/" "Mozilla/5.0 (Windows NT 10.0; Win64; x64) AppleWebKit/537.36 (KHTML, like Gecko) Chrome/139.0.0.0 Safari/537.36"
185.232.21.34 - - [12/Oct/2025:07:13:11 +0300] "GET /wp-admin/admin-ajax.php?action=wp-compression-test&test=2&_ajax_nonce=d2591c3ab0&1760242391689 HTTP/2.0" 200 82 "https://nuofama.com/wp-admin/" "Mozilla/5.0 (Windows NT 10.0; Win64; x64) AppleWebKit/537.36 (KHTML, like Gecko) Chrome/139.0.0.0 Safari/537.36"
185.232.21.34 - - [12/Oct/2025:07:13:12 +0300] "GET /wp-admin/admin-ajax.php?action=wp-compression-test&test=no&_ajax_nonce=d2591c3ab0&1760242392050 HTTP/2.0" 200 54 "https://nuofama.com/wp-admin/" "Mozilla/5.0 (Windows NT 10.0; Win64; x64) AppleWebKit/537.36 (KHTML, like Gecko) Chrome/139.0.0.0 Safari/537.36"
185.232.21.34 - - [12/Oct/2025:07:13:11 +0300] "POST /wp-admin/admin-ajax.php HTTP/2.0" 200 789 "https://nuofama.com/wp-admin/" "Mozilla/5.0 (Windows NT 10.0; Win64; x64) AppleWebKit/537.36 (KHTML, like Gecko) Chrome/139.0.0.0 Safari/537.36"
185.232.21.34 - - [12/Oct/2025:07:13:11 +0300] "GET /wp-admin/admin-ajax.php?action=dashboard-widgets&widget=dashboard_primary&pagenow=dashboard HTTP/2.0" 200 1114 "https://nuofama.com/wp-admin/" "Mozilla/5.0 (Windows NT 10.0; Win64; x64) AppleWebKit/537.36 (KHTML, like Gecko) Chrome/139.0.0.0 Safari/537.36"
185.232.21.34 - - [12/Oct/2025:07:13:15 +0300] "GET /wp-admin/post-new.php HTTP/1.1" 301 511 "http://nuofama.com/" "Mozilla/5.0 (Windows NT 10.0; Win64; x64) AppleWebKit/537.36 (KHTML, like Gecko) Chrome/139.0.0.0 Safari/537.36"
185.232.21.34 - - [12/Oct/2025:07:13:15 +0300] "GET /wp-admin/post-new.php HTTP/2.0" 200 1212053 "http://nuofama.com/" "Mozilla/5.0 (Windows NT 10.0; Win64; x64) AppleWebKit/537.36 (KHTML, like Gecko) Chrome/139.0.0.0 Safari/537.36"
185.232.21.34 - - [12/Oct/2025:07:13:16 +0300] "GET /wp-content/themes/blocksy/static/bundle/editor.min.css?ver=1.8.75 HTTP/2.0" 200 3748 "https://nuofama.com/wp-admin/post-new.php" "Mozilla/5.0 (Windows NT 10.0; Win64; x64) AppleWebKit/537.36 (KHTML, like Gecko) Chrome/139.0.0.0 Safari/537.36"
