51.195.183.47 - - [12/Oct/2025:02:53:45 +0300] "GET /373507699 HTTP/2.0" 404 55501 "-" "Mozilla/5.0 (compatible; AhrefsBot/7.0; +http://ahrefs.com/robot/)"
66.249.65.100 - - [12/Oct/2025:02:53:49 +0300] "GET /?8890972 HTTP/1.1" 200 194741 "-" "Mozilla/5.0 (Linux; Android 6.0.1; Nexus 5X Build/MMB29P) AppleWebKit/537.36 (KHTML, like Gecko) Chrome/140.0.7339.207 Mobile Safari/537.36 (compatible; Googlebot/2.1; +http://www.google.com/bot.html)"
66.249.65.101 - - [12/Oct/2025:02:54:08 +0300] "GET /annotatsiya-po-ustanovke-upotrebleniya-1xbet-poluchite-i-raspishites-iphone/ HTTP/1.1" 200 205510 "-" "Mozilla/5.0 (Linux; Android 6.0.1; Nexus 5X Build/MMB29P) AppleWebKit/537.36 (KHTML, like Gecko) Chrome/140.0.7339.207 Mobile Safari/537.36 (compatible; Googlebot/2.1; +http://www.google.com/bot.html)"
51.195.183.224 - - [12/Oct/2025:02:54:16 +0300] "GET /373119460 HTTP/2.0" 404 55501 "-" "Mozilla/5.0 (compatible; AhrefsBot/7.0; +http://ahrefs.com/robot/)"
51.195.183.12 - - [12/Oct/2025:02:54:20 +0300] "GET /374446450 HTTP/2.0" 404 55501 "-" "Mozilla/5.0 (compatible; AhrefsBot/7.0; +http://ahrefs.com/robot/)"
198.244.226.203 - - [12/Oct/2025:02:54:30 +0300] "GET /372986045 HTTP/2.0" 404 55501 "-" "Mozilla/5.0 (compatible; AhrefsBot/7.0; +http://ahrefs.com/robot/)"
66.249.65.100 - - [12/Oct/2025:02:54:31 +0300] "GET /73604803 HTTP/1.1" 200 200640 "-" "Mozilla/5.0 (Linux; Android 6.0.1; Nexus 5X Build/MMB29P) AppleWebKit/537.36 (KHTML, like Gecko) Chrome/140.0.7339.207 Mobile Safari/537.36 (compatible; Googlebot/2.1; +http://www.google.com/bot.html)"
198.244.242.177 - - [12/Oct/2025:02:54:44 +0300] "GET /371351138 HTTP/2.0" 404 55501 "-" "Mozilla/5.0 (compatible; AhrefsBot/7.0; +http://ahrefs.com/robot/)"
51.195.244.92 - - [12/Oct/2025:02:54:50 +0300] "GET /373147964 HTTP/2.0" 404 55501 "-" "Mozilla/5.0 (compatible; AhrefsBot/7.0; +http://ahrefs.com/robot/)"
198.244.168.39 - - [12/Oct/2025:02:54:56 +0300] "GET /369244696 HTTP/2.0" 404 55501 "-" "Mozilla/5.0 (compatible; AhrefsBot/7.0; +http://ahrefs.com/robot/)"
66.249.78.5 - - [12/Oct/2025:02:54:59 +0300] "GET /?649749690 HTTP/1.1" 200 196590 "-" "Mozilla/5.0 (Linux; Android 6.0.1; Nexus 5X Build/MMB29P) AppleWebKit/537.36 (KHTML, like Gecko) Chrome/140.0.7339.207 Mobile Safari/537.36 (compatible; Googlebot/2.1; +http://www.google.com/bot.html)"
198.244.168.10 - - [12/Oct/2025:02:55:09 +0300] "GET /368046742 HTTP/2.0" 404 55501 "-" "Mozilla/5.0 (compatible; AhrefsBot/7.0; +http://ahrefs.com/robot/)"
66.249.65.100 - - [12/Oct/2025:02:55:13 +0300] "GET /?315895212 HTTP/1.1" 200 195727 "-" "Mozilla/5.0 (Linux; Android 6.0.1; Nexus 5X Build/MMB29P) AppleWebKit/537.36 (KHTML, like Gecko) Chrome/140.0.7339.207 Mobile Safari/537.36 (compatible; Googlebot/2.1; +http://www.google.com/bot.html)"
66.249.65.100 - - [12/Oct/2025:02:55:18 +0300] "GET /?284457047 HTTP/1.1" 200 199042 "-" "Mozilla/5.0 (Linux; Android 6.0.1; Nexus 5X Build/MMB29P) AppleWebKit/537.36 (KHTML, like Gecko) Chrome/140.0.7339.207 Mobile Safari/537.36 (compatible; Googlebot/2.1; +http://www.google.com/bot.html)"
66.249.78.5 - - [12/Oct/2025:02:55:34 +0300] "GET /873444295 HTTP/1.1" 200 202466 "-" "Mozilla/5.0 (Linux; Android 6.0.1; Nexus 5X Build/MMB29P) AppleWebKit/537.36 (KHTML, like Gecko) Chrome/140.0.7339.207 Mobile Safari/537.36 (compatible; Googlebot/2.1; +http://www.google.com/bot.html)"
66.249.65.100 - - [12/Oct/2025:02:55:34 +0300] "GET /?94892913 HTTP/1.1" 200 200498 "-" "Mozilla/5.0 (Linux; Android 6.0.1; Nexus 5X Build/MMB29P) AppleWebKit/537.36 (KHTML, like Gecko) Chrome/140.0.7339.207 Mobile Safari/537.36 (compatible; Googlebot/2.1; +http://www.google.com/bot.html)"
198.244.168.100 - - [12/Oct/2025:02:55:40 +0300] "GET /366130787 HTTP/2.0" 404 55501 "-" "Mozilla/5.0 (compatible; AhrefsBot/7.0; +http://ahrefs.com/robot/)"
198.244.242.125 - - [12/Oct/2025:02:55:47 +0300] "GET /365800016 HTTP/2.0" 404 55501 "-" "Mozilla/5.0 (compatible; AhrefsBot/7.0; +http://ahrefs.com/robot/)"
198.244.240.172 - - [12/Oct/2025:02:55:54 +0300] "GET /36696890 HTTP/2.0" 404 55501 "-" "Mozilla/5.0 (compatible; AhrefsBot/7.0; +http://ahrefs.com/robot/)"
198.244.226.215 - - [12/Oct/2025:02:56:08 +0300] "GET /3653626 HTTP/2.0" 404 55501 "-" "Mozilla/5.0 (compatible; AhrefsBot/7.0; +http://ahrefs.com/robot/)"
66.249.78.6 - - [12/Oct/2025:02:56:08 +0300] "GET /?15045182 HTTP/1.1" 200 202035 "-" "Mozilla/5.0 (Linux; Android 6.0.1; Nexus 5X Build/MMB29P) AppleWebKit/537.36 (KHTML, like Gecko) Chrome/140.0.7339.207 Mobile Safari/537.36 (compatible; Googlebot/2.1; +http://www.google.com/bot.html)"
198.244.242.196 - - [12/Oct/2025:02:56:27 +0300] "GET /364991838 HTTP/2.0" 404 55501 "-" "Mozilla/5.0 (compatible; AhrefsBot/7.0; +http://ahrefs.com/robot/)"
198.244.242.108 - - [12/Oct/2025:02:56:36 +0300] "GET /362702969 HTTP/2.0" 404 55501 "-" "Mozilla/5.0 (compatible; AhrefsBot/7.0; +http://ahrefs.com/robot/)"
198.244.240.88 - - [12/Oct/2025:02:56:45 +0300] "GET /36195641 HTTP/2.0" 404 55501 "-" "Mozilla/5.0 (compatible; AhrefsBot/7.0; +http://ahrefs.com/robot/)"
51.195.215.197 - - [12/Oct/2025:02:56:52 +0300] "GET /3609421 HTTP/2.0" 404 55501 "-" "Mozilla/5.0 (compatible; AhrefsBot/7.0; +http://ahrefs.com/robot/)"
66.249.65.100 - - [12/Oct/2025:02:57:02 +0300] "GET /?891999787 HTTP/1.1" 200 195367 "-" "Mozilla/5.0 (Linux; Android 6.0.1; Nexus 5X Build/MMB29P) AppleWebKit/537.36 (KHTML, like Gecko) Chrome/140.0.7339.207 Mobile Safari/537.36 (compatible; Googlebot/2.1; +http://www.google.com/bot.html)"
66.249.65.100 - - [12/Oct/2025:02:57:07 +0300] "GET /?54147645 HTTP/1.1" 200 190435 "-" "Mozilla/5.0 (Linux; Android 6.0.1; Nexus 5X Build/MMB29P) AppleWebKit/537.36 (KHTML, like Gecko) Chrome/140.0.7339.207 Mobile Safari/537.36 (compatible; Googlebot/2.1; +http://www.google.com/bot.html)"
51.89.129.157 - - [12/Oct/2025:02:57:11 +0300] "GET /359575541 HTTP/2.0" 404 55501 "-" "Mozilla/5.0 (compatible; AhrefsBot/7.0; +http://ahrefs.com/robot/)"
198.244.168.93 - - [12/Oct/2025:02:57:23 +0300] "GET /359142813 HTTP/2.0" 404 55501 "-" "Mozilla/5.0 (compatible; AhrefsBot/7.0; +http://ahrefs.com/robot/)"
66.249.65.100 - - [12/Oct/2025:02:57:33 +0300] "GET /?19525935 HTTP/1.1" 200 199730 "-" "Mozilla/5.0 (Linux; Android 6.0.1; Nexus 5X Build/MMB29P) AppleWebKit/537.36 (KHTML, like Gecko) Chrome/140.0.7339.207 Mobile Safari/537.36 (compatible; Googlebot/2.1; +http://www.google.com/bot.html)"
66.249.78.5 - - [12/Oct/2025:02:57:36 +0300] "GET /1629201 HTTP/1.1" 200 200739 "-" "Mozilla/5.0 (Linux; Android 6.0.1; Nexus 5X Build/MMB29P) AppleWebKit/537.36 (KHTML, like Gecko) Chrome/140.0.7339.207 Mobile Safari/537.36 (compatible; Googlebot/2.1; +http://www.google.com/bot.html)"
66.249.65.100 - - [12/Oct/2025:02:57:48 +0300] "GET /?458543903 HTTP/1.1" 200 199401 "-" "Mozilla/5.0 (Linux; Android 6.0.1; Nexus 5X Build/MMB29P) AppleWebKit/537.36 (KHTML, like Gecko) Chrome/140.0.7339.207 Mobile Safari/537.36 (compatible; Googlebot/2.1; +http://www.google.com/bot.html)"
198.244.183.36 - - [12/Oct/2025:02:57:54 +0300] "GET /356512188 HTTP/2.0" 404 55501 "-" "Mozilla/5.0 (compatible; AhrefsBot/7.0; +http://ahrefs.com/robot/)"
66.249.65.100 - - [12/Oct/2025:02:58:00 +0300] "GET /?6483518 HTTP/1.1" 200 203827 "-" "Mozilla/5.0 (Linux; Android 6.0.1; Nexus 5X Build/MMB29P) AppleWebKit/537.36 (KHTML, like Gecko) Chrome/140.0.7339.207 Mobile Safari/537.36 (compatible; Googlebot/2.1; +http://www.google.com/bot.html)"
66.249.65.100 - - [12/Oct/2025:02:58:16 +0300] "GET /?135155487 HTTP/1.1" 200 197275 "-" "Mozilla/5.0 (Linux; Android 6.0.1; Nexus 5X Build/MMB29P) AppleWebKit/537.36 (KHTML, like Gecko) Chrome/140.0.7339.207 Mobile Safari/537.36 (compatible; Googlebot/2.1; +http://www.google.com/bot.html)"
198.244.226.200 - - [12/Oct/2025:02:58:18 +0300] "GET /3550115 HTTP/2.0" 404 55501 "-" "Mozilla/5.0 (compatible; AhrefsBot/7.0; +http://ahrefs.com/robot/)"
51.195.215.56 - - [12/Oct/2025:02:58:20 +0300] "GET /357963039 HTTP/2.0" 404 55501 "-" "Mozilla/5.0 (compatible; AhrefsBot/7.0; +http://ahrefs.com/robot/)"
198.244.240.191 - - [12/Oct/2025:02:58:34 +0300] "GET /353226299 HTTP/2.0" 404 55501 "-" "Mozilla/5.0 (compatible; AhrefsBot/7.0; +http://ahrefs.com/robot/)"
66.249.78.5 - - [12/Oct/2025:02:58:38 +0300] "GET /8847889 HTTP/1.1" 200 200564 "-" "Mozilla/5.0 (Linux; Android 6.0.1; Nexus 5X Build/MMB29P) AppleWebKit/537.36 (KHTML, like Gecko) Chrome/140.0.7339.207 Mobile Safari/537.36 (compatible; Googlebot/2.1; +http://www.google.com/bot.html)"
198.244.242.3 - - [12/Oct/2025:02:58:52 +0300] "GET /352952102 HTTP/2.0" 404 55501 "-" "Mozilla/5.0 (compatible; AhrefsBot/7.0; +http://ahrefs.com/robot/)"
198.244.240.205 - - [12/Oct/2025:02:59:03 +0300] "GET /352772173 HTTP/2.0" 404 55501 "-" "Mozilla/5.0 (compatible; AhrefsBot/7.0; +http://ahrefs.com/robot/)"
198.244.168.197 - - [12/Oct/2025:02:59:17 +0300] "GET /35188191 HTTP/2.0" 404 55501 "-" "Mozilla/5.0 (compatible; AhrefsBot/7.0; +http://ahrefs.com/robot/)"
51.195.215.114 - - [12/Oct/2025:02:59:25 +0300] "GET /349970126 HTTP/2.0" 404 55501 "-" "Mozilla/5.0 (compatible; AhrefsBot/7.0; +http://ahrefs.com/robot/)"
198.244.226.210 - - [12/Oct/2025:02:59:39 +0300] "GET /34948542 HTTP/2.0" 404 55501 "-" "Mozilla/5.0 (compatible; AhrefsBot/7.0; +http://ahrefs.com/robot/)"
162.212.152.67 - - [12/Oct/2025:02:59:39 +0300] "GET /wetten-regulare-spielzeit/ HTTP/1.1" 200 66273 "-" "Mozilla/5.0 (X11; Linux i686) AppleWebKit/537.36 (KHTML, like Gecko) Chrome/114.0.0.0 Safari/537.36 Vivaldi/5.3.2679.68"
66.249.78.5 - - [12/Oct/2025:02:59:40 +0300] "GET /532705167 HTTP/1.1" 200 208964 "-" "Mozilla/5.0 (Linux; Android 6.0.1; Nexus 5X Build/MMB29P) AppleWebKit/537.36 (KHTML, like Gecko) Chrome/140.0.7339.207 Mobile Safari/537.36 (compatible; Googlebot/2.1; +http://www.google.com/bot.html)"
198.244.168.26 - - [12/Oct/2025:02:59:50 +0300] "GET /348466787 HTTP/2.0" 404 55501 "-" "Mozilla/5.0 (compatible; AhrefsBot/7.0; +http://ahrefs.com/robot/)"
66.249.78.5 - - [12/Oct/2025:02:59:54 +0300] "GET /726953941 HTTP/1.1" 200 203483 "-" "Mozilla/5.0 (Linux; Android 6.0.1; Nexus 5X Build/MMB29P) AppleWebKit/537.36 (KHTML, like Gecko) Chrome/140.0.7339.207 Mobile Safari/537.36 (compatible; Googlebot/2.1; +http://www.google.com/bot.html)"
198.244.183.52 - - [12/Oct/2025:03:00:19 +0300] "GET /347996973 HTTP/2.0" 404 55501 "-" "Mozilla/5.0 (compatible; AhrefsBot/7.0; +http://ahrefs.com/robot/)"
66.249.65.100 - - [12/Oct/2025:03:00:21 +0300] "GET /?562423533 HTTP/1.1" 200 199712 "-" "Mozilla/5.0 (Linux; Android 6.0.1; Nexus 5X Build/MMB29P) AppleWebKit/537.36 (KHTML, like Gecko) Chrome/140.0.7339.207 Mobile Safari/537.36 (compatible; Googlebot/2.1; +http://www.google.com/bot.html)"
54.38.147.220 - - [12/Oct/2025:03:00:24 +0300] "GET /348361190 HTTP/2.0" 404 55501 "-" "Mozilla/5.0 (compatible; AhrefsBot/7.0; +http://ahrefs.com/robot/)"
66.249.65.100 - - [12/Oct/2025:03:00:24 +0300] "GET /?478991408 HTTP/1.1" 200 194974 "-" "Mozilla/5.0 (Linux; Android 6.0.1; Nexus 5X Build/MMB29P) AppleWebKit/537.36 (KHTML, like Gecko) Chrome/140.0.7339.207 Mobile Safari/537.36 (compatible; Googlebot/2.1; +http://www.google.com/bot.html)"
66.249.78.6 - - [12/Oct/2025:03:00:29 +0300] "GET /?573741389 HTTP/1.1" 200 197823 "-" "Mozilla/5.0 (Linux; Android 6.0.1; Nexus 5X Build/MMB29P) AppleWebKit/537.36 (KHTML, like Gecko) Chrome/140.0.7339.207 Mobile Safari/537.36 (compatible; Googlebot/2.1; +http://www.google.com/bot.html)"
66.249.78.6 - - [12/Oct/2025:03:00:32 +0300] "GET /?945584128 HTTP/1.1" 200 193806 "-" "Mozilla/5.0 (Linux; Android 6.0.1; Nexus 5X Build/MMB29P) AppleWebKit/537.36 (KHTML, like Gecko) Chrome/140.0.7339.207 Mobile Safari/537.36 (compatible; Googlebot/2.1; +http://www.google.com/bot.html)"
51.195.183.193 - - [12/Oct/2025:03:00:34 +0300] "GET /347760015 HTTP/2.0" 404 55501 "-" "Mozilla/5.0 (compatible; AhrefsBot/7.0; +http://ahrefs.com/robot/)"
198.244.226.79 - - [12/Oct/2025:03:00:51 +0300] "GET /346847008 HTTP/2.0" 404 55501 "-" "Mozilla/5.0 (compatible; AhrefsBot/7.0; +http://ahrefs.com/robot/)"
66.249.65.102 - - [12/Oct/2025:03:01:01 +0300] "GET /?5488904 HTTP/1.1" 200 198683 "-" "Mozilla/5.0 (Linux; Android 6.0.1; Nexus 5X Build/MMB29P) AppleWebKit/537.36 (KHTML, like Gecko) Chrome/140.0.7339.207 Mobile Safari/537.36 (compatible; Googlebot/2.1; +http://www.google.com/bot.html)"
51.195.215.8 - - [12/Oct/2025:03:01:07 +0300] "GET /346359982 HTTP/2.0" 404 55501 "-" "Mozilla/5.0 (compatible; AhrefsBot/7.0; +http://ahrefs.com/robot/)"
51.195.244.42 - - [12/Oct/2025:03:01:21 +0300] "GET /34476830 HTTP/2.0" 404 55501 "-" "Mozilla/5.0 (compatible; AhrefsBot/7.0; +http://ahrefs.com/robot/)"
66.249.65.100 - - [12/Oct/2025:03:01:24 +0300] "GET /?95985291 HTTP/1.1" 200 201315 "-" "Mozilla/5.0 (Linux; Android 6.0.1; Nexus 5X Build/MMB29P) AppleWebKit/537.36 (KHTML, like Gecko) Chrome/140.0.7339.207 Mobile Safari/537.36 (compatible; Googlebot/2.1; +http://www.google.com/bot.html)"
198.244.226.126 - - [12/Oct/2025:03:01:40 +0300] "GET /342891021 HTTP/2.0" 404 55501 "-" "Mozilla/5.0 (compatible; AhrefsBot/7.0; +http://ahrefs.com/robot/)"
107.189.27.55 - - [12/Oct/2025:03:01:45 +0300] "GET /wetten-regulare-spielzeit/ HTTP/1.1" 200 66273 "-" "Mozilla/5.0 (X11; Linux i686; rv:114.0) Gecko/20100101 Firefox/114.0"
198.244.242.107 - - [12/Oct/2025:03:01:50 +0300] "GET /342339881 HTTP/2.0" 404 55501 "-" "Mozilla/5.0 (compatible; AhrefsBot/7.0; +http://ahrefs.com/robot/)"
107.189.27.55 - - [12/Oct/2025:03:01:58 +0300] "GET /wetten-regulare-spielzeit/ HTTP/1.1" 200 66273 "-" "Mozilla/5.0 (X11; Linux i686; rv:114.0) Gecko/20100101 Firefox/114.0"
198.244.240.19 - - [12/Oct/2025:03:02:10 +0300] "GET /329428911 HTTP/2.0" 404 55501 "-" "Mozilla/5.0 (compatible; AhrefsBot/7.0; +http://ahrefs.com/robot/)"
66.249.65.102 - - [12/Oct/2025:03:02:11 +0300] "GET /?3954425 HTTP/1.1" 200 202681 "-" "Mozilla/5.0 (Linux; Android 6.0.1; Nexus 5X Build/MMB29P) AppleWebKit/537.36 (KHTML, like Gecko) Chrome/140.0.7339.207 Mobile Safari/537.36 (compatible; Googlebot/2.1; +http://www.google.com/bot.html)"
66.249.65.101 - - [12/Oct/2025:03:02:13 +0300] "GET /?635468007 HTTP/1.1" 200 201159 "-" "Mozilla/5.0 (Linux; Android 6.0.1; Nexus 5X Build/MMB29P) AppleWebKit/537.36 (KHTML, like Gecko) Chrome/140.0.7339.207 Mobile Safari/537.36 (compatible; Googlebot/2.1; +http://www.google.com/bot.html)"
198.244.242.120 - - [12/Oct/2025:03:02:18 +0300] "GET /329113959 HTTP/2.0" 404 55501 "-" "Mozilla/5.0 (compatible; AhrefsBot/7.0; +http://ahrefs.com/robot/)"
51.195.215.206 - - [12/Oct/2025:03:02:33 +0300] "GET /328661555 HTTP/2.0" 404 55510 "-" "Mozilla/5.0 (compatible; AhrefsBot/7.0; +http://ahrefs.com/robot/)"
198.244.183.239 - - [12/Oct/2025:03:02:39 +0300] "GET /327511763 HTTP/2.0" 404 55501 "-" "Mozilla/5.0 (compatible; AhrefsBot/7.0; +http://ahrefs.com/robot/)"
66.249.65.100 - - [12/Oct/2025:03:02:43 +0300] "GET /294953784 HTTP/1.1" 200 197382 "-" "Mozilla/5.0 (Linux; Android 6.0.1; Nexus 5X Build/MMB29P) AppleWebKit/537.36 (KHTML, like Gecko) Chrome/140.0.7339.207 Mobile Safari/537.36 (compatible; Googlebot/2.1; +http://www.google.com/bot.html)"
51.195.215.115 - - [12/Oct/2025:03:03:02 +0300] "GET /324299702 HTTP/2.0" 404 55501 "-" "Mozilla/5.0 (compatible; AhrefsBot/7.0; +http://ahrefs.com/robot/)"
66.249.65.102 - - [12/Oct/2025:03:03:18 +0300] "GET /?543363902 HTTP/1.1" 200 201142 "-" "Mozilla/5.0 (Linux; Android 6.0.1; Nexus 5X Build/MMB29P) AppleWebKit/537.36 (KHTML, like Gecko) Chrome/140.0.7339.207 Mobile Safari/537.36 (compatible; Googlebot/2.1; +http://www.google.com/bot.html)"
54.38.147.41 - - [12/Oct/2025:03:03:20 +0300] "GET /322078449 HTTP/2.0" 404 55501 "-" "Mozilla/5.0 (compatible; AhrefsBot/7.0; +http://ahrefs.com/robot/)"
198.244.168.187 - - [12/Oct/2025:03:03:25 +0300] "GET /326405696 HTTP/2.0" 404 55501 "-" "Mozilla/5.0 (compatible; AhrefsBot/7.0; +http://ahrefs.com/robot/)"
51.195.215.97 - - [12/Oct/2025:03:03:29 +0300] "GET /321936047 HTTP/2.0" 404 55501 "-" "Mozilla/5.0 (compatible; AhrefsBot/7.0; +http://ahrefs.com/robot/)"
198.244.242.229 - - [12/Oct/2025:03:03:39 +0300] "GET /319876880 HTTP/2.0" 404 55501 "-" "Mozilla/5.0 (compatible; AhrefsBot/7.0; +http://ahrefs.com/robot/)"
51.195.215.113 - - [12/Oct/2025:03:03:52 +0300] "GET /319693986 HTTP/2.0" 404 55501 "-" "Mozilla/5.0 (compatible; AhrefsBot/7.0; +http://ahrefs.com/robot/)"
66.249.65.101 - - [12/Oct/2025:03:04:11 +0300] "GET /?8407480 HTTP/1.1" 200 202044 "-" "Mozilla/5.0 (Linux; Android 6.0.1; Nexus 5X Build/MMB29P) AppleWebKit/537.36 (KHTML, like Gecko) Chrome/140.0.7339.207 Mobile Safari/537.36 (compatible; Googlebot/2.1; +http://www.google.com/bot.html)"
198.244.168.127 - - [12/Oct/2025:03:04:16 +0300] "GET /31872897 HTTP/2.0" 404 55501 "-" "Mozilla/5.0 (compatible; AhrefsBot/7.0; +http://ahrefs.com/robot/)"
198.244.226.10 - - [12/Oct/2025:03:04:28 +0300] "GET /317951422 HTTP/2.0" 404 55519 "-" "Mozilla/5.0 (compatible; AhrefsBot/7.0; +http://ahrefs.com/robot/)"
51.195.244.76 - - [12/Oct/2025:03:04:39 +0300] "GET /316035633 HTTP/2.0" 404 55501 "-" "Mozilla/5.0 (compatible; AhrefsBot/7.0; +http://ahrefs.com/robot/)"
66.249.78.5 - - [12/Oct/2025:03:04:46 +0300] "GET /7936488 HTTP/1.1" 200 196765 "-" "Mozilla/5.0 (Linux; Android 6.0.1; Nexus 5X Build/MMB29P) AppleWebKit/537.36 (KHTML, like Gecko) Chrome/140.0.7339.207 Mobile Safari/537.36 (compatible; Googlebot/2.1; +http://www.google.com/bot.html)"
51.89.129.10 - - [12/Oct/2025:03:04:54 +0300] "GET /313170295 HTTP/2.0" 404 55501 "-" "Mozilla/5.0 (compatible; AhrefsBot/7.0; +http://ahrefs.com/robot/)"
198.244.226.253 - - [12/Oct/2025:03:05:07 +0300] "GET /313136923 HTTP/2.0" 404 55501 "-" "Mozilla/5.0 (compatible; AhrefsBot/7.0; +http://ahrefs.com/robot/)"
51.195.215.84 - - [12/Oct/2025:03:05:12 +0300] "GET /298535384 HTTP/2.0" 404 55501 "-" "Mozilla/5.0 (compatible; AhrefsBot/7.0; +http://ahrefs.com/robot/)"
66.249.65.100 - - [12/Oct/2025:03:05:23 +0300] "GET /?67587613 HTTP/1.1" 200 199575 "-" "Mozilla/5.0 (Linux; Android 6.0.1; Nexus 5X Build/MMB29P) AppleWebKit/537.36 (KHTML, like Gecko) Chrome/140.0.7339.207 Mobile Safari/537.36 (compatible; Googlebot/2.1; +http://www.google.com/bot.html)"
66.249.65.100 - - [12/Oct/2025:03:05:24 +0300] "GET /?8018785 HTTP/1.1" 200 199494 "-" "Mozilla/5.0 (Linux; Android 6.0.1; Nexus 5X Build/MMB29P) AppleWebKit/537.36 (KHTML, like Gecko) Chrome/140.0.7339.207 Mobile Safari/537.36 (compatible; Googlebot/2.1; +http://www.google.com/bot.html)"
54.38.147.88 - - [12/Oct/2025:03:05:29 +0300] "GET /296182663 HTTP/2.0" 404 55501 "-" "Mozilla/5.0 (compatible; AhrefsBot/7.0; +http://ahrefs.com/robot/)"
51.195.183.42 - - [12/Oct/2025:03:05:45 +0300] "GET /2943048 HTTP/2.0" 404 55501 "-" "Mozilla/5.0 (compatible; AhrefsBot/7.0; +http://ahrefs.com/robot/)"
66.249.65.101 - - [12/Oct/2025:03:05:50 +0300] "GET /?373219971 HTTP/1.1" 200 198566 "-" "Mozilla/5.0 (Linux; Android 6.0.1; Nexus 5X Build/MMB29P) AppleWebKit/537.36 (KHTML, like Gecko) Chrome/140.0.7339.207 Mobile Safari/537.36 (compatible; Googlebot/2.1; +http://www.google.com/bot.html)"
51.195.244.59 - - [12/Oct/2025:03:05:56 +0300] "GET /2940849 HTTP/2.0" 404 55501 "-" "Mozilla/5.0 (compatible; AhrefsBot/7.0; +http://ahrefs.com/robot/)"
66.249.65.100 - - [12/Oct/2025:03:06:00 +0300] "GET /?2170089 HTTP/1.1" 200 195587 "-" "Mozilla/5.0 (Linux; Android 6.0.1; Nexus 5X Build/MMB29P) AppleWebKit/537.36 (KHTML, like Gecko) Chrome/140.0.7339.207 Mobile Safari/537.36 (compatible; Googlebot/2.1; +http://www.google.com/bot.html)"
66.249.65.100 - - [12/Oct/2025:03:05:59 +0300] "GET /zakachat-1xbet-nate-droid-addenda-1khbet-besplatno-2024/ HTTP/1.1" 200 201099 "-" "Mozilla/5.0 (Linux; Android 6.0.1; Nexus 5X Build/MMB29P) AppleWebKit/537.36 (KHTML, like Gecko) Chrome/140.0.7339.207 Mobile Safari/537.36 (compatible; Googlebot/2.1; +http://www.google.com/bot.html)"
66.249.65.100 - - [12/Oct/2025:03:06:03 +0300] "GET /1xbet-geliostat-rabochee-1xbet-dolzhnostnoy-sayt-verbovoe-vozmite-segodnya-v-1khbet-kazino/ HTTP/1.1" 200 194067 "-" "Mozilla/5.0 (Linux; Android 6.0.1; Nexus 5X Build/MMB29P) AppleWebKit/537.36 (KHTML, like Gecko) Chrome/140.0.7339.207 Mobile Safari/537.36 (compatible; Googlebot/2.1; +http://www.google.com/bot.html)"
198.244.240.221 - - [12/Oct/2025:03:06:21 +0300] "GET /293951428 HTTP/2.0" 404 55501 "-" "Mozilla/5.0 (compatible; AhrefsBot/7.0; +http://ahrefs.com/robot/)"
66.249.78.5 - - [12/Oct/2025:03:06:22 +0300] "GET /?295158822 HTTP/1.1" 200 198013 "-" "Mozilla/5.0 (Linux; Android 6.0.1; Nexus 5X Build/MMB29P) AppleWebKit/537.36 (KHTML, like Gecko) Chrome/140.0.7339.207 Mobile Safari/537.36 (compatible; Googlebot/2.1; +http://www.google.com/bot.html)"
51.195.215.161 - - [12/Oct/2025:03:06:28 +0300] "GET /292278188 HTTP/2.0" 404 55501 "-" "Mozilla/5.0 (compatible; AhrefsBot/7.0; +http://ahrefs.com/robot/)"
131.108.19.16 - - [12/Oct/2025:03:06:33 +0300] "GET /wetten-prognosen/ HTTP/1.1" 200 66948 "https://nuofama.com/" "Mozilla/5.0 (Macintosh; Intel Mac OS X 12_5) AppleWebKit/537.36 (KHTML, like Gecko) Chrome/114.0.0.0 Safari/537.36 Vivaldi/5.3.2679.68"
131.108.19.16 - - [12/Oct/2025:03:06:41 +0300] "GET /wp-login.php?action=register HTTP/1.1" 302 3920 "https://nuofama.com/wetten-prognosen/" "Mozilla/5.0 (Windows NT 6.3; Win64; x64) AppleWebKit/537.36 (KHTML, like Gecko) Chrome/103.0.0.0 Safari/537.36"
131.108.19.16 - - [12/Oct/2025:03:06:43 +0300] "GET /wp-login.php?registration=disabled HTTP/1.1" 200 14637 "https://nuofama.com/wp-login.php?action=register" "Mozilla/5.0 (Windows NT 6.3; Win64; x64) AppleWebKit/537.36 (KHTML, like Gecko) Chrome/103.0.0.0 Safari/537.36"
198.244.240.122 - - [12/Oct/2025:03:06:45 +0300] "GET /286719708 HTTP/2.0" 404 55501 "-" "Mozilla/5.0 (compatible; AhrefsBot/7.0; +http://ahrefs.com/robot/)"
198.244.226.254 - - [12/Oct/2025:03:07:00 +0300] "GET /285966506 HTTP/2.0" 404 55501 "-" "Mozilla/5.0 (compatible; AhrefsBot/7.0; +http://ahrefs.com/robot/)"
3.223.134.5 - - [12/Oct/2025:03:07:06 +0300] "GET /category/blog/page/8/ HTTP/1.1" 200 73334 "-" "Mozilla/5.0 AppleWebKit/537.36 (KHTML, like Gecko; compatible; Amazonbot/0.1; +https://developer.amazon.com/support/amazonbot) Chrome/119.0.6045.214 Safari/537.36"
51.195.244.196 - - [12/Oct/2025:03:07:12 +0300] "GET /285734581 HTTP/2.0" 404 55501 "-" "Mozilla/5.0 (compatible; AhrefsBot/7.0; +http://ahrefs.com/robot/)"
18.213.102.186 - - [12/Oct/2025:03:07:11 +0300] "GET /category/bez-kategoriyi/page/604/ HTTP/1.1" 200 75078 "-" "Mozilla/5.0 AppleWebKit/537.36 (KHTML, like Gecko; compatible; Amazonbot/0.1; +https://developer.amazon.com/support/amazonbot) Chrome/119.0.6045.214 Safari/537.36"
198.244.226.35 - - [12/Oct/2025:03:07:23 +0300] "GET /285529478 HTTP/2.0" 404 55501 "-" "Mozilla/5.0 (compatible; AhrefsBot/7.0; +http://ahrefs.com/robot/)"
198.244.226.177 - - [12/Oct/2025:03:07:36 +0300] "GET /284946894 HTTP/2.0" 404 55501 "-" "Mozilla/5.0 (compatible; AhrefsBot/7.0; +http://ahrefs.com/robot/)"
216.73.216.128 - - [12/Oct/2025:03:07:40 +0300] "GET /robots.txt HTTP/2.0" 200 199 "-" "Mozilla/5.0 AppleWebKit/537.36 (KHTML, like Gecko; compatible; ClaudeBot/1.0; +claudebot@anthropic.com)"
216.73.216.128 - - [12/Oct/2025:03:07:40 +0300] "GET /sitemap.xml HTTP/2.0" 200 134273 "-" "Mozilla/5.0 AppleWebKit/537.36 (KHTML, like Gecko; compatible; ClaudeBot/1.0; +claudebot@anthropic.com)"
66.249.65.101 - - [12/Oct/2025:03:08:01 +0300] "GET /promokod-1xbet-na-segodnya-2025-vozymet-promokod-1khbet-bezvozmezdno-nate-stavku/ HTTP/1.1" 200 200161 "-" "Mozilla/5.0 (Linux; Android 6.0.1; Nexus 5X Build/MMB29P) AppleWebKit/537.36 (KHTML, like Gecko) Chrome/140.0.7339.207 Mobile Safari/537.36 (compatible; Googlebot/2.1; +http://www.google.com/bot.html)"
66.249.65.102 - - [12/Oct/2025:03:08:04 +0300] "GET /stavki-vozmite-sport-dialogovyy-pe-1xbet-com/ HTTP/1.1" 200 205051 "-" "Mozilla/5.0 (Linux; Android 6.0.1; Nexus 5X Build/MMB29P) AppleWebKit/537.36 (KHTML, like Gecko) Chrome/140.0.7339.207 Mobile Safari/537.36 (compatible; Googlebot/2.1; +http://www.google.com/bot.html)"
51.89.129.34 - - [12/Oct/2025:03:08:12 +0300] "GET /283847306 HTTP/2.0" 404 55501 "-" "Mozilla/5.0 (compatible; AhrefsBot/7.0; +http://ahrefs.com/robot/)"
66.249.65.100 - - [12/Oct/2025:03:08:11 +0300] "GET /?68584994 HTTP/1.1" 200 201908 "-" "Mozilla/5.0 (Linux; Android 6.0.1; Nexus 5X Build/MMB29P) AppleWebKit/537.36 (KHTML, like Gecko) Chrome/140.0.7339.207 Mobile Safari/537.36 (compatible; Googlebot/2.1; +http://www.google.com/bot.html)"
66.249.78.5 - - [12/Oct/2025:03:08:16 +0300] "GET /?8460162 HTTP/1.1" 200 195338 "-" "Mozilla/5.0 (Linux; Android 6.0.1; Nexus 5X Build/MMB29P) AppleWebKit/537.36 (KHTML, like Gecko) Chrome/140.0.7339.207 Mobile Safari/537.36 (compatible; Googlebot/2.1; +http://www.google.com/bot.html)"
198.244.168.224 - - [12/Oct/2025:03:08:25 +0300] "GET /284282208 HTTP/2.0" 404 55501 "-" "Mozilla/5.0 (compatible; AhrefsBot/7.0; +http://ahrefs.com/robot/)"
198.244.240.158 - - [12/Oct/2025:03:08:29 +0300] "GET /279976119 HTTP/2.0" 404 55501 "-" "Mozilla/5.0 (compatible; AhrefsBot/7.0; +http://ahrefs.com/robot/)"
66.249.78.5 - - [12/Oct/2025:03:08:49 +0300] "GET /32059782 HTTP/1.1" 200 198203 "-" "Mozilla/5.0 (Linux; Android 6.0.1; Nexus 5X Build/MMB29P) AppleWebKit/537.36 (KHTML, like Gecko) Chrome/140.0.7339.207 Mobile Safari/537.36 (compatible; Googlebot/2.1; +http://www.google.com/bot.html)"
66.249.65.100 - - [12/Oct/2025:03:08:50 +0300] "GET /?67663251 HTTP/1.1" 200 201230 "-" "Mozilla/5.0 (Linux; Android 6.0.1; Nexus 5X Build/MMB29P) AppleWebKit/537.36 (KHTML, like Gecko) Chrome/140.0.7339.207 Mobile Safari/537.36 (compatible; Googlebot/2.1; +http://www.google.com/bot.html)"
54.38.147.240 - - [12/Oct/2025:03:08:54 +0300] "GET /279961546 HTTP/2.0" 404 55501 "-" "Mozilla/5.0 (compatible; AhrefsBot/7.0; +http://ahrefs.com/robot/)"
57.141.6.46 - - [12/Oct/2025:03:08:59 +0300] "GET /583089000 HTTP/2.0" 404 55504 "-" "meta-externalagent/1.1 (+https://developers.facebook.com/docs/sharing/webmasters/crawler)"
66.249.78.6 - - [12/Oct/2025:03:09:01 +0300] "GET /?452862530 HTTP/1.1" 200 205140 "-" "Mozilla/5.0 (Linux; Android 6.0.1; Nexus 5X Build/MMB29P) AppleWebKit/537.36 (KHTML, like Gecko) Chrome/140.0.7339.207 Mobile Safari/537.36 (compatible; Googlebot/2.1; +http://www.google.com/bot.html)"
198.244.226.81 - - [12/Oct/2025:03:09:06 +0300] "GET /27816577 HTTP/2.0" 404 55501 "-" "Mozilla/5.0 (compatible; AhrefsBot/7.0; +http://ahrefs.com/robot/)"
198.244.240.164 - - [12/Oct/2025:03:09:15 +0300] "GET /274282648 HTTP/2.0" 404 55501 "-" "Mozilla/5.0 (compatible; AhrefsBot/7.0; +http://ahrefs.com/robot/)"
54.38.147.142 - - [12/Oct/2025:03:09:29 +0300] "GET /274126983 HTTP/2.0" 404 55501 "-" "Mozilla/5.0 (compatible; AhrefsBot/7.0; +http://ahrefs.com/robot/)"
198.244.226.217 - - [12/Oct/2025:03:09:48 +0300] "GET /2720189 HTTP/2.0" 404 55501 "-" "Mozilla/5.0 (compatible; AhrefsBot/7.0; +http://ahrefs.com/robot/)"
51.195.244.29 - - [12/Oct/2025:03:10:00 +0300] "GET /272006111 HTTP/2.0" 404 55501 "-" "Mozilla/5.0 (compatible; AhrefsBot/7.0; +http://ahrefs.com/robot/)"
66.249.65.102 - - [12/Oct/2025:03:10:06 +0300] "GET /1xbet-down-%D2%9Boldanbasyn-zh%D2%AFktep-alu-%D2%AFsh%D1%96n-pakistan-1xbet-apk-android-zh%D3%99ne-ios-zh%D2%AFyes%D1%96ne-ie-bolu-%D2%AFsh%D1%96n-so%D2%A3%D2%93y-bey%D1%96mdelu/ HTTP/1.1" 200 202673 "-" "Mozilla/5.0 (Linux; Android 6.0.1; Nexus 5X Build/MMB29P) AppleWebKit/537.36 (KHTML, like Gecko) Chrome/140.0.7339.207 Mobile Safari/537.36 (compatible; Googlebot/2.1; +http://www.google.com/bot.html)"
198.244.242.122 - - [12/Oct/2025:03:10:13 +0300] "GET /270143293 HTTP/2.0" 404 55501 "-" "Mozilla/5.0 (compatible; AhrefsBot/7.0; +http://ahrefs.com/robot/)"
51.195.244.108 - - [12/Oct/2025:03:10:23 +0300] "GET /270027060 HTTP/2.0" 404 55501 "-" "Mozilla/5.0 (compatible; AhrefsBot/7.0; +http://ahrefs.com/robot/)"
66.249.78.5 - - [12/Oct/2025:03:10:33 +0300] "GET /?3534521 HTTP/1.1" 200 201467 "-" "Mozilla/5.0 (Linux; Android 6.0.1; Nexus 5X Build/MMB29P) AppleWebKit/537.36 (KHTML, like Gecko) Chrome/140.0.7339.207 Mobile Safari/537.36 (compatible; Googlebot/2.1; +http://www.google.com/bot.html)"
45.85.162.87 - - [12/Oct/2025:03:10:44 +0300] "GET /login HTTP/1.1" 301 442 "-" "Mozilla/5.0 (Windows NT 10.0; Win64; x64) AppleWebKit/537.36 (KHTML, like Gecko) Chrome/115.0.0.0 Safari/537.36 Edg/115.0.1901.203"
45.85.161.165 - - [12/Oct/2025:03:10:44 +0300] "GET /login HTTP/1.1" 301 442 "-" "Mozilla/5.0 (Windows NT 10.0; Win64; x64) AppleWebKit/537.36 (KHTML, like Gecko) Chrome/115.0.0.0 Safari/537.36 Edg/115.0.1901.203"
45.85.162.87 - - [12/Oct/2025:03:10:44 +0300] "GET /login HTTP/1.1" 301 3619 "-" "Mozilla/5.0 (Windows NT 10.0; Win64; x64) AppleWebKit/537.36 (KHTML, like Gecko) Chrome/115.0.0.0 Safari/537.36 Edg/115.0.1901.203"
45.85.161.165 - - [12/Oct/2025:03:10:44 +0300] "GET /login HTTP/1.1" 301 3619 "-" "Mozilla/5.0 (Windows NT 10.0; Win64; x64) AppleWebKit/537.36 (KHTML, like Gecko) Chrome/115.0.0.0 Safari/537.36 Edg/115.0.1901.203"
45.85.162.87 - - [12/Oct/2025:03:10:46 +0300] "GET /login/ HTTP/1.1" 200 67324 "-" "Mozilla/5.0 (Windows NT 10.0; Win64; x64) AppleWebKit/537.36 (KHTML, like Gecko) Chrome/115.0.0.0 Safari/537.36 Edg/115.0.1901.203"
45.85.161.165 - - [12/Oct/2025:03:10:46 +0300] "GET /login/ HTTP/1.1" 200 67324 "-" "Mozilla/5.0 (Windows NT 10.0; Win64; x64) AppleWebKit/537.36 (KHTML, like Gecko) Chrome/115.0.0.0 Safari/537.36 Edg/115.0.1901.203"
198.244.240.52 - - [12/Oct/2025:03:10:56 +0300] "GET /263651340 HTTP/2.0" 404 55501 "-" "Mozilla/5.0 (compatible; AhrefsBot/7.0; +http://ahrefs.com/robot/)"
66.249.65.100 - - [12/Oct/2025:03:11:00 +0300] "GET /?348171296 HTTP/1.1" 200 205390 "-" "Mozilla/5.0 (Linux; Android 6.0.1; Nexus 5X Build/MMB29P) AppleWebKit/537.36 (KHTML, like Gecko) Chrome/140.0.7339.207 Mobile Safari/537.36 (compatible; Googlebot/2.1; +http://www.google.com/bot.html)"
66.249.65.100 - - [12/Oct/2025:03:11:01 +0300] "GET /?5772411 HTTP/1.1" 200 205573 "-" "Mozilla/5.0 (Linux; Android 6.0.1; Nexus 5X Build/MMB29P) AppleWebKit/537.36 (KHTML, like Gecko) Chrome/140.0.7339.207 Mobile Safari/537.36 (compatible; Googlebot/2.1; +http://www.google.com/bot.html)"
66.249.65.100 - - [12/Oct/2025:03:11:09 +0300] "GET /27774370 HTTP/1.1" 200 204325 "-" "Mozilla/5.0 (Linux; Android 6.0.1; Nexus 5X Build/MMB29P) AppleWebKit/537.36 (KHTML, like Gecko) Chrome/140.0.7339.207 Mobile Safari/537.36 (compatible; Googlebot/2.1; +http://www.google.com/bot.html)"
66.249.78.5 - - [12/Oct/2025:03:11:29 +0300] "GET /?87118501 HTTP/1.1" 200 202474 "-" "Mozilla/5.0 (Linux; Android 6.0.1; Nexus 5X Build/MMB29P) AppleWebKit/537.36 (KHTML, like Gecko) Chrome/140.0.7339.207 Mobile Safari/537.36 (compatible; Googlebot/2.1; +http://www.google.com/bot.html)"
51.195.244.219 - - [12/Oct/2025:03:11:34 +0300] "GET /26278261 HTTP/2.0" 404 55501 "-" "Mozilla/5.0 (compatible; AhrefsBot/7.0; +http://ahrefs.com/robot/)"
172.192.8.200 - - [12/Oct/2025:03:11:42 +0300] "GET /wp-content/plugins/hellopress/wp_filemanager.php HTTP/1.1" 301 509 "-" "-"
54.38.147.234 - - [12/Oct/2025:03:11:43 +0300] "GET /267603969 HTTP/2.0" 404 55501 "-" "Mozilla/5.0 (compatible; AhrefsBot/7.0; +http://ahrefs.com/robot/)"
172.192.8.200 - - [12/Oct/2025:03:11:44 +0300] "GET /wp-content/plugins/hellopress/wp_filemanager.php HTTP/1.1" 404 59315 "-" "-"
172.192.8.200 - - [12/Oct/2025:03:11:45 +0300] "GET /wd.php HTTP/1.1" 301 425 "-" "-"
198.244.226.161 - - [12/Oct/2025:03:11:45 +0300] "GET /26182753 HTTP/2.0" 404 55501 "-" "Mozilla/5.0 (compatible; AhrefsBot/7.0; +http://ahrefs.com/robot/)"
172.192.8.200 - - [12/Oct/2025:03:11:46 +0300] "GET /wd.php HTTP/1.1" 404 56012 "-" "-"
172.192.8.200 - - [12/Oct/2025:03:11:47 +0300] "GET /ar.php HTTP/1.1" 301 425 "-" "-"
172.192.8.200 - - [12/Oct/2025:03:11:47 +0300] "GET /ar.php HTTP/1.1" 404 56012 "-" "-"
172.192.8.200 - - [12/Oct/2025:03:11:48 +0300] "GET /jmfi2.php HTTP/1.1" 301 431 "-" "-"
172.192.8.200 - - [12/Oct/2025:03:11:49 +0300] "GET /jmfi2.php HTTP/1.1" 404 56012 "-" "-"
172.192.8.200 - - [12/Oct/2025:03:11:50 +0300] "GET /a.php HTTP/1.1" 301 423 "-" "-"
172.192.8.200 - - [12/Oct/2025:03:11:50 +0300] "GET /a.php HTTP/1.1" 404 56012 "-" "-"
172.192.8.200 - - [12/Oct/2025:03:11:51 +0300] "GET /wj.php HTTP/1.1" 301 425 "-" "-"
172.192.8.200 - - [12/Oct/2025:03:11:51 +0300] "GET /wj.php HTTP/1.1" 404 56012 "-" "-"
172.192.8.200 - - [12/Oct/2025:03:11:52 +0300] "GET /atomlib.php HTTP/1.1" 301 435 "-" "-"
51.195.183.119 - - [12/Oct/2025:03:11:52 +0300] "GET /263609664 HTTP/2.0" 404 55501 "-" "Mozilla/5.0 (compatible; AhrefsBot/7.0; +http://ahrefs.com/robot/)"
172.192.8.200 - - [12/Oct/2025:03:11:53 +0300] "GET /atomlib.php HTTP/1.1" 404 56012 "-" "-"
172.192.8.200 - - [12/Oct/2025:03:11:54 +0300] "GET /default.php HTTP/1.1" 301 435 "-" "-"
172.192.8.200 - - [12/Oct/2025:03:11:54 +0300] "GET /default.php HTTP/1.1" 404 56012 "-" "-"
172.192.8.200 - - [12/Oct/2025:03:11:55 +0300] "GET /cool.php HTTP/1.1" 301 429 "-" "-"
172.192.8.200 - - [12/Oct/2025:03:11:55 +0300] "GET /cool.php HTTP/1.1" 404 56012 "-" "-"
172.192.8.200 - - [12/Oct/2025:03:11:56 +0300] "GET /class20.php HTTP/1.1" 301 435 "-" "-"
172.192.8.200 - - [12/Oct/2025:03:11:57 +0300] "GET /class20.php HTTP/1.1" 404 56012 "-" "-"
172.192.8.200 - - [12/Oct/2025:03:11:58 +0300] "GET /wk.php HTTP/1.1" 301 425 "-" "-"
172.192.8.200 - - [12/Oct/2025:03:11:58 +0300] "GET /wk.php HTTP/1.1" 404 56012 "-" "-"
51.89.129.21 - - [12/Oct/2025:03:11:58 +0300] "GET /259877368 HTTP/2.0" 404 55501 "-" "Mozilla/5.0 (compatible; AhrefsBot/7.0; +http://ahrefs.com/robot/)"
172.192.8.200 - - [12/Oct/2025:03:11:59 +0300] "GET /akcc.php HTTP/1.1" 301 429 "-" "-"
172.192.8.200 - - [12/Oct/2025:03:12:00 +0300] "GET /akcc.php HTTP/1.1" 404 56012 "-" "-"
172.192.8.200 - - [12/Oct/2025:03:12:01 +0300] "GET /alpa.php HTTP/1.1" 301 429 "-" "-"
172.192.8.200 - - [12/Oct/2025:03:12:01 +0300] "GET /alpa.php HTTP/1.1" 404 56012 "-" "-"
172.192.8.200 - - [12/Oct/2025:03:12:02 +0300] "GET /abcd.php HTTP/1.1" 301 429 "-" "-"
172.192.8.200 - - [12/Oct/2025:03:12:02 +0300] "GET /abcd.php HTTP/1.1" 404 56012 "-" "-"
66.249.65.102 - - [12/Oct/2025:03:12:01 +0300] "GET /?83037089 HTTP/1.1" 200 194802 "-" "Mozilla/5.0 (Linux; Android 6.0.1; Nexus 5X Build/MMB29P) AppleWebKit/537.36 (KHTML, like Gecko) Chrome/140.0.7339.207 Mobile Safari/537.36 (compatible; Googlebot/2.1; +http://www.google.com/bot.html)"
172.192.8.200 - - [12/Oct/2025:03:12:03 +0300] "GET /wfile.php HTTP/1.1" 301 431 "-" "-"
172.192.8.200 - - [12/Oct/2025:03:12:04 +0300] "GET /wfile.php HTTP/1.1" 404 56012 "-" "-"
172.192.8.200 - - [12/Oct/2025:03:12:05 +0300] "GET /class19.php HTTP/1.1" 301 435 "-" "-"
172.192.8.200 - - [12/Oct/2025:03:12:05 +0300] "GET /class19.php HTTP/1.1" 404 56012 "-" "-"
172.192.8.200 - - [12/Oct/2025:03:12:06 +0300] "GET /wp-gr.php HTTP/1.1" 301 431 "-" "-"
172.192.8.200 - - [12/Oct/2025:03:12:07 +0300] "GET /wp-gr.php HTTP/1.1" 404 56012 "-" "-"
172.192.8.200 - - [12/Oct/2025:03:12:08 +0300] "GET /classgoto24.php HTTP/1.1" 301 443 "-" "-"
51.195.244.226 - - [12/Oct/2025:03:12:08 +0300] "GET /257627303 HTTP/2.0" 404 55501 "-" "Mozilla/5.0 (compatible; AhrefsBot/7.0; +http://ahrefs.com/robot/)"
172.192.8.200 - - [12/Oct/2025:03:12:08 +0300] "GET /classgoto24.php HTTP/1.1" 404 56012 "-" "-"
172.192.8.200 - - [12/Oct/2025:03:12:09 +0300] "GET /radio.php HTTP/1.1" 301 431 "-" "-"
172.192.8.200 - - [12/Oct/2025:03:12:10 +0300] "GET /radio.php HTTP/1.1" 404 56012 "-" "-"
172.192.8.200 - - [12/Oct/2025:03:12:11 +0300] "GET /wb.php HTTP/1.1" 301 425 "-" "-"
172.192.8.200 - - [12/Oct/2025:03:12:11 +0300] "GET /wb.php HTTP/1.1" 404 56012 "-" "-"
172.192.8.200 - - [12/Oct/2025:03:12:12 +0300] "GET /file18.php HTTP/1.1" 301 433 "-" "-"
172.192.8.200 - - [12/Oct/2025:03:12:12 +0300] "GET /file18.php HTTP/1.1" 404 56012 "-" "-"
172.192.8.200 - - [12/Oct/2025:03:12:13 +0300] "GET /file1.php HTTP/1.1" 301 431 "-" "-"
172.192.8.200 - - [12/Oct/2025:03:12:14 +0300] "GET /file1.php HTTP/1.1" 404 56012 "-" "-"
172.192.8.200 - - [12/Oct/2025:03:12:15 +0300] "GET /c.php HTTP/1.1" 301 423 "-" "-"
172.192.8.200 - - [12/Oct/2025:03:12:15 +0300] "GET /c.php HTTP/1.1" 404 56012 "-" "-"
172.192.8.200 - - [12/Oct/2025:03:12:16 +0300] "GET /file18.php HTTP/1.1" 301 433 "-" "-"
172.192.8.200 - - [12/Oct/2025:03:12:16 +0300] "GET /file18.php HTTP/1.1" 404 56012 "-" "-"
172.192.8.200 - - [12/Oct/2025:03:12:17 +0300] "GET /2clas.php HTTP/1.1" 301 431 "-" "-"
172.192.8.200 - - [12/Oct/2025:03:12:18 +0300] "GET /2clas.php HTTP/1.1" 404 56012 "-" "-"
172.192.8.200 - - [12/Oct/2025:03:12:19 +0300] "GET /file21.php HTTP/1.1" 301 433 "-" "-"
172.192.8.200 - - [12/Oct/2025:03:12:19 +0300] "GET /file21.php HTTP/1.1" 404 56012 "-" "-"
172.192.8.200 - - [12/Oct/2025:03:12:20 +0300] "GET /vee.php HTTP/1.1" 301 427 "-" "-"
172.192.8.200 - - [12/Oct/2025:03:12:20 +0300] "GET /vee.php HTTP/1.1" 404 56012 "-" "-"
172.192.8.200 - - [12/Oct/2025:03:12:22 +0300] "GET /anskrit.php HTTP/1.1" 301 435 "-" "-"
51.195.244.149 - - [12/Oct/2025:03:12:22 +0300] "GET /256722500 HTTP/2.0" 404 55501 "-" "Mozilla/5.0 (compatible; AhrefsBot/7.0; +http://ahrefs.com/robot/)"
172.192.8.200 - - [12/Oct/2025:03:12:22 +0300] "GET /anskrit.php HTTP/1.1" 404 56012 "-" "-"
172.192.8.200 - - [12/Oct/2025:03:12:23 +0300] "GET /f35.php HTTP/1.1" 301 427 "-" "-"
172.192.8.200 - - [12/Oct/2025:03:12:23 +0300] "GET /f35.php HTTP/1.1" 404 56012 "-" "-"
172.192.8.200 - - [12/Oct/2025:03:12:24 +0300] "GET /031.php HTTP/1.1" 301 427 "-" "-"
172.192.8.200 - - [12/Oct/2025:03:12:24 +0300] "GET /031.php HTTP/1.1" 404 56012 "-" "-"
172.192.8.200 - - [12/Oct/2025:03:12:26 +0300] "GET /opop.php HTTP/1.1" 301 429 "-" "-"
172.192.8.200 - - [12/Oct/2025:03:12:26 +0300] "GET /opop.php HTTP/1.1" 404 56012 "-" "-"
172.192.8.200 - - [12/Oct/2025:03:12:27 +0300] "GET /lol.php HTTP/1.1" 301 446 "-" "-"
172.192.8.200 - - [12/Oct/2025:03:12:27 +0300] "GET /lol.php HTTP/1.1" 404 56012 "-" "-"
172.192.8.200 - - [12/Oct/2025:03:12:29 +0300] "GET /plss3.php HTTP/1.1" 301 431 "-" "-"
172.192.8.200 - - [12/Oct/2025:03:12:29 +0300] "GET /plss3.php HTTP/1.1" 404 56012 "-" "-"
172.192.8.200 - - [12/Oct/2025:03:12:30 +0300] "GET /alam.php HTTP/1.1" 301 429 "-" "-"
172.192.8.200 - - [12/Oct/2025:03:12:31 +0300] "GET /alam.php HTTP/1.1" 404 56012 "-" "-"
172.192.8.200 - - [12/Oct/2025:03:12:32 +0300] "GET /alfa.php HTTP/1.1" 301 429 "-" "-"
51.195.215.47 - - [12/Oct/2025:03:12:32 +0300] "GET /255218623 HTTP/2.0" 404 55501 "-" "Mozilla/5.0 (compatible; AhrefsBot/7.0; +http://ahrefs.com/robot/)"
172.192.8.200 - - [12/Oct/2025:03:12:32 +0300] "GET /alfa.php HTTP/1.1" 404 56012 "-" "-"
172.192.8.200 - - [12/Oct/2025:03:12:33 +0300] "GET /wpc.php HTTP/1.1" 301 427 "-" "-"
172.192.8.200 - - [12/Oct/2025:03:12:34 +0300] "GET /wpc.php HTTP/1.1" 404 56012 "-" "-"
172.192.8.200 - - [12/Oct/2025:03:12:35 +0300] "GET /usep.php HTTP/1.1" 301 429 "-" "-"
172.192.8.200 - - [12/Oct/2025:03:12:35 +0300] "GET /usep.php HTTP/1.1" 404 56012 "-" "-"
172.192.8.200 - - [12/Oct/2025:03:12:36 +0300] "GET /file88.php HTTP/1.1" 301 433 "-" "-"
172.192.8.200 - - [12/Oct/2025:03:12:36 +0300] "GET /file88.php HTTP/1.1" 404 56012 "-" "-"
172.192.8.200 - - [12/Oct/2025:03:12:37 +0300] "GET /nfmr.php HTTP/1.1" 301 429 "-" "-"
57.141.6.34 - - [12/Oct/2025:03:12:37 +0300] "GET /327305562 HTTP/2.0" 404 55504 "-" "meta-externalagent/1.1 (+https://developers.facebook.com/docs/sharing/webmasters/crawler)"
172.192.8.200 - - [12/Oct/2025:03:12:38 +0300] "GET /nfmr.php HTTP/1.1" 404 56012 "-" "-"
172.192.8.200 - - [12/Oct/2025:03:12:39 +0300] "GET /file4.php HTTP/1.1" 301 431 "-" "-"
172.192.8.200 - - [12/Oct/2025:03:12:39 +0300] "GET /file4.php HTTP/1.1" 404 56012 "-" "-"
172.192.8.200 - - [12/Oct/2025:03:12:40 +0300] "GET /filesss.php HTTP/1.1" 301 435 "-" "-"
172.192.8.200 - - [12/Oct/2025:03:12:40 +0300] "GET /filesss.php HTTP/1.1" 404 56012 "-" "-"
172.192.8.200 - - [12/Oct/2025:03:12:41 +0300] "GET /.well-known/acme-challenge/about.php HTTP/1.1" 301 485 "-" "-"
172.192.8.200 - - [12/Oct/2025:03:12:42 +0300] "GET /.well-known/acme-challenge/about.php HTTP/1.1" 404 56012 "-" "-"
172.192.8.200 - - [12/Oct/2025:03:12:43 +0300] "GET /gelay.php HTTP/1.1" 301 431 "-" "-"
172.192.8.200 - - [12/Oct/2025:03:12:43 +0300] "GET /gelay.php HTTP/1.1" 404 56012 "-" "-"
172.192.8.200 - - [12/Oct/2025:03:12:44 +0300] "GET /cccc.php HTTP/1.1" 301 429 "-" "-"
172.192.8.200 - - [12/Oct/2025:03:12:45 +0300] "GET /cccc.php HTTP/1.1" 404 56012 "-" "-"
172.192.8.200 - - [12/Oct/2025:03:12:46 +0300] "GET /fffff.php HTTP/1.1" 301 431 "-" "-"
198.244.242.56 - - [12/Oct/2025:03:12:46 +0300] "GET /254266256 HTTP/2.0" 404 55501 "-" "Mozilla/5.0 (compatible; AhrefsBot/7.0; +http://ahrefs.com/robot/)"
172.192.8.200 - - [12/Oct/2025:03:12:46 +0300] "GET /fffff.php HTTP/1.1" 404 56012 "-" "-"
172.192.8.200 - - [12/Oct/2025:03:12:47 +0300] "GET /vanta.php HTTP/1.1" 301 431 "-" "-"
172.192.8.200 - - [12/Oct/2025:03:12:47 +0300] "GET /vanta.php HTTP/1.1" 404 56012 "-" "-"
172.192.8.200 - - [12/Oct/2025:03:12:49 +0300] "GET /cfile.php HTTP/1.1" 301 431 "-" "-"
94.154.239.69 - - [12/Oct/2025:03:12:50 +0300] "GET /robots.txt HTTP/1.1" 200 3668 "-" "Mozilla/5.0 (compatible; MJ12bot/v1.4.8; http://mj12bot.com/)"
172.192.8.200 - - [12/Oct/2025:03:12:49 +0300] "GET /cfile.php HTTP/1.1" 404 56012 "-" "-"
172.192.8.200 - - [12/Oct/2025:03:12:50 +0300] "GET /pn.php HTTP/1.1" 301 425 "-" "-"
172.192.8.200 - - [12/Oct/2025:03:12:51 +0300] "GET /pn.php HTTP/1.1" 404 56012 "-" "-"
172.192.8.200 - - [12/Oct/2025:03:12:52 +0300] "GET /file2.php HTTP/1.1" 301 431 "-" "-"
172.192.8.200 - - [12/Oct/2025:03:12:52 +0300] "GET /file2.php HTTP/1.1" 404 56012 "-" "-"
172.192.8.200 - - [12/Oct/2025:03:12:53 +0300] "GET /blex.php HTTP/1.1" 301 429 "-" "-"
94.154.239.69 - - [12/Oct/2025:03:12:51 +0300] "GET /%D0%BB%D1%83%D1%87%D1%88%D0%B8%D0%B5-%D1%81%D0%B0%D0%B9%D1%82%D1%8B-%D1%81-%D0%BA%D0%B5%D0%B9%D1%81%D0%B0%D0%BC%D0%B8-cs2/ HTTP/1.1" 200 69860 "-" "Mozilla/5.0 (compatible; MJ12bot/v1.4.8; http://mj12bot.com/)"
172.192.8.200 - - [12/Oct/2025:03:12:53 +0300] "GET /blex.php HTTP/1.1" 404 56012 "-" "-"
172.192.8.200 - - [12/Oct/2025:03:12:54 +0300] "GET /aves.php HTTP/1.1" 301 429 "-" "-"
172.192.8.200 - - [12/Oct/2025:03:12:55 +0300] "GET /aves.php HTTP/1.1" 404 56012 "-" "-"
172.192.8.200 - - [12/Oct/2025:03:12:56 +0300] "GET /fass.php HTTP/1.1" 301 429 "-" "-"
191.102.182.47 - - [12/Oct/2025:03:12:55 +0300] "GET /vilka-slotmaskiner-erbjuder-bonus-utan-insattning/ HTTP/1.1" 200 68127 "https://nuofama.com/" "Mozilla/5.0 (Windows NT 10.0; Win64; x64) AppleWebKit/537.36 (KHTML, like Gecko) Chrome/114.0.0.0 YaBrowser/22.7.0 Yowser/2.5 Safari/537.36"
94.154.239.69 - - [12/Oct/2025:03:12:54 +0300] "GET /better-casinos-on-the-internet-australian-continent-best-aussie-betting-websites-2025/feed/ HTTP/1.1" 200 1575 "-" "Mozilla/5.0 (compatible; MJ12bot/v1.4.8; http://mj12bot.com/)"
172.192.8.200 - - [12/Oct/2025:03:12:56 +0300] "GET /fass.php HTTP/1.1" 404 56012 "-" "-"
172.192.8.200 - - [12/Oct/2025:03:12:57 +0300] "GET /lock360.php HTTP/1.1" 301 435 "-" "-"
172.192.8.200 - - [12/Oct/2025:03:12:58 +0300] "GET /lock360.php HTTP/1.1" 404 56012 "-" "-"
172.192.8.200 - - [12/Oct/2025:03:12:59 +0300] "GET /huangs.php HTTP/1.1" 301 433 "-" "-"
172.192.8.200 - - [12/Oct/2025:03:12:59 +0300] "GET /huangs.php HTTP/1.1" 404 56012 "-" "-"
94.154.239.69 - - [12/Oct/2025:03:12:58 +0300] "GET /better-gambling-enterprise-bonus-on-the-philippines-to-have-2025-finest-advertisements-now-offers/feed/ HTTP/1.1" 200 1617 "-" "Mozilla/5.0 (compatible; MJ12bot/v1.4.8; http://mj12bot.com/)"
172.192.8.200 - - [12/Oct/2025:03:13:00 +0300] "GET /f6.php HTTP/1.1" 301 425 "-" "-"
172.192.8.200 - - [12/Oct/2025:03:13:00 +0300] "GET /f6.php HTTP/1.1" 404 56012 "-" "-"
191.102.182.47 - - [12/Oct/2025:03:13:01 +0300] "GET /wp-login.php?action=register HTTP/1.1" 302 3920 "https://nuofama.com/vilka-slotmaskiner-erbjuder-bonus-utan-insattning/" "Mozilla/5.0 (Windows NT 6.3; Win64; x64) AppleWebKit/537.36 (KHTML, like Gecko) Chrome/103.0.0.0 Safari/537.36"
172.192.8.200 - - [12/Oct/2025:03:13:01 +0300] "GET /w.php HTTP/1.1" 301 423 "-" "-"
172.192.8.200 - - [12/Oct/2025:03:13:02 +0300] "GET /w.php HTTP/1.1" 404 56012 "-" "-"
94.154.239.69 - - [12/Oct/2025:03:13:01 +0300] "GET /better-gambling-establishment-internet-sites-summer-2025-top-10-uk-online-casinos/feed/ HTTP/1.1" 200 1562 "-" "Mozilla/5.0 (compatible; MJ12bot/v1.4.8; http://mj12bot.com/)"
172.192.8.200 - - [12/Oct/2025:03:13:03 +0300] "GET /wh.php HTTP/1.1" 301 425 "-" "-"
172.192.8.200 - - [12/Oct/2025:03:13:03 +0300] "GET /wh.php HTTP/1.1" 404 56012 "-" "-"
51.195.183.151 - - [12/Oct/2025:03:13:03 +0300] "GET /254027796 HTTP/2.0" 404 55501 "-" "Mozilla/5.0 (compatible; AhrefsBot/7.0; +http://ahrefs.com/robot/)"
191.102.182.47 - - [12/Oct/2025:03:13:04 +0300] "GET /wp-login.php?registration=disabled HTTP/1.1" 200 14637 "https://nuofama.com/wp-login.php?action=register" "Mozilla/5.0 (Windows NT 6.3; Win64; x64) AppleWebKit/537.36 (KHTML, like Gecko) Chrome/103.0.0.0 Safari/537.36"
172.192.8.200 - - [12/Oct/2025:03:13:04 +0300] "GET /gof.php HTTP/1.1" 301 427 "-" "-"
172.192.8.200 - - [12/Oct/2025:03:13:04 +0300] "GET /gof.php HTTP/1.1" 404 56012 "-" "-"
94.154.239.69 - - [12/Oct/2025:03:13:04 +0300] "GET /download-1xbet-ios-app-vietnam-1xbet-iphone-apple-ipad-mobile/ HTTP/1.1" 200 63797 "-" "Mozilla/5.0 (compatible; MJ12bot/v1.4.8; http://mj12bot.com/)"
172.192.8.200 - - [12/Oct/2025:03:13:06 +0300] "GET /hk.php HTTP/1.1" 301 425 "-" "-"
172.192.8.200 - - [12/Oct/2025:03:13:06 +0300] "GET /hk.php HTTP/1.1" 404 56012 "-" "-"
172.192.8.200 - - [12/Oct/2025:03:13:07 +0300] "GET /1.php HTTP/1.1" 301 423 "-" "-"
172.192.8.200 - - [12/Oct/2025:03:13:07 +0300] "GET /1.php HTTP/1.1" 404 56012 "-" "-"
94.154.239.69 - - [12/Oct/2025:03:13:07 +0300] "GET /finest-real-money-online-casinos-casinos-one-pay-a-real-income-in-the-you/feed/ HTTP/1.1" 200 1538 "-" "Mozilla/5.0 (compatible; MJ12bot/v1.4.8; http://mj12bot.com/)"
172.192.8.200 - - [12/Oct/2025:03:13:08 +0300] "GET /520.php HTTP/1.1" 301 427 "-" "-"
172.192.8.200 - - [12/Oct/2025:03:13:09 +0300] "GET /520.php HTTP/1.1" 404 56012 "-" "-"
51.195.215.193 - - [12/Oct/2025:03:13:09 +0300] "GET /252494700 HTTP/2.0" 404 55501 "-" "Mozilla/5.0 (compatible; AhrefsBot/7.0; +http://ahrefs.com/robot/)"
172.192.8.200 - - [12/Oct/2025:03:13:10 +0300] "GET /file7.php HTTP/1.1" 301 431 "-" "-"
172.192.8.200 - - [12/Oct/2025:03:13:10 +0300] "GET /file7.php HTTP/1.1" 404 56012 "-" "-"
172.192.8.200 - - [12/Oct/2025:03:13:11 +0300] "GET /gm.php HTTP/1.1" 301 425 "-" "-"
94.154.239.69 - - [12/Oct/2025:03:13:10 +0300] "GET /finest-web-based-casinos-in-the-asia-2025-top-10-web-sites/feed/ HTTP/1.1" 200 1493 "-" "Mozilla/5.0 (compatible; MJ12bot/v1.4.8; http://mj12bot.com/)"
172.192.8.200 - - [12/Oct/2025:03:13:11 +0300] "GET /gm.php HTTP/1.1" 404 56012 "-" "-"
172.192.8.200 - - [12/Oct/2025:03:13:13 +0300] "GET /tox.php HTTP/1.1" 301 427 "-" "-"
94.154.239.69 - - [12/Oct/2025:03:13:13 +0300] "GET /free-slots-online-play-10000-slots-for-free/ HTTP/1.1" 200 63827 "-" "Mozilla/5.0 (compatible; MJ12bot/v1.4.8; http://mj12bot.com/)"
172.192.8.200 - - [12/Oct/2025:03:13:13 +0300] "GET /tox.php HTTP/1.1" 404 56012 "-" "-"
172.192.8.200 - - [12/Oct/2025:03:13:14 +0300] "GET /ton.php HTTP/1.1" 301 427 "-" "-"
172.192.8.200 - - [12/Oct/2025:03:13:14 +0300] "GET /ton.php HTTP/1.1" 404 56012 "-" "-"
172.192.8.200 - - [12/Oct/2025:03:13:15 +0300] "GET /mlex.php HTTP/1.1" 301 429 "-" "-"
94.154.239.69 - - [12/Oct/2025:03:13:15 +0300] "GET /funkcie-komentarov-k-online-kasinu-hard-rock-choice-hry-a-ovela-viac/ HTTP/1.1" 200 66234 "-" "Mozilla/5.0 (compatible; MJ12bot/v1.4.8; http://mj12bot.com/)"
172.192.8.200 - - [12/Oct/2025:03:13:15 +0300] "GET /mlex.php HTTP/1.1" 404 56012 "-" "-"
172.192.8.200 - - [12/Oct/2025:03:13:17 +0300] "GET /keu.php HTTP/1.1" 301 427 "-" "-"
172.192.8.200 - - [12/Oct/2025:03:13:17 +0300] "GET /keu.php HTTP/1.1" 404 56012 "-" "-"
172.192.8.200 - - [12/Oct/2025:03:13:18 +0300] "GET /inde.php HTTP/1.1" 301 429 "-" "-"
94.154.239.69 - - [12/Oct/2025:03:13:17 +0300] "GET /gamble-aviator-on-the-internet-for-real-money-on-the-state-website/feed/ HTTP/1.1" 200 1518 "-" "Mozilla/5.0 (compatible; MJ12bot/v1.4.8; http://mj12bot.com/)"
172.192.8.200 - - [12/Oct/2025:03:13:18 +0300] "GET /inde.php HTTP/1.1" 404 56012 "-" "-"
172.192.8.200 - - [12/Oct/2025:03:13:19 +0300] "GET /fileas.php HTTP/1.1" 301 433 "-" "-"
172.192.8.200 - - [12/Oct/2025:03:13:20 +0300] "GET /fileas.php HTTP/1.1" 404 56012 "-" "-"
172.192.8.200 - - [12/Oct/2025:03:13:21 +0300] "GET /a1.php HTTP/1.1" 301 425 "-" "-"
94.154.239.69 - - [12/Oct/2025:03:13:20 +0300] "GET /possibilities-definition/ HTTP/1.1" 200 63699 "-" "Mozilla/5.0 (compatible; MJ12bot/v1.4.8; http://mj12bot.com/)"
172.192.8.200 - - [12/Oct/2025:03:13:21 +0300] "GET /a1.php HTTP/1.1" 404 56012 "-" "-"
172.192.8.200 - - [12/Oct/2025:03:13:22 +0300] "GET /x.php HTTP/1.1" 301 423 "-" "-"
172.192.8.200 - - [12/Oct/2025:03:13:22 +0300] "GET /x.php HTTP/1.1" 404 56012 "-" "-"
172.192.8.200 - - [12/Oct/2025:03:13:23 +0300] "GET /ssss.php HTTP/1.1" 301 429 "-" "-"
94.154.239.69 - - [12/Oct/2025:03:13:23 +0300] "GET /profesionalni-pruvodce-svepomoci-pro-nejlepsi-online-kasina-v-roce-2025/feed/ HTTP/1.1" 200 1539 "-" "Mozilla/5.0 (compatible; MJ12bot/v1.4.8; http://mj12bot.com/)"
172.192.8.200 - - [12/Oct/2025:03:13:24 +0300] "GET /ssss.php HTTP/1.1" 404 56012 "-" "-"
172.192.8.200 - - [12/Oct/2025:03:13:25 +0300] "GET /NewFile.php HTTP/1.1" 301 435 "-" "-"
54.38.147.249 - - [12/Oct/2025:03:13:25 +0300] "GET /252266351 HTTP/2.0" 404 55501 "-" "Mozilla/5.0 (compatible; AhrefsBot/7.0; +http://ahrefs.com/robot/)"
172.192.8.200 - - [12/Oct/2025:03:13:25 +0300] "GET /NewFile.php HTTP/1.1" 404 56012 "-" "-"
172.192.8.200 - - [12/Oct/2025:03:13:26 +0300] "GET /makeasmtp.php HTTP/1.1" 301 439 "-" "-"
